000
CDUS43 KLMK 122129 RRD
CLIBWG

CLIMATE REPORT
NATIONAL WEATHER SERVICE LOUISVILLE KY
428 PM EST FRI FEB 12 2016


...................................

...THE BOWLING GREEN CLIMATE SUMMARY FOR FEBRUARY 12 2016...
VALID TODAY AS OF 0400 PM LOCAL TIME.

CLIMATE NORMAL PERIOD 1981 TO 2010
CLIMATE RECORD PERIOD 1870 TO 2016


WEATHER ITEM   OBSERVED TIME   RECORD YEAR NORMAL DEPARTURE LAST
                VALUE   (LST)  VALUE       VALUE  FROM      YEAR
                                                  NORMAL
..................................................................
TEMPERATURE (F)
 TODAY
  MAXIMUM         36    200 PM  76    1938  49    -13       35
  MINIMUM         27   1010 AM  -9    1899  29     -2       20
  AVERAGE         32                        39     -7       28

PRECIPITATION (IN)
  TODAY            0.06          1.20 1910   0.14  -0.08      T
  MONTH TO DATE    1.89                      1.74   0.15     1.00
  SINCE DEC 1      8.93                     10.15  -1.22     4.57
  SINCE JAN 1      3.70                      5.35  -1.65     2.88

SNOWFALL (IN)
  TODAY            1.4          13.0  1910   0.2    1.2       T
  MONTH TO DATE    3.4                       1.8    1.6       T
  SINCE DEC 1     18.2                       6.3   11.9      3.4
  SINCE JUL 1     18.2                       6.3   11.9      3.7
  SNOW DEPTH       1

DEGREE DAYS
 HEATING
  TODAY           33                        26      7       37
  MONTH TO DATE  328                       325      3      323
  SINCE DEC 1   1713                      2054   -341     1971
  SINCE JUL 1   2251                      2817   -566     2868

 COOLING
  TODAY            0                         0      0        0
  MONTH TO DATE    0                         0      0        0
  SINCE DEC 1      2                         1      1        0
  SINCE JAN 1      0                         0      0        0
..................................................................


WIND (MPH)
  HIGHEST WIND SPEED    12   HIGHEST WIND DIRECTION     W (290)
  HIGHEST GUST SPEED    17   HIGHEST GUST DIRECTION     W (290)
  AVERAGE WIND SPEED     3.8


SKY COVER
  POSSIBLE SUNSHINE  MM
  AVERAGE SKY COVER 1.0


WEATHER CONDITIONS
 THE FOLLOWING WEATHER WAS RECORDED TODAY.
  SNOW
  LIGHT SNOW
  FOG


RELATIVE HUMIDITY (PERCENT)
 HIGHEST    92           600 AM
 LOWEST     54           300 AM
 AVERAGE    73

..........................................................


THE BOWLING GREEN CLIMATE NORMALS FOR TOMORROW
                         NORMAL    RECORD    YEAR
 MAXIMUM TEMPERATURE (F)   49        82      1962
 MINIMUM TEMPERATURE (F)   29       -17      1899


SUNRISE AND SUNSET
FEBRUARY 12 2016......SUNRISE   638 AM CST   SUNSET   522 PM CST
FEBRUARY 13 2016......SUNRISE   637 AM CST   SUNSET   523 PM CST


-  INDICATES NEGATIVE NUMBERS.
R  INDICATES RECORD WAS SET OR TIED.
MM INDICATES DATA IS MISSING.
T  INDICATES TRACE AMOUNT.




$$
