000
CDUS43 KLMK 032035
CLIBWG


CLIMATE REPORT
NATIONAL WEATHER SERVICE LOUISVILLE KY
435 PM EDT THU SEP 3 2015


...................................

...THE BOWLING GREEN CLIMATE SUMMARY FOR SEPTEMBER 3 2015...
VALID TODAY AS OF 0400 PM LOCAL TIME.

CLIMATE NORMAL PERIOD 1981 TO 2010
CLIMATE RECORD PERIOD 1870 TO 2015


WEATHER ITEM   OBSERVED TIME   RECORD YEAR NORMAL DEPARTURE LAST
                VALUE   (LST)  VALUE       VALUE  FROM      YEAR
                                                  NORMAL
..................................................................
TEMPERATURE (F)
 TODAY
  MAXIMUM         94    116 PM 102    1925  86      8       86
                                      1913
  MINIMUM         66    526 AM  46    1893  63      3       69
  AVERAGE         80                        75      5       78

PRECIPITATION (IN)
  TODAY            0.00          1.86 1988   0.12  -0.12     0.00
  MONTH TO DATE    0.00                      0.37  -0.37     0.11
  SINCE SEP 1      0.00                      0.37  -0.37     0.11
  SINCE JAN 1     35.01                     33.93   1.08    36.27

SNOWFALL (IN)
  TODAY            0.0           0.0    MM   0.0    0.0      0.0
  MONTH TO DATE    0.0                       0.0    0.0      0.0
  SINCE SEP 1      0.0                       0.0    0.0      0.0
  SINCE JUL 1      0.0                       0.0    0.0      0.0
  SNOW DEPTH       0

DEGREE DAYS
 HEATING
  TODAY            0                         0      0        0
  MONTH TO DATE    0                         0      0        0
  SINCE SEP 1      0                         0      0        0
  SINCE JUL 1      0                         1     -1        0

 COOLING
  TODAY           15                        10      5       13
  MONTH TO DATE   44                        30     14       44
  SINCE SEP 1     44                        30     14       44
  SINCE JAN 1   1427                      1299    128     1321
..................................................................


WIND (MPH)
  HIGHEST WIND SPEED     9   HIGHEST WIND DIRECTION     N (20)
  HIGHEST GUST SPEED    12   HIGHEST GUST DIRECTION     N (20)
  AVERAGE WIND SPEED     1.5


SKY COVER
  POSSIBLE SUNSHINE   0 PERCENT
  AVERAGE SKY COVER 0.0


WEATHER CONDITIONS
 THE FOLLOWING WEATHER WAS RECORDED TODAY.
  NO SIGNIFICANT WEATHER WAS OBSERVED.


RELATIVE HUMIDITY (PERCENT)
 HIGHEST    MM
 LOWEST     MM
 AVERAGE    MM

..........................................................


THE BOWLING GREEN CLIMATE NORMALS FOR TOMORROW
                         NORMAL    RECORD    YEAR
 MAXIMUM TEMPERATURE (F)   86       103      1954
                                             1925
 MINIMUM TEMPERATURE (F)   63        47      1893


SUNRISE AND SUNSET
SEPTEMBER  3 2015.....SUNRISE   618 AM CDT   SUNSET   712 PM CDT
SEPTEMBER  4 2015.....SUNRISE   619 AM CDT   SUNSET   710 PM CDT


-  INDICATES NEGATIVE NUMBERS.
R  INDICATES RECORD WAS SET OR TIED.
MM INDICATES DATA IS MISSING.
T  INDICATES TRACE AMOUNT.




$$
