000
CDUS43 KLMK 250629
CLIBWG


CLIMATE REPORT
NATIONAL WEATHER SERVICE LOUISVILLE KY
228 AM EDT THU MAY 25 2017


...................................

...THE BOWLING GREEN KY CLIMATE SUMMARY FOR MAY 24 2017...

CLIMATE NORMAL PERIOD 1981 TO 2010
CLIMATE RECORD PERIOD 1870 TO 2017


WEATHER ITEM   OBSERVED TIME   RECORD YEAR NORMAL DEPARTURE LAST
                VALUE   (LST)  VALUE       VALUE  FROM      YEAR
                                                  NORMAL
..................................................................
TEMPERATURE (F)
 YESTERDAY
  MAXIMUM         67   1259 AM  96    1912  80    -13       85
  MINIMUM         56    857 PM  39    1931  57     -1       50
                                      1893
  AVERAGE         62                        69     -7       68

PRECIPITATION (IN)
  YESTERDAY        0.71          1.92 2000   0.17   0.54     0.00
  MONTH TO DATE    5.11                      4.39   0.72     4.43
  SINCE MAR 1     13.48                     13.14   0.34     9.78
  SINCE JAN 1     20.06                     20.71  -0.65    16.36

SNOWFALL (IN)
  YESTERDAY        0.0           0.0    MM   0.0    0.0      0.0
  MONTH TO DATE    0.0                       0.0    0.0      0.0
  SINCE MAR 1      T                         1.3   -1.3       T
  SINCE JUL 1      0.7                       9.1   -8.4     24.0
  SNOW DEPTH       0

DEGREE DAYS
 HEATING
  YESTERDAY        3                         1      2        0
  MONTH TO DATE   60                        67     -7       93
  SINCE MAR 1    608                       838   -230      630
  SINCE JUL 1   2989                      4036  -1047     3230

 COOLING
  YESTERDAY        0                         5     -5        3
  MONTH TO DATE  104                        77     27       53
  SINCE MAR 1    194                       113     81       97
  SINCE JAN 1    198                       113     85       97
..................................................................


WIND (MPH)
  HIGHEST WIND SPEED    22   HIGHEST WIND DIRECTION     W (280)
  HIGHEST GUST SPEED    30   HIGHEST GUST DIRECTION     W (280)
  AVERAGE WIND SPEED     6.7


SKY COVER
  POSSIBLE SUNSHINE  MM
  AVERAGE SKY COVER 1.0


WEATHER CONDITIONS
 THE FOLLOWING WEATHER WAS RECORDED YESTERDAY.
  HEAVY RAIN
  RAIN
  LIGHT RAIN
  FOG


RELATIVE HUMIDITY (PERCENT)
 HIGHEST   100           800 AM
 LOWEST     68           100 AM
 AVERAGE    84

..........................................................


THE BOWLING GREEN KY CLIMATE NORMALS FOR TODAY
                         NORMAL    RECORD    YEAR
 MAXIMUM TEMPERATURE (F)   80        99      1926
 MINIMUM TEMPERATURE (F)   58        38      1925


SUNRISE AND SUNSET
MAY 25 2017...........SUNRISE   531 AM CDT   SUNSET   755 PM CDT
MAY 26 2017...........SUNRISE   530 AM CDT   SUNSET   756 PM CDT


-  INDICATES NEGATIVE NUMBERS.
R  INDICATES RECORD WAS SET OR TIED.
MM INDICATES DATA IS MISSING.
T  INDICATES TRACE AMOUNT.

$$

SCHOETTMER
