000
CDUS43 KLMK 012031
CLIBWG


CLIMATE REPORT
NATIONAL WEATHER SERVICE LOUISVILLE KY
430 PM EDT MON JUN 1 2015


...................................

...THE BOWLING GREEN CLIMATE SUMMARY FOR JUNE 1 2015...
VALID TODAY AS OF 0400 PM LOCAL TIME.

CLIMATE NORMAL PERIOD 1981 TO 2010
CLIMATE RECORD PERIOD 1870 TO 2015


WEATHER ITEM   OBSERVED TIME   RECORD YEAR NORMAL DEPARTURE LAST
                VALUE   (LST)  VALUE       VALUE  FROM      YEAR
                                                  NORMAL
..................................................................
TEMPERATURE (F)
 TODAY
  MAXIMUM         69    101 PM  98    1951  82    -13       86
  MINIMUM         62    417 AM  40    1966  60      2       65
  AVERAGE         66                        71     -5       76

PRECIPITATION (IN)
  TODAY            0.12          2.14 1896   0.17  -0.05     0.01
  MONTH TO DATE    0.12                      0.17  -0.05     0.01
  SINCE JUN 1      0.12                      0.17  -0.05     0.01
  SINCE JAN 1     24.31                     22.10   2.21    20.59

SNOWFALL (IN)
  TODAY            0.0           0.0    MM   0.0    0.0      0.0
  MONTH TO DATE    0.0                       0.0    0.0      0.0
  SINCE JUN 1      0.0                       0.0    0.0      0.0
  SINCE JUL 1     23.5                       9.1   14.4     10.4
  SNOW DEPTH       0

DEGREE DAYS
 HEATING
  TODAY            0                         1     -1        0
  MONTH TO DATE    0                         1     -1        0
  SINCE JUN 1      0                         1     -1        0
  SINCE JUL 1   4285                      4044    241     4533

 COOLING
  TODAY            1                         7     -6       11
  MONTH TO DATE    1                         7     -6       11
  SINCE JUN 1      1                         7     -6       11
  SINCE JAN 1    204                       160     44      208
..................................................................


WIND (MPH)
  HIGHEST WIND SPEED    13   HIGHEST WIND DIRECTION    NE (50)
  HIGHEST GUST SPEED    16   HIGHEST GUST DIRECTION    NE (60)
  AVERAGE WIND SPEED     5.6


SKY COVER
  POSSIBLE SUNSHINE  MM
  AVERAGE SKY COVER 1.0


WEATHER CONDITIONS
 THE FOLLOWING WEATHER WAS RECORDED TODAY.
  LIGHT RAIN
  FOG


RELATIVE HUMIDITY (PERCENT)
 HIGHEST    93           500 AM
 LOWEST     76           100 PM
 AVERAGE    85

..........................................................


THE BOWLING GREEN CLIMATE NORMALS FOR TOMORROW
                         NORMAL    RECORD    YEAR
 MAXIMUM TEMPERATURE (F)   83        99      1921
 MINIMUM TEMPERATURE (F)   60        43      1889


SUNRISE AND SUNSET
JUNE  1 2015..........SUNRISE   528 AM CDT   SUNSET   800 PM CDT
JUNE  2 2015..........SUNRISE   527 AM CDT   SUNSET   800 PM CDT


-  INDICATES NEGATIVE NUMBERS.
R  INDICATES RECORD WAS SET OR TIED.
MM INDICATES DATA IS MISSING.
T  INDICATES TRACE AMOUNT.




$$
