000
CDUS43 KLMK 222035
CLIBWG


CLIMATE REPORT
NATIONAL WEATHER SERVICE LOUISVILLE KY
435 PM EDT SUN MAY 22 2016


...................................

...THE BOWLING GREEN CLIMATE SUMMARY FOR MAY 22 2016...
VALID TODAY AS OF 0400 PM LOCAL TIME.

CLIMATE NORMAL PERIOD 1981 TO 2010
CLIMATE RECORD PERIOD 1870 TO 2016


WEATHER ITEM   OBSERVED TIME   RECORD YEAR NORMAL DEPARTURE LAST
                VALUE   (LST)  VALUE       VALUE  FROM      YEAR
                                                  NORMAL
..................................................................
TEMPERATURE (F)
 TODAY
  MAXIMUM         80    200 PM  96    1925  79      1       75
  MINIMUM         48    611 AM  35    2002  57     -9       42
  AVERAGE         64                        68     -4       59

PRECIPITATION (IN)
  TODAY            0.00          2.10 1915   0.16  -0.16     0.00
  MONTH TO DATE    4.43                      4.04   0.39     2.20
  SINCE MAR 1      9.78                     12.79  -3.01    17.55
  SINCE JAN 1     16.36                     20.36  -4.00    23.43

SNOWFALL (IN)
  TODAY            0.0           0.0    MM   0.0    0.0      0.0
  MONTH TO DATE    0.0                       0.0    0.0      0.0
  SINCE MAR 1      T                         1.3   -1.3      7.2
  SINCE JUL 1     24.0                       9.1   14.9     23.5
  SNOW DEPTH       0

DEGREE DAYS
 HEATING
  TODAY            1                         2     -1        6
  MONTH TO DATE   93                        65     28       38
  SINCE MAR 1    630                       836   -206      750
  SINCE JUL 1   3230                      4034   -804     4285

 COOLING
  TODAY            0                         5     -5        0
  MONTH TO DATE   48                        67    -19       99
  SINCE MAR 1     92                       103    -11      134
  SINCE JAN 1     92                       103    -11      134
..................................................................


WIND (MPH)
  HIGHEST WIND SPEED     9   HIGHEST WIND DIRECTION    NW (330)
  HIGHEST GUST SPEED    14   HIGHEST GUST DIRECTION     N (340)
  AVERAGE WIND SPEED     2.3


SKY COVER
  POSSIBLE SUNSHINE  MM
  AVERAGE SKY COVER 0.5


WEATHER CONDITIONS
 THE FOLLOWING WEATHER WAS RECORDED TODAY.
  FOG
  FOG W/VISIBILITY <= 1/4 MILE


RELATIVE HUMIDITY (PERCENT)
 HIGHEST   100          1200 AM
 LOWEST     33           200 PM
 AVERAGE    67

..........................................................


THE BOWLING GREEN CLIMATE NORMALS FOR TOMORROW
                         NORMAL    RECORD    YEAR
 MAXIMUM TEMPERATURE (F)   80        96      1921
 MINIMUM TEMPERATURE (F)   57        38      1889


SUNRISE AND SUNSET
MAY 22 2016...........SUNRISE   532 AM CDT   SUNSET   753 PM CDT
MAY 23 2016...........SUNRISE   532 AM CDT   SUNSET   754 PM CDT


-  INDICATES NEGATIVE NUMBERS.
R  INDICATES RECORD WAS SET OR TIED.
MM INDICATES DATA IS MISSING.
T  INDICATES TRACE AMOUNT.




$$
