000
CDUS43 KLMK 230627
CLIBWG


CLIMATE REPORT
NATIONAL WEATHER SERVICE LOUISVILLE KY
227 AM EDT SUN APR 23 2017


...................................

...THE BOWLING GREEN KY CLIMATE SUMMARY FOR APRIL 22 2017...

CLIMATE NORMAL PERIOD 1981 TO 2010
CLIMATE RECORD PERIOD 1870 TO 2017


WEATHER ITEM   OBSERVED TIME   RECORD YEAR NORMAL DEPARTURE LAST
                VALUE   (LST)  VALUE       VALUE  FROM      YEAR
                                                  NORMAL
..................................................................
TEMPERATURE (F)
 YESTERDAY
  MAXIMUM         57    939 AM  89    1873  72    -15       72
  MINIMUM         52   1159 PM  31    1927  48      4       56
  AVERAGE         55                        60     -5       64

PRECIPITATION (IN)
  YESTERDAY        0.86          1.63 1931   0.15   0.71     0.04
  MONTH TO DATE    3.46                      3.06   0.40     0.83
  SINCE MAR 1      7.25                      7.47  -0.22     4.65
  SINCE JAN 1     13.83                     15.04  -1.21    11.23

SNOWFALL (IN)
  YESTERDAY        0.0           0.6  1896   0.0    0.0      0.0
  MONTH TO DATE    0.0                       0.2   -0.2      0.0
  SINCE MAR 1      T                         1.3   -1.3       T
  SINCE JUL 1      0.7                       9.1   -8.4     24.0
  SNOW DEPTH       0

DEGREE DAYS
 HEATING
  YESTERDAY       10                         7      3        1
  MONTH TO DATE   90                       207   -117      182
  SINCE MAR 1    529                       727   -198      531
  SINCE JUL 1   2910                      3925  -1015     3131

 COOLING
  YESTERDAY        0                         1     -1        0
  MONTH TO DATE   55                        21     34       13
  SINCE MAR 1     61                        26     35       14
  SINCE JAN 1     65                        26     39       14
..................................................................


WIND (MPH)
  HIGHEST WIND SPEED    23   HIGHEST WIND DIRECTION    NE (60)
  HIGHEST GUST SPEED    29   HIGHEST GUST DIRECTION    NE (40)
  AVERAGE WIND SPEED    11.8


SKY COVER
  POSSIBLE SUNSHINE  MM
  AVERAGE SKY COVER 1.0


WEATHER CONDITIONS
 THE FOLLOWING WEATHER WAS RECORDED YESTERDAY.
  HEAVY RAIN
  RAIN
  LIGHT RAIN
  FOG


RELATIVE HUMIDITY (PERCENT)
 HIGHEST   100           500 AM
 LOWEST     83           800 PM
 AVERAGE    92

..........................................................


THE BOWLING GREEN KY CLIMATE NORMALS FOR TODAY
                         NORMAL    RECORD    YEAR
 MAXIMUM TEMPERATURE (F)   72        95      1925
 MINIMUM TEMPERATURE (F)   48        29      1986


SUNRISE AND SUNSET
APRIL 23 2017.........SUNRISE   601 AM CDT   SUNSET   728 PM CDT
APRIL 24 2017.........SUNRISE   559 AM CDT   SUNSET   729 PM CDT


-  INDICATES NEGATIVE NUMBERS.
R  INDICATES RECORD WAS SET OR TIED.
MM INDICATES DATA IS MISSING.
T  INDICATES TRACE AMOUNT.




$$
