000
CDUS43 KLMK 020629
CLIBWG


CLIMATE REPORT
NATIONAL WEATHER SERVICE LOUISVILLE KY
129 AM EST MON MAR 2 2015


...................................

...THE BOWLING GREEN KY CLIMATE SUMMARY FOR MARCH 1 2015...

CLIMATE NORMAL PERIOD 1981 TO 2010
CLIMATE RECORD PERIOD 1870 TO 2015


WEATHER ITEM   OBSERVED TIME   RECORD YEAR NORMAL DEPARTURE LAST
                VALUE   (LST)  VALUE       VALUE  FROM      YEAR
                                                  NORMAL
..................................................................
TEMPERATURE (F)
 YESTERDAY
  MAXIMUM         49    430 PM  76    2006  54     -5       58
                                      1976
  MINIMUM         35   1159 PM  11    1920  33      2       41
  AVERAGE         42                        44     -2       50

PRECIPITATION (IN)
  YESTERDAY        0.22          5.08 1997   0.14   0.08     0.00
  MONTH TO DATE    0.22                      0.14   0.08     0.00
  SINCE MAR 1      0.22                      0.14   0.08     0.00
  SINCE JAN 1      6.10                      7.71  -1.61     7.17

SNOWFALL (IN)
  YESTERDAY        0.0           5.0  1980   0.0    0.0      0.0
  MONTH TO DATE    0.0                       0.0    0.0      0.0
  SINCE MAR 1      0.0                       0.0    0.0      0.0
  SINCE JUL 1     16.3                       7.8    8.5      5.3
  SNOW DEPTH       T

DEGREE DAYS
 HEATING
  YESTERDAY       23                        21      2       15
  MONTH TO DATE   23                        21      2       15
  SINCE MAR 1     23                        21      2       15
  SINCE JUL 1   3558                      3219    339     3624

 COOLING
  YESTERDAY        0                         0      0        0
  MONTH TO DATE    0                         0      0        0
  SINCE MAR 1      0                         0      0        0
  SINCE JAN 1      0                         0      0        0
..................................................................


WIND (MPH)
  HIGHEST WIND SPEED    12   HIGHEST WIND DIRECTION    SW (210)
  HIGHEST GUST SPEED    15   HIGHEST GUST DIRECTION     S (200)
  AVERAGE WIND SPEED     3.9


SKY COVER
  POSSIBLE SUNSHINE  MM
  AVERAGE SKY COVER 1.0


WEATHER CONDITIONS
 THE FOLLOWING WEATHER WAS RECORDED YESTERDAY.
  RAIN
  LIGHT RAIN
  FOG
  HAZE


RELATIVE HUMIDITY (PERCENT)
 HIGHEST    93           500 PM
 LOWEST     56          1200 AM
 AVERAGE    75

..........................................................


THE BOWLING GREEN KY CLIMATE NORMALS FOR TODAY
                         NORMAL    RECORD    YEAR
 MAXIMUM TEMPERATURE (F)   55        82      2012
 MINIMUM TEMPERATURE (F)   33         6      1980


SUNRISE AND SUNSET
MARCH  2 2015.........SUNRISE   616 AM CST   SUNSET   541 PM CST
MARCH  3 2015.........SUNRISE   614 AM CST   SUNSET   542 PM CST


-  INDICATES NEGATIVE NUMBERS.
R  INDICATES RECORD WAS SET OR TIED.
MM INDICATES DATA IS MISSING.
T  INDICATES TRACE AMOUNT.




$$
