000
CDUS43 KLMK 162027 RRB
CLIBWG

CLIMATE REPORT
NATIONAL WEATHER SERVICE LOUISVILLE KY
426 PM EDT MON OCT 16 2017


...................................

...THE BOWLING GREEN CLIMATE SUMMARY FOR OCTOBER 16 2017...
VALID TODAY AS OF 0400 PM LOCAL TIME.

CLIMATE NORMAL PERIOD 1981 TO 2010
CLIMATE RECORD PERIOD 1870 TO 2017


WEATHER ITEM   OBSERVED TIME   RECORD YEAR NORMAL DEPARTURE LAST
                VALUE   (LST)  VALUE       VALUE  FROM      YEAR
                                                  NORMAL
..................................................................
TEMPERATURE (F)
 TODAY
  MAXIMUM         64    100 PM  89    1947  71     -7       84
                                      1920
  MINIMUM         49    611 AM  30    1945  46      3       63
  AVERAGE         57                        59     -2       74

PRECIPITATION (IN)
  TODAY            0.00          2.16 1975   0.10  -0.10     0.00
  MONTH TO DATE    1.29                      1.73  -0.44     0.18
  SINCE SEP 1      7.76                      5.66   2.10     1.75
  SINCE JAN 1     44.84                     39.22   5.62    39.67

SNOWFALL (IN)
  TODAY            0.0           0.0    MM   0.0    0.0      0.0
  MONTH TO DATE    0.0                       0.0    0.0      0.0
  SINCE SEP 1      0.0                       0.0    0.0      0.0
  SINCE JUL 1      0.0                       0.0    0.0      0.0
  SNOW DEPTH       0

DEGREE DAYS
 HEATING
  TODAY            8                         7      1        0
  MONTH TO DATE   17                        87    -70       18
  SINCE SEP 1     36                       122    -86       37
  SINCE JUL 1     36                       123    -87       37

 COOLING
  TODAY            0                         1     -1        9
  MONTH TO DATE   64                        25     39       49
  SINCE SEP 1    234                       211     23      354
  SINCE JAN 1   1586                      1480    106     1913
..................................................................


WIND (MPH)
  HIGHEST WIND SPEED    15   HIGHEST WIND DIRECTION    NE (40)
  HIGHEST GUST SPEED    17   HIGHEST GUST DIRECTION    NE (50)
  AVERAGE WIND SPEED     6.7


SKY COVER
  POSSIBLE SUNSHINE  MM
  AVERAGE SKY COVER 0.5


WEATHER CONDITIONS
 THE FOLLOWING WEATHER WAS RECORDED TODAY.
  NO SIGNIFICANT WEATHER WAS OBSERVED.


RELATIVE HUMIDITY (PERCENT)
 HIGHEST    86           600 AM
 LOWEST     44           100 PM
 AVERAGE    65

..........................................................


THE BOWLING GREEN CLIMATE NORMALS FOR TOMORROW
                         NORMAL    RECORD    YEAR
 MAXIMUM TEMPERATURE (F)   71        90      1917
 MINIMUM TEMPERATURE (F)   46        29      1948


SUNRISE AND SUNSET
OCTOBER 16 2017.......SUNRISE   655 AM CDT   SUNSET   607 PM CDT
OCTOBER 17 2017.......SUNRISE   655 AM CDT   SUNSET   606 PM CDT


-  INDICATES NEGATIVE NUMBERS.
R  INDICATES RECORD WAS SET OR TIED.
MM INDICATES DATA IS MISSING.
T  INDICATES TRACE AMOUNT.




$$
