000
CDUS43 KLMK 242135
CLIBWG


CLIMATE REPORT
NATIONAL WEATHER SERVICE LOUISVILLE KY
431 PM EST MON NOV 24 2014


...................................

...THE BOWLING GREEN CLIMATE SUMMARY FOR NOVEMBER 24 2014...
VALID TODAY AS OF 0400 PM LOCAL TIME.

CLIMATE NORMAL PERIOD 1981 TO 2010
CLIMATE RECORD PERIOD 1870 TO 2014


WEATHER ITEM   OBSERVED TIME   RECORD YEAR NORMAL DEPARTURE LAST
                VALUE   (LST)  VALUE       VALUE  FROM      YEAR
                                                  NORMAL
..................................................................
TEMPERATURE (F)
 TODAY
  MAXIMUM         63    514 AM  75    1931  56      7       34
  MINIMUM         51   1050 AM   2    1950  35     16       19
  AVERAGE         57                        45     12       27

PRECIPITATION (IN)
  TODAY            0.05          5.15 1900   0.15  -0.10     0.00
  MONTH TO DATE    2.34                      3.28  -0.94     2.63
  SINCE SEP 1      8.09                     10.59  -2.50    11.76
  SINCE JAN 1     44.25                     44.15   0.10    54.46

SNOWFALL (IN)
  TODAY            0.0           2.0  1938   0.0    0.0      0.0
  MONTH TO DATE    0.3                       0.0    0.3       T
  SINCE SEP 1      0.3                       T      0.3       T
  SINCE JUL 1      0.3                       T      0.3       T
  SNOW DEPTH       0

DEGREE DAYS
 HEATING
  TODAY            8                        20    -12       38
  MONTH TO DATE  541                       373    168      439
  SINCE SEP 1    759                       635    124      689
  SINCE JUL 1    759                       636    123      689

 COOLING
  TODAY            0                         0      0        0
  MONTH TO DATE    0                         0      0        0
  SINCE SEP 1    211                       219     -8      239
  SINCE JAN 1   1488                      1488      0     1499
..................................................................


WIND (MPH)
  HIGHEST WIND SPEED    22   HIGHEST WIND DIRECTION    SW (220)
  HIGHEST GUST SPEED    38   HIGHEST GUST DIRECTION     W (250)
  AVERAGE WIND SPEED    16.9


SKY COVER
  POSSIBLE SUNSHINE  MM
  AVERAGE SKY COVER 0.8


WEATHER CONDITIONS
 THE FOLLOWING WEATHER WAS RECORDED TODAY.
  HEAVY RAIN
  LIGHT RAIN


RELATIVE HUMIDITY (PERCENT)
 HIGHEST    84           200 AM
 LOWEST     47           200 PM
 AVERAGE    66

..........................................................


THE BOWLING GREEN CLIMATE NORMALS FOR TOMORROW
                         NORMAL    RECORD    YEAR
 MAXIMUM TEMPERATURE (F)   55        74      1896
 MINIMUM TEMPERATURE (F)   35        -7      1950


SUNRISE AND SUNSET
NOVEMBER 24 2014......SUNRISE   633 AM CST   SUNSET   431 PM CST
NOVEMBER 25 2014......SUNRISE   634 AM CST   SUNSET   431 PM CST


-  INDICATES NEGATIVE NUMBERS.
R  INDICATES RECORD WAS SET OR TIED.
MM INDICATES DATA IS MISSING.
T  INDICATES TRACE AMOUNT.

$$
SCHOETTMER
