720
CDUS43 KLMK 212031
CLIBWG


CLIMATE REPORT
NATIONAL WEATHER SERVICE LOUISVILLE KY
430 PM EDT MON AUG 21 2017


...................................

...THE BOWLING GREEN CLIMATE SUMMARY FOR AUGUST 21 2017...
VALID TODAY AS OF 0400 PM LOCAL TIME.

CLIMATE NORMAL PERIOD 1981 TO 2010
CLIMATE RECORD PERIOD 1870 TO 2017


WEATHER ITEM   OBSERVED TIME   RECORD YEAR NORMAL DEPARTURE LAST
                VALUE   (LST)  VALUE       VALUE  FROM      YEAR
                                                  NORMAL
..................................................................
TEMPERATURE (F)
 TODAY
  MAXIMUM         92    215 PM 105    1936  89      3       83
  MINIMUM         69    537 AM  50    1943  66      3       63
  AVERAGE         81                        77      4       73

PRECIPITATION (IN)
  TODAY            0.00          1.17 1969   0.12  -0.12     0.62
  MONTH TO DATE    3.33                      2.18   1.15     4.76
  SINCE JUN 1     14.75                     10.48   4.27    18.35
  SINCE JAN 1     35.05                     32.41   2.64    37.52

SNOWFALL (IN)
  TODAY            0.0           0.0    MM   0.0    0.0      0.0
  MONTH TO DATE    0.0                       0.0    0.0      0.0
  SINCE JUN 1      0.0                       0.0    0.0      0.0
  SINCE JUL 1      0.0                       0.0    0.0      0.0
  SNOW DEPTH       0

DEGREE DAYS
 HEATING
  TODAY            0                         0      0        0
  MONTH TO DATE    0                         0      0        0
  SINCE JUN 1      0                         5     -5        0
  SINCE JUL 1      0                         0      0        0

 COOLING
  TODAY           16                        12      4        8
  MONTH TO DATE  254                       272    -18      335
  SINCE JUN 1   1012                      1000     12     1236
  SINCE JAN 1   1261                      1153    108     1402
..................................................................


WIND (MPH)
  HIGHEST WIND SPEED     9   HIGHEST WIND DIRECTION    SW (220)
  HIGHEST GUST SPEED    13   HIGHEST GUST DIRECTION    SW (220)
  AVERAGE WIND SPEED     2.2


SKY COVER
  POSSIBLE SUNSHINE  MM
  AVERAGE SKY COVER 0.0


WEATHER CONDITIONS
 THE FOLLOWING WEATHER WAS RECORDED TODAY.
  FOG


RELATIVE HUMIDITY (PERCENT)
 HIGHEST   100           300 AM
 LOWEST     41          1200 PM
 AVERAGE    71

..........................................................


THE BOWLING GREEN CLIMATE NORMALS FOR TOMORROW
                         NORMAL    RECORD    YEAR
 MAXIMUM TEMPERATURE (F)   89       102      2007
 MINIMUM TEMPERATURE (F)   66        49      1956


SUNRISE AND SUNSET
AUGUST 21 2017........SUNRISE   608 AM CDT   SUNSET   729 PM CDT
AUGUST 22 2017........SUNRISE   609 AM CDT   SUNSET   728 PM CDT


-  INDICATES NEGATIVE NUMBERS.
R  INDICATES RECORD WAS SET OR TIED.
MM INDICATES DATA IS MISSING.
T  INDICATES TRACE AMOUNT.




$$
