000
CDUS43 KLMK 262038
CLIBWG


CLIMATE REPORT
NATIONAL WEATHER SERVICE LOUISVILLE KY
438 PM EDT SAT JUL 26 2014


...................................

...THE BOWLING GREEN CLIMATE SUMMARY FOR JULY 26 2014...
VALID TODAY AS OF 0400 PM LOCAL TIME.

CLIMATE NORMAL PERIOD 1981 TO 2010
CLIMATE RECORD PERIOD 1870 TO 2014


WEATHER ITEM   OBSERVED TIME   RECORD YEAR NORMAL DEPARTURE LAST
                VALUE   (LST)  VALUE       VALUE  FROM      YEAR
                                                  NORMAL
..................................................................
TEMPERATURE (F)
 TODAY
  MAXIMUM         95    141 PM 104    1930  90      5       84
  MINIMUM         63    508 AM  52    1911  68     -5       60
  AVERAGE         79                        79      0       72

PRECIPITATION (IN)
  TODAY            0.00          3.17 1985   0.12  -0.12     0.00
  MONTH TO DATE    2.48                      3.56  -1.08     9.46
  SINCE JUN 1      4.20                      7.76  -3.56    11.83
  SINCE JAN 1     24.78                     29.69  -4.91    36.36

SNOWFALL (IN)
  TODAY            0.0           0.0    MM   0.0    0.0      0.0
  MONTH TO DATE    0.0                       0.0    0.0      0.0
  SINCE JUN 1      0.0                       0.0    0.0      0.0
  SINCE JUL 1      0.0                       0.0    0.0      0.0
  SNOW DEPTH       0

DEGREE DAYS
 HEATING
  TODAY            0                         0      0        0
  MONTH TO DATE    0                         0      0        0
  SINCE JUN 1      0                         5     -5        0
  SINCE JUL 1      0                         0      0        0

 COOLING
  TODAY           14                        14      0        7
  MONTH TO DATE  272                       359    -87      322
  SINCE JUN 1    621                       664    -43      656
  SINCE JAN 1    818                       817      1      869
..................................................................


WIND (MPH)
  HIGHEST WIND SPEED    16   HIGHEST WIND DIRECTION     S (200)
  HIGHEST GUST SPEED    22   HIGHEST GUST DIRECTION    SW (220)
  AVERAGE WIND SPEED     6.3


SKY COVER
  POSSIBLE SUNSHINE  MM
  AVERAGE SKY COVER 0.1


WEATHER CONDITIONS
 THE FOLLOWING WEATHER WAS RECORDED TODAY.
  NO SIGNIFICANT WEATHER WAS OBSERVED.


RELATIVE HUMIDITY (PERCENT)
 HIGHEST    87           300 AM
 LOWEST     41           200 PM
 AVERAGE    64

..........................................................


THE BOWLING GREEN CLIMATE NORMALS FOR TOMORROW
                         NORMAL    RECORD    YEAR
 MAXIMUM TEMPERATURE (F)   90       108      1930
 MINIMUM TEMPERATURE (F)   68        51      1962


SUNRISE AND SUNSET
JULY 26 2014..........SUNRISE   546 AM CDT   SUNSET   758 PM CDT
JULY 27 2014..........SUNRISE   547 AM CDT   SUNSET   757 PM CDT


-  INDICATES NEGATIVE NUMBERS.
R  INDICATES RECORD WAS SET OR TIED.
MM INDICATES DATA IS MISSING.
T  INDICATES TRACE AMOUNT.




$$
