000
CDUS43 KLMK 212032
CLIBWG


CLIMATE REPORT
NATIONAL WEATHER SERVICE LOUISVILLE KY
431 PM EDT MON JUL 21 2014


...................................

...THE BOWLING GREEN CLIMATE SUMMARY FOR JULY 21 2014...
VALID TODAY AS OF 0400 PM LOCAL TIME.

CLIMATE NORMAL PERIOD 1981 TO 2010
CLIMATE RECORD PERIOD 1870 TO 2014


WEATHER ITEM   OBSERVED TIME   RECORD YEAR NORMAL DEPARTURE LAST
                VALUE   (LST)  VALUE       VALUE  FROM      YEAR
                                                  NORMAL
..................................................................
TEMPERATURE (F)
 TODAY
  MAXIMUM         89    200 PM 105    1901  90     -1       85
  MINIMUM         65    427 AM  51    1888  68     -3       70
  AVERAGE         77                        79     -2       78

PRECIPITATION (IN)
  TODAY            0.00          2.36 1979   0.12  -0.12     1.08
  MONTH TO DATE    2.48                      2.95  -0.47     8.68
  SINCE JUN 1      4.20                      7.15  -2.95    11.05
  SINCE JAN 1     24.78                     29.08  -4.30    35.58

SNOWFALL (IN)
  TODAY            0.0           0.0    MM   0.0    0.0      0.0
  MONTH TO DATE    0.0                       0.0    0.0      0.0
  SINCE JUN 1      0.0                       0.0    0.0      0.0
  SINCE JUL 1      0.0                       0.0    0.0      0.0
  SNOW DEPTH       0

DEGREE DAYS
 HEATING
  TODAY            0                         0      0        0
  MONTH TO DATE    0                         0      0        0
  SINCE JUN 1      0                         5     -5        0
  SINCE JUL 1      0                         0      0        0

 COOLING
  TODAY           12                        14     -2       13
  MONTH TO DATE  210                       289    -79      269
  SINCE JUN 1    559                       594    -35      603
  SINCE JAN 1    756                       747      9      816
..................................................................


WIND (MPH)
  HIGHEST WIND SPEED    10   HIGHEST WIND DIRECTION     E (80)
  HIGHEST GUST SPEED    14   HIGHEST GUST DIRECTION     E (70)
  AVERAGE WIND SPEED     1.6


SKY COVER
  POSSIBLE SUNSHINE  MM
  AVERAGE SKY COVER 0.0


WEATHER CONDITIONS
 THE FOLLOWING WEATHER WAS RECORDED TODAY.
  FOG


RELATIVE HUMIDITY (PERCENT)
 HIGHEST    93           400 AM
 LOWEST     41           200 PM
 AVERAGE    67

..........................................................


THE BOWLING GREEN CLIMATE NORMALS FOR TOMORROW
                         NORMAL    RECORD    YEAR
 MAXIMUM TEMPERATURE (F)   90       108      1901
 MINIMUM TEMPERATURE (F)   68        50      1947


SUNRISE AND SUNSET
JULY 21 2014..........SUNRISE   542 AM CDT   SUNSET   802 PM CDT
JULY 22 2014..........SUNRISE   543 AM CDT   SUNSET   801 PM CDT


-  INDICATES NEGATIVE NUMBERS.
R  INDICATES RECORD WAS SET OR TIED.
MM INDICATES DATA IS MISSING.
T  INDICATES TRACE AMOUNT.




$$
