000
CDUS43 KLMK 232037
CLIBWG


CLIMATE REPORT
NATIONAL WEATHER SERVICE LOUISVILLE KY
437 PM EDT FRI JUN 23 2017


...................................

...THE BOWLING GREEN CLIMATE SUMMARY FOR JUNE 23 2017...
VALID TODAY AS OF 0400 PM LOCAL TIME.

CLIMATE NORMAL PERIOD 1981 TO 2010
CLIMATE RECORD PERIOD 1870 TO 2017


WEATHER ITEM   OBSERVED TIME   RECORD YEAR NORMAL DEPARTURE LAST
                VALUE   (LST)  VALUE       VALUE  FROM      YEAR
                                                  NORMAL
..................................................................
TEMPERATURE (F)
 TODAY
  MAXIMUM         84   1056 AM 104    1930  88     -4       95
  MINIMUM         76    159 PM  45    1902  66     10       72
  AVERAGE         80                        77      3       84

PRECIPITATION (IN)
  TODAY            0.63          5.69 1969   0.15   0.48     0.91
  MONTH TO DATE    7.56                      3.28   4.28     2.38
  SINCE JUN 1      7.56                      3.28   4.28     2.38
  SINCE JAN 1     27.86                     25.21   2.65    21.55

SNOWFALL (IN)
  TODAY            0.0           0.0    MM   0.0    0.0      0.0
  MONTH TO DATE    0.0                       0.0    0.0      0.0
  SINCE JUN 1      0.0                       0.0    0.0      0.0
  SINCE JUL 1      0.7                       9.1   -8.4     24.0
  SNOW DEPTH       0

DEGREE DAYS
 HEATING
  TODAY            0                         0      0        0
  MONTH TO DATE    0                         3     -3        0
  SINCE JUN 1      0                         3     -3        0
  SINCE JUL 1   2989                      4046  -1057     3230

 COOLING
  TODAY           15                        12      3       19
  MONTH TO DATE  230                       217     13      302
  SINCE JUN 1    230                       217     13      302
  SINCE JAN 1    479                       370    109      468
..................................................................


WIND (MPH)
  HIGHEST WIND SPEED    23   HIGHEST WIND DIRECTION     S (190)
  HIGHEST GUST SPEED    32   HIGHEST GUST DIRECTION     S (170)
  AVERAGE WIND SPEED    13.4


SKY COVER
  POSSIBLE SUNSHINE  MM
  AVERAGE SKY COVER 0.5


WEATHER CONDITIONS
 THE FOLLOWING WEATHER WAS RECORDED TODAY.
  HEAVY RAIN
  RAIN
  LIGHT RAIN
  FOG


RELATIVE HUMIDITY (PERCENT)
 HIGHEST   100           200 PM
 LOWEST     69           900 AM
 AVERAGE    85

..........................................................


THE BOWLING GREEN CLIMATE NORMALS FOR TOMORROW
                         NORMAL    RECORD    YEAR
 MAXIMUM TEMPERATURE (F)   88       103      1914
                                             1901
 MINIMUM TEMPERATURE (F)   66        45      1887


SUNRISE AND SUNSET
JUNE 23 2017..........SUNRISE   527 AM CDT   SUNSET   809 PM CDT
JUNE 24 2017..........SUNRISE   527 AM CDT   SUNSET   809 PM CDT


-  INDICATES NEGATIVE NUMBERS.
R  INDICATES RECORD WAS SET OR TIED.
MM INDICATES DATA IS MISSING.
T  INDICATES TRACE AMOUNT.




$$
