000
CDUS43 KLMK 260627
CLIBWG


CLIMATE REPORT
NATIONAL WEATHER SERVICE LOUISVILLE KY
227 AM EDT WED APR 26 2017


...................................

...THE BOWLING GREEN KY CLIMATE SUMMARY FOR APRIL 25 2017...

CLIMATE NORMAL PERIOD 1981 TO 2010
CLIMATE RECORD PERIOD 1870 TO 2017


WEATHER ITEM   OBSERVED TIME   RECORD YEAR NORMAL DEPARTURE LAST
                VALUE   (LST)  VALUE       VALUE  FROM      YEAR
                                                  NORMAL
..................................................................
TEMPERATURE (F)
 YESTERDAY
  MAXIMUM         77    344 PM  92    1915  72      5       84
  MINIMUM         50    448 AM  32    2013  49      1       57
                                      1927
                                      1910
  AVERAGE         64                        60      4       71

PRECIPITATION (IN)
  YESTERDAY        0.00          1.13 1932   0.17  -0.17     0.00
  MONTH TO DATE    4.04                      3.55   0.49     0.83
  SINCE MAR 1      7.83                      7.96  -0.13     4.65
  SINCE JAN 1     14.41                     15.53  -1.12    11.23

SNOWFALL (IN)
  YESTERDAY        0.0           2.3  1910   0.0    0.0      0.0
  MONTH TO DATE    0.0                       0.2   -0.2      0.0
  SINCE MAR 1      T                         1.3   -1.3       T
  SINCE JUL 1      0.7                       9.1   -8.4     24.0
  SNOW DEPTH       0

DEGREE DAYS
 HEATING
  YESTERDAY        1                         6     -5        0
  MONTH TO DATE  106                       225   -119      187
  SINCE MAR 1    545                       745   -200      536
  SINCE JUL 1   2926                      3943  -1017     3136

 COOLING
  YESTERDAY        0                         1     -1        6
  MONTH TO DATE   55                        24     31       19
  SINCE MAR 1     61                        29     32       20
  SINCE JAN 1     65                        29     36       20
..................................................................


WIND (MPH)
  HIGHEST WIND SPEED    14   HIGHEST WIND DIRECTION     S (180)
  HIGHEST GUST SPEED    20   HIGHEST GUST DIRECTION     S (180)
  AVERAGE WIND SPEED     3.6


SKY COVER
  POSSIBLE SUNSHINE  MM
  AVERAGE SKY COVER 0.1


WEATHER CONDITIONS
 THE FOLLOWING WEATHER WAS RECORDED YESTERDAY.
  FOG


RELATIVE HUMIDITY (PERCENT)
 HIGHEST   100           100 AM
 LOWEST     50           300 PM
 AVERAGE    75

..........................................................


THE BOWLING GREEN KY CLIMATE NORMALS FOR TODAY
                         NORMAL    RECORD    YEAR
 MAXIMUM TEMPERATURE (F)   73        91      1915
 MINIMUM TEMPERATURE (F)   49        25      1873


SUNRISE AND SUNSET
APRIL 26 2017.........SUNRISE   557 AM CDT   SUNSET   730 PM CDT
APRIL 27 2017.........SUNRISE   556 AM CDT   SUNSET   731 PM CDT


-  INDICATES NEGATIVE NUMBERS.
R  INDICATES RECORD WAS SET OR TIED.
MM INDICATES DATA IS MISSING.
T  INDICATES TRACE AMOUNT.




$$
