000
CDUS43 KLMK 202027 RRC
CLIBWG

CLIMATE REPORT
NATIONAL WEATHER SERVICE LOUISVILLE KY
426 PM EDT FRI OCT 20 2017


...................................

...THE BOWLING GREEN CLIMATE SUMMARY FOR OCTOBER 20 2017...
VALID TODAY AS OF 0400 PM LOCAL TIME.

CLIMATE NORMAL PERIOD 1981 TO 2010
CLIMATE RECORD PERIOD 1870 TO 2017


WEATHER ITEM   OBSERVED TIME   RECORD YEAR NORMAL DEPARTURE LAST
                VALUE   (LST)  VALUE       VALUE  FROM      YEAR
                                                  NORMAL
..................................................................
TEMPERATURE (F)
 TODAY
  MAXIMUM         77    200 PM  88    1908  70      7       81
  MINIMUM         42    733 AM  26    1917  45     -3       56
  AVERAGE         60                        57      3       69

PRECIPITATION (IN)
  TODAY            0.00          1.00 1905   0.10  -0.10     0.35
  MONTH TO DATE    1.29                      2.16  -0.87     0.53
  SINCE SEP 1      7.76                      6.09   1.67     2.10
  SINCE JAN 1     44.84                     39.65   5.19    40.02

SNOWFALL (IN)
  TODAY            0.0           1.0  1913   0.0    0.0      0.0
  MONTH TO DATE    0.0                       0.0    0.0      0.0
  SINCE SEP 1      0.0                       0.0    0.0      0.0
  SINCE JUL 1      0.0                       0.0    0.0      0.0
  SNOW DEPTH       0

DEGREE DAYS
 HEATING
  TODAY            5                         8     -3        0
  MONTH TO DATE   52                       118    -66       18
  SINCE SEP 1     71                       153    -82       37
  SINCE JUL 1     71                       154    -83       37

 COOLING
  TODAY            0                         1     -1        4
  MONTH TO DATE   64                        29     35       88
  SINCE SEP 1    234                       215     19      393
  SINCE JAN 1   1586                      1484    102     1952
..................................................................


WIND (MPH)
  HIGHEST WIND SPEED     6   HIGHEST WIND DIRECTION     E (80)
  HIGHEST GUST SPEED    11   HIGHEST GUST DIRECTION     S (160)
  AVERAGE WIND SPEED     1.0


SKY COVER
  POSSIBLE SUNSHINE  MM
  AVERAGE SKY COVER 0.0


WEATHER CONDITIONS
 THE FOLLOWING WEATHER WAS RECORDED TODAY.
  FOG
  FOG W/VISIBILITY <= 1/4 MILE


RELATIVE HUMIDITY (PERCENT)
 HIGHEST   100           200 AM
 LOWEST     40           200 PM
 AVERAGE    70

..........................................................


THE BOWLING GREEN CLIMATE NORMALS FOR TOMORROW
                         NORMAL    RECORD    YEAR
 MAXIMUM TEMPERATURE (F)   70        88      1963
                                             1934
 MINIMUM TEMPERATURE (F)   45        25      1952


SUNRISE AND SUNSET
OCTOBER 20 2017.......SUNRISE   658 AM CDT   SUNSET   602 PM CDT
OCTOBER 21 2017.......SUNRISE   659 AM CDT   SUNSET   601 PM CDT


-  INDICATES NEGATIVE NUMBERS.
R  INDICATES RECORD WAS SET OR TIED.
MM INDICATES DATA IS MISSING.
T  INDICATES TRACE AMOUNT.




$$
