000
CDUS43 KLMK 272135
CLIBWG


CLIMATE REPORT
NATIONAL WEATHER SERVICE LOUISVILLE KY
434 PM EST MON FEB 27 2017


...................................

...THE BOWLING GREEN CLIMATE SUMMARY FOR FEBRUARY 27 2017...
VALID TODAY AS OF 0400 PM LOCAL TIME.

CLIMATE NORMAL PERIOD 1981 TO 2010
CLIMATE RECORD PERIOD 1870 TO 2017


WEATHER ITEM   OBSERVED TIME   RECORD YEAR NORMAL DEPARTURE LAST
                VALUE   (LST)  VALUE       VALUE  FROM      YEAR
                                                  NORMAL
..................................................................
TEMPERATURE (F)
 TODAY
  MAXIMUM         64    227 PM  74    1981  54     10       61
                                      1955
                                      1948
  MINIMUM         44   1210 AM   3    1934  33     11       26
  AVERAGE         54                        43     11       44

PRECIPITATION (IN)
  TODAY            0.12          2.19 1962   0.14  -0.02     0.00
  MONTH TO DATE    2.33                      3.83  -1.50     4.77
  SINCE DEC 1     12.13                     12.24  -0.11    11.81
  SINCE JAN 1      6.49                      7.44  -0.95     6.58

SNOWFALL (IN)
  TODAY            0.0           4.0  1906   0.0    0.0      0.0
  MONTH TO DATE    0.0                       3.2   -3.2      9.2
  SINCE DEC 1      0.7                       7.7   -7.0     24.0
  SINCE JUL 1      0.7                       7.7   -7.0     24.0
  SNOW DEPTH       0

DEGREE DAYS
 HEATING
  TODAY           11                        22    -11       21
  MONTH TO DATE  454                       683   -229      652
  SINCE DEC 1   1889                      2412   -523     2037
  SINCE JUL 1   2375                      3175   -800     2575

 COOLING
  TODAY            0                         0      0        0
  MONTH TO DATE    4                         0      4        0
  SINCE DEC 1      4                         1      3        2
  SINCE JAN 1      4                         0      4        0
..................................................................


WIND (MPH)
  HIGHEST WIND SPEED    21   HIGHEST WIND DIRECTION     S (200)
  HIGHEST GUST SPEED    27   HIGHEST GUST DIRECTION     S (190)
  AVERAGE WIND SPEED     7.5


SKY COVER
  POSSIBLE SUNSHINE  MM
  AVERAGE SKY COVER 0.8


WEATHER CONDITIONS
 THE FOLLOWING WEATHER WAS RECORDED TODAY.
  LIGHT RAIN


RELATIVE HUMIDITY (PERCENT)
 HIGHEST    92           500 AM
 LOWEST     44          1200 PM
 AVERAGE    68

..........................................................


THE BOWLING GREEN CLIMATE NORMALS FOR TOMORROW
                         NORMAL    RECORD    YEAR
 MAXIMUM TEMPERATURE (F)   54        83      1918
 MINIMUM TEMPERATURE (F)   33         4      1888


SUNRISE AND SUNSET
FEBRUARY 27 2017......SUNRISE   619 AM CST   SUNSET   538 PM CST
FEBRUARY 28 2017......SUNRISE   618 AM CST   SUNSET   539 PM CST


-  INDICATES NEGATIVE NUMBERS.
R  INDICATES RECORD WAS SET OR TIED.
MM INDICATES DATA IS MISSING.
T  INDICATES TRACE AMOUNT.




$$
