000
CDUS43 KLMK 040627
CLIBWG


CLIMATE REPORT
NATIONAL WEATHER SERVICE LOUISVILLE KY
226 AM EDT WED MAY 4 2016


...................................

...THE BOWLING GREEN KY CLIMATE SUMMARY FOR MAY 3 2016...

CLIMATE NORMAL PERIOD 1981 TO 2010
CLIMATE RECORD PERIOD 1870 TO 2016


WEATHER ITEM   OBSERVED TIME   RECORD YEAR NORMAL DEPARTURE LAST
                VALUE   (LST)  VALUE       VALUE  FROM      YEAR
                                                  NORMAL
..................................................................
TEMPERATURE (F)
 YESTERDAY
  MAXIMUM         64    340 PM  95    1915  74    -10       79
  MINIMUM         50   1017 PM  34    2005  51     -1       46
  AVERAGE         57                        63     -6       63

PRECIPITATION (IN)
  YESTERDAY        0.00          1.88 1979   0.18  -0.18     0.00
  MONTH TO DATE    0.41                      0.53  -0.12     0.00
  SINCE MAR 1      5.76                      9.28  -3.52    15.35
  SINCE JAN 1     12.34                     16.85  -4.51    21.23

SNOWFALL (IN)
  YESTERDAY        0.0           0.0    MM   0.0    0.0      0.0
  MONTH TO DATE    0.0                       0.0    0.0      0.0
  SINCE MAR 1      T                         1.3   -1.3      7.2
  SINCE JUL 1     24.0                       9.1   14.9     23.5
  SNOW DEPTH       0

DEGREE DAYS
 HEATING
  YESTERDAY        8                         4      4        2
  MONTH TO DATE    9                        13     -4       16
  SINCE MAR 1    546                       784   -238      728
  SINCE JUL 1   3146                      3982   -836     4263

 COOLING
  YESTERDAY        0                         2     -2        0
  MONTH TO DATE    8                         6      2        0
  SINCE MAR 1     52                        42     10       35
  SINCE JAN 1     52                        42     10       35
..................................................................


WIND (MPH)
  HIGHEST WIND SPEED    13   HIGHEST WIND DIRECTION    NW (300)
  HIGHEST GUST SPEED    18   HIGHEST GUST DIRECTION     W (290)
  AVERAGE WIND SPEED     4.9


SKY COVER
  POSSIBLE SUNSHINE  MM
  AVERAGE SKY COVER 0.8


WEATHER CONDITIONS
 THE FOLLOWING WEATHER WAS RECORDED YESTERDAY.
  NO SIGNIFICANT WEATHER WAS OBSERVED.


RELATIVE HUMIDITY (PERCENT)
 HIGHEST    89           500 AM
 LOWEST     48           300 PM
 AVERAGE    69

..........................................................


THE BOWLING GREEN KY CLIMATE NORMALS FOR TODAY
                         NORMAL    RECORD    YEAR
 MAXIMUM TEMPERATURE (F)   75        95      1901
 MINIMUM TEMPERATURE (F)   51        32      1976
                                             1954


SUNRISE AND SUNSET
MAY  4 2016...........SUNRISE   548 AM CDT   SUNSET   738 PM CDT
MAY  5 2016...........SUNRISE   547 AM CDT   SUNSET   739 PM CDT


-  INDICATES NEGATIVE NUMBERS.
R  INDICATES RECORD WAS SET OR TIED.
MM INDICATES DATA IS MISSING.
T  INDICATES TRACE AMOUNT.




$$
