000
CDUS43 KLMK 252029 RRA
CLIBWG

CLIMATE REPORT
NATIONAL WEATHER SERVICE LOUISVILLE KY
427 PM EDT MON JUL 25 2016


...................................

...THE BOWLING GREEN CLIMATE SUMMARY FOR JULY 25 2016...
VALID TODAY AS OF 0400 PM LOCAL TIME.

CLIMATE NORMAL PERIOD 1981 TO 2010
CLIMATE RECORD PERIOD 1870 TO 2016


WEATHER ITEM   OBSERVED TIME   RECORD YEAR NORMAL DEPARTURE LAST
                VALUE   (LST)  VALUE       VALUE  FROM      YEAR
                                                  NORMAL
..................................................................
TEMPERATURE (F)
 TODAY
  MAXIMUM         94    200 PM 105    1934  90      4       88
  MINIMUM         78    512 AM  51    1911  68     10       65
  AVERAGE         86                        79      7       77

PRECIPITATION (IN)
  TODAY            0.00          1.76 1895   0.12  -0.12     0.00
  MONTH TO DATE    7.71                      3.44   4.27     5.79
  SINCE JUN 1     10.18                      7.64   2.54     8.90
  SINCE JAN 1     29.35                     29.57  -0.22    33.09

SNOWFALL (IN)
  TODAY            0.0           0.0    MM   0.0    0.0      0.0
  MONTH TO DATE    0.0                       0.0    0.0      0.0
  SINCE JUN 1      0.0                       0.0    0.0      0.0
  SINCE JUL 1      0.0                       0.0    0.0      0.0
  SNOW DEPTH       0

DEGREE DAYS
 HEATING
  TODAY            0                         0      0        0
  MONTH TO DATE    0                         0      0        0
  SINCE JUN 1      0                         5     -5        3
  SINCE JUL 1      0                         0      0        0

 COOLING
  TODAY           21                        14      7       12
  MONTH TO DATE  411                       345     66      389
  SINCE JUN 1    804                       650    154      768
  SINCE JAN 1    970                       803    167      971
..................................................................


WIND (MPH)
  HIGHEST WIND SPEED    10   HIGHEST WIND DIRECTION    SW (230)
  HIGHEST GUST SPEED    15   HIGHEST GUST DIRECTION     S (170)
  AVERAGE WIND SPEED     5.6


SKY COVER
  POSSIBLE SUNSHINE  MM
  AVERAGE SKY COVER 0.2


WEATHER CONDITIONS
 THE FOLLOWING WEATHER WAS RECORDED TODAY.
  THUNDERSTORM


RELATIVE HUMIDITY (PERCENT)
 HIGHEST    91           200 AM
 LOWEST     52           100 PM
 AVERAGE    72

..........................................................


THE BOWLING GREEN CLIMATE NORMALS FOR TOMORROW
                         NORMAL    RECORD    YEAR
 MAXIMUM TEMPERATURE (F)   90       104      1930
 MINIMUM TEMPERATURE (F)   68        52      1911


SUNRISE AND SUNSET
JULY 25 2016..........SUNRISE   546 AM CDT   SUNSET   758 PM CDT
JULY 26 2016..........SUNRISE   547 AM CDT   SUNSET   757 PM CDT


-  INDICATES NEGATIVE NUMBERS.
R  INDICATES RECORD WAS SET OR TIED.
MM INDICATES DATA IS MISSING.
T  INDICATES TRACE AMOUNT.




$$
