000
CDUS43 KLMK 240630
CLIBWG


CLIMATE REPORT
NATIONAL WEATHER SERVICE LOUISVILLE KY
129 AM EST WED DEC 24 2014


...................................

...THE BOWLING GREEN KY CLIMATE SUMMARY FOR DECEMBER 23 2014...

CLIMATE NORMAL PERIOD 1981 TO 2010
CLIMATE RECORD PERIOD 1870 TO 2014


WEATHER ITEM   OBSERVED TIME   RECORD YEAR NORMAL DEPARTURE LAST
                VALUE   (LST)  VALUE       VALUE  FROM      YEAR
                                                  NORMAL
..................................................................
TEMPERATURE (F)
 YESTERDAY
  MAXIMUM         58   1036 PM  72    1895  46     12       39
  MINIMUM         51   1152 PM -11    1989  28     23       28
  AVERAGE         55                        37     18       34

PRECIPITATION (IN)
  YESTERDAY        0.10          1.27 1979   0.15  -0.05      T
  MONTH TO DATE    1.24                      3.69  -2.45     4.54
  SINCE DEC 1      1.24                      3.69  -2.45     4.54
  SINCE JAN 1     45.67                     48.78  -3.11    59.19

SNOWFALL (IN)
  YESTERDAY        0.0           6.0  1966   0.1   -0.1      0.0
  MONTH TO DATE    T                         0.7   -0.7      0.1
  SINCE DEC 1      T                         0.7   -0.7      0.1
  SINCE JUL 1      0.3                       0.7   -0.4      1.2
  SNOW DEPTH       0

DEGREE DAYS
 HEATING
  YESTERDAY       10                        28    -18       31
  MONTH TO DATE  516                       589    -73      545
  SINCE DEC 1    516                       589    -73      545
  SINCE JUL 1   1413                      1352     61     1425

 COOLING
  YESTERDAY        0                         0      0        0
  MONTH TO DATE    0                         0      0        2
  SINCE DEC 1      0                         0      0        2
  SINCE JAN 1   1488                      1491     -3     1501
..................................................................


WIND (MPH)
  HIGHEST WIND SPEED    23   HIGHEST WIND DIRECTION    SE (130)
  HIGHEST GUST SPEED    32   HIGHEST GUST DIRECTION    SE (130)
  AVERAGE WIND SPEED     8.2


SKY COVER
  POSSIBLE SUNSHINE  MM
  AVERAGE SKY COVER 1.0


WEATHER CONDITIONS
 THE FOLLOWING WEATHER WAS RECORDED YESTERDAY.
  LIGHT RAIN
  FOG


RELATIVE HUMIDITY (PERCENT)
 HIGHEST    93           700 AM
 LOWEST     83          1200 AM
 AVERAGE    88

..........................................................


THE BOWLING GREEN KY CLIMATE NORMALS FOR TODAY
                         NORMAL    RECORD    YEAR
 MAXIMUM TEMPERATURE (F)   46        73      1964
 MINIMUM TEMPERATURE (F)   28        -6      1989


SUNRISE AND SUNSET
DECEMBER 24 2014......SUNRISE   657 AM CST   SUNSET   434 PM CST
DECEMBER 25 2014......SUNRISE   657 AM CST   SUNSET   435 PM CST


-  INDICATES NEGATIVE NUMBERS.
R  INDICATES RECORD WAS SET OR TIED.
MM INDICATES DATA IS MISSING.
T  INDICATES TRACE AMOUNT.

$$

SCHOETTMER
