000
CDUS43 KLMK 280631
CLIBWG


CLIMATE REPORT
NATIONAL WEATHER SERVICE LOUISVILLE KY
231 AM EDT SAT MAR 28 2015


...................................

...THE BOWLING GREEN KY CLIMATE SUMMARY FOR MARCH 27 2015...

CLIMATE NORMAL PERIOD 1981 TO 2010
CLIMATE RECORD PERIOD 1870 TO 2015


WEATHER ITEM   OBSERVED TIME   RECORD YEAR NORMAL DEPARTURE LAST
                VALUE   (LST)  VALUE       VALUE  FROM      YEAR
                                                  NORMAL
..................................................................
TEMPERATURE (F)
 YESTERDAY
  MAXIMUM         47   1119 AM  90    1910  64    -17       63
  MINIMUM         32   1159 PM  15    1955  40     -8       39
                                      1947
  AVERAGE         40                        52    -12       51

PRECIPITATION (IN)
  YESTERDAY        T             2.38 1932   0.15  -0.15     0.24
  MONTH TO DATE    6.22                      3.80   2.42     3.17
  SINCE MAR 1      6.22                      3.80   2.42     3.17
  SINCE JAN 1     12.10                     11.37   0.73    10.34

SNOWFALL (IN)
  YESTERDAY        T             7.4  1947   0.1   -0.1      0.0
  MONTH TO DATE    7.2                       1.0    6.2      5.1
  SINCE MAR 1      7.2                       1.0    6.2      5.1
  SINCE JUL 1     23.5                       8.8   14.7     10.4
  SNOW DEPTH       0

DEGREE DAYS
 HEATING
  YESTERDAY       25                        13     12       14
  MONTH TO DATE  471                       469      2      602
  SINCE MAR 1    471                       469      2      602
  SINCE JUL 1   4006                      3667    339     4211

 COOLING
  YESTERDAY        0                         0      0        0
  MONTH TO DATE    0                         0      0        0
  SINCE MAR 1      0                         0      0        0
  SINCE JAN 1      0                         0      0        0
..................................................................


WIND (MPH)
  HIGHEST WIND SPEED    14   HIGHEST WIND DIRECTION    NW (320)
  HIGHEST GUST SPEED    20   HIGHEST GUST DIRECTION    NW (330)
  AVERAGE WIND SPEED     6.3


SKY COVER
  POSSIBLE SUNSHINE  MM
  AVERAGE SKY COVER 0.6


WEATHER CONDITIONS
 THE FOLLOWING WEATHER WAS RECORDED YESTERDAY.
  LIGHT RAIN
  LIGHT SNOW
  FOG


RELATIVE HUMIDITY (PERCENT)
 HIGHEST    89           300 AM
 LOWEST     47          1000 PM
 AVERAGE    68

..........................................................


THE BOWLING GREEN KY CLIMATE NORMALS FOR TODAY
                         NORMAL    RECORD    YEAR
 MAXIMUM TEMPERATURE (F)   64        89      1907
 MINIMUM TEMPERATURE (F)   40         4      1947


SUNRISE AND SUNSET
MARCH 28 2015.........SUNRISE   638 AM CDT   SUNSET   704 PM CDT
MARCH 29 2015.........SUNRISE   636 AM CDT   SUNSET   705 PM CDT


-  INDICATES NEGATIVE NUMBERS.
R  INDICATES RECORD WAS SET OR TIED.
MM INDICATES DATA IS MISSING.
T  INDICATES TRACE AMOUNT.




$$
