000
CDUS43 KLMK 252132
CLIBWG


CLIMATE REPORT
NATIONAL WEATHER SERVICE LOUISVILLE KY
430 PM EST SAT FEB 25 2017


...................................

...THE BOWLING GREEN CLIMATE SUMMARY FOR FEBRUARY 25 2017...
VALID TODAY AS OF 0400 PM LOCAL TIME.

CLIMATE NORMAL PERIOD 1981 TO 2010
CLIMATE RECORD PERIOD 1870 TO 2017


WEATHER ITEM   OBSERVED TIME   RECORD YEAR NORMAL DEPARTURE LAST
                VALUE   (LST)  VALUE       VALUE  FROM      YEAR
                                                  NORMAL
..................................................................
TEMPERATURE (F)
 TODAY
  MAXIMUM         56   1215 AM  79    1930  53      3       42
  MINIMUM         37    903 AM   2    1967  32      5       36
  AVERAGE         47                        42      5       39

PRECIPITATION (IN)
  TODAY            0.00          1.55 1962   0.14  -0.14     0.01
  MONTH TO DATE    2.21                      3.56  -1.35     4.77
  SINCE DEC 1     12.01                     11.97   0.04    11.81
  SINCE JAN 1      6.37                      7.17  -0.80     6.58

SNOWFALL (IN)
  TODAY            0.0           5.0  1965   0.0    0.0       T
  MONTH TO DATE    0.0                       3.1   -3.1      9.2
  SINCE DEC 1      0.7                       7.6   -6.9     24.0
  SINCE JUL 1      0.7                       7.6   -6.9     24.0
  SNOW DEPTH       0

DEGREE DAYS
 HEATING
  TODAY           18                        22     -4       26
  MONTH TO DATE  413                       639   -226      607
  SINCE DEC 1   1848                      2368   -520     1992
  SINCE JUL 1   2334                      3131   -797     2530

 COOLING
  TODAY            0                         0      0        0
  MONTH TO DATE    4                         0      4        0
  SINCE DEC 1      4                         1      3        2
  SINCE JAN 1      4                         0      4        0
..................................................................


WIND (MPH)
  HIGHEST WIND SPEED    22   HIGHEST WIND DIRECTION     W (280)
  HIGHEST GUST SPEED    28   HIGHEST GUST DIRECTION     W (280)
  AVERAGE WIND SPEED    11.1


SKY COVER
  POSSIBLE SUNSHINE  MM
  AVERAGE SKY COVER 0.6


WEATHER CONDITIONS
 THE FOLLOWING WEATHER WAS RECORDED TODAY.
  NO SIGNIFICANT WEATHER WAS OBSERVED.


RELATIVE HUMIDITY (PERCENT)
 HIGHEST    64           100 AM
 LOWEST     36           200 PM
 AVERAGE    50

..........................................................


THE BOWLING GREEN CLIMATE NORMALS FOR TOMORROW
                         NORMAL    RECORD    YEAR
 MAXIMUM TEMPERATURE (F)   53        78      1917
 MINIMUM TEMPERATURE (F)   32         7      1967


SUNRISE AND SUNSET
FEBRUARY 25 2017......SUNRISE   622 AM CST   SUNSET   536 PM CST
FEBRUARY 26 2017......SUNRISE   620 AM CST   SUNSET   537 PM CST


-  INDICATES NEGATIVE NUMBERS.
R  INDICATES RECORD WAS SET OR TIED.
MM INDICATES DATA IS MISSING.
T  INDICATES TRACE AMOUNT.




$$
