000
CDUS43 KLMK 010626
CLIBWG


CLIMATE REPORT
NATIONAL WEATHER SERVICE LOUISVILLE KY
226 AM EDT SUN MAY 1 2016


...................................

...THE BOWLING GREEN KY CLIMATE SUMMARY FOR APRIL 30 2016...

CLIMATE NORMAL PERIOD 1981 TO 2010
CLIMATE RECORD PERIOD 1870 TO 2016


WEATHER ITEM   OBSERVED TIME   RECORD YEAR NORMAL DEPARTURE LAST
                VALUE   (LST)  VALUE       VALUE  FROM      YEAR
                                                  NORMAL
..................................................................
TEMPERATURE (F)
 YESTERDAY
  MAXIMUM         73    345 PM  92    1942  74     -1       66
                                      1894
  MINIMUM         60    733 AM  33    1908  50     10       45
  AVERAGE         67                        62      5       56

PRECIPITATION (IN)
  YESTERDAY        0.29          3.00 1911   0.16   0.13      T
  MONTH TO DATE    1.53                      4.34  -2.81     9.08
  SINCE MAR 1      5.35                      8.75  -3.40    15.35
  SINCE JAN 1     11.93                     16.32  -4.39    21.23

SNOWFALL (IN)
  YESTERDAY        0.0           1.0  1908   0.0    0.0      0.0
  MONTH TO DATE    0.0                       0.2   -0.2      0.0
  SINCE MAR 1      T                         1.3   -1.3      7.2
  SINCE JUL 1     24.0                       9.1   14.9     23.5
  SNOW DEPTH       0

DEGREE DAYS
 HEATING
  YESTERDAY        0                         5     -5        9
  MONTH TO DATE  188                       251    -63      172
  SINCE MAR 1    537                       771   -234      712
  SINCE JUL 1   3137                      3969   -832     4247

 COOLING
  YESTERDAY        2                         2      0        0
  MONTH TO DATE   43                        31     12       35
  SINCE MAR 1     44                        36      8       35
  SINCE JAN 1     44                        36      8       35
..................................................................


WIND (MPH)
  HIGHEST WIND SPEED    14   HIGHEST WIND DIRECTION    SE (130)
  HIGHEST GUST SPEED    18   HIGHEST GUST DIRECTION    SE (140)
  AVERAGE WIND SPEED     5.2


SKY COVER
  POSSIBLE SUNSHINE  MM
  AVERAGE SKY COVER 0.8


WEATHER CONDITIONS
 THE FOLLOWING WEATHER WAS RECORDED YESTERDAY.
  THUNDERSTORM
  RAIN
  LIGHT RAIN
  FOG


RELATIVE HUMIDITY (PERCENT)
 HIGHEST    97           700 AM
 LOWEST     73          1200 AM
 AVERAGE    85

..........................................................


THE BOWLING GREEN KY CLIMATE NORMALS FOR TODAY
                         NORMAL    RECORD    YEAR
 MAXIMUM TEMPERATURE (F)   74        93      1901
 MINIMUM TEMPERATURE (F)   50        30      1963


SUNRISE AND SUNSET
MAY  1 2016...........SUNRISE   551 AM CDT   SUNSET   735 PM CDT
MAY  2 2016...........SUNRISE   550 AM CDT   SUNSET   736 PM CDT


-  INDICATES NEGATIVE NUMBERS.
R  INDICATES RECORD WAS SET OR TIED.
MM INDICATES DATA IS MISSING.
T  INDICATES TRACE AMOUNT.




$$
