854
CDUS43 KLMK 230626
CLIBWG


CLIMATE REPORT
NATIONAL WEATHER SERVICE LOUISVILLE KY
126 AM EST FRI FEB 23 2018


...................................

...THE BOWLING GREEN KY CLIMATE SUMMARY FOR FEBRUARY 22 2018...

CLIMATE NORMAL PERIOD 1981 TO 2010
CLIMATE RECORD PERIOD 1870 TO 2018


WEATHER ITEM   OBSERVED TIME   RECORD YEAR NORMAL DEPARTURE LAST
                VALUE   (LST)  VALUE       VALUE  FROM      YEAR
                                                  NORMAL
..................................................................
TEMPERATURE (F)
 YESTERDAY
  MAXIMUM         60    524 PM  74    1922  52      8       73
  MINIMUM         49    748 AM   0    1963  31     18       54
  AVERAGE         55                        42     13       64

PRECIPITATION (IN)
  YESTERDAY        0.95          1.87 1994   0.14   0.81     0.03
  MONTH TO DATE    6.04                      3.13   2.91     2.21
  SINCE DEC 1     11.81                     11.54   0.27    12.01
  SINCE JAN 1      8.32                      6.74   1.58     6.37

SNOWFALL (IN)
  YESTERDAY        0.0           0.4  1989   0.1   -0.1      0.0
  MONTH TO DATE    0.2                       2.9   -2.7      0.0
  SINCE DEC 1      8.4                       7.4    0.0      0.7
  SINCE JUL 1      8.4                       7.4    0.0      0.7
  SNOW DEPTH       0

DEGREE DAYS
 HEATING
  YESTERDAY       10                        23    -13        1
  MONTH TO DATE  441                       571   -130      393
  SINCE DEC 1   2265                      2300    -35     1828
  SINCE JUL 1   2966                      3063    -97     2314

 COOLING
  YESTERDAY        0                         0      0        0
  MONTH TO DATE   13                         0     13        0
  SINCE DEC 1     13                         1     12        0
  SINCE JAN 1     13                         0     13        0
..................................................................


WIND (MPH)
  HIGHEST WIND SPEED    18   HIGHEST WIND DIRECTION    SE (120)
  HIGHEST GUST SPEED    24   HIGHEST GUST DIRECTION    NW (330)
  AVERAGE WIND SPEED     4.4


SKY COVER
  POSSIBLE SUNSHINE  MM
  AVERAGE SKY COVER 1.0


WEATHER CONDITIONS
 THE FOLLOWING WEATHER WAS RECORDED YESTERDAY.
  HEAVY RAIN
  RAIN
  LIGHT RAIN
  FOG
  FOG W/VISIBILITY <= 1/4 MILE


RELATIVE HUMIDITY (PERCENT)
 HIGHEST   100          1200 AM
 LOWEST     93           100 AM
 AVERAGE    97

..........................................................


THE BOWLING GREEN KY CLIMATE NORMALS FOR TODAY
                         NORMAL    RECORD    YEAR
 MAXIMUM TEMPERATURE (F)   52        79      1982
 MINIMUM TEMPERATURE (F)   32         4      1929


SUNRISE AND SUNSET
FEBRUARY 23 2018......SUNRISE   624 AM CST   SUNSET   534 PM CST
FEBRUARY 24 2018......SUNRISE   623 AM CST   SUNSET   535 PM CST


-  INDICATES NEGATIVE NUMBERS.
R  INDICATES RECORD WAS SET OR TIED.
MM INDICATES DATA IS MISSING.
T  INDICATES TRACE AMOUNT.




$$
