000
CDUS43 KLMK 130640
CLIBWG


CLIMATE REPORT
NATIONAL WEATHER SERVICE LOUISVILLE KY
140 AM EST FRI JAN 13 2017


...................................

...THE BOWLING GREEN KY CLIMATE SUMMARY FOR JANUARY 12 2017...

CLIMATE NORMAL PERIOD 1981 TO 2010
CLIMATE RECORD PERIOD 1870 TO 2017


WEATHER ITEM   OBSERVED TIME   RECORD YEAR NORMAL DEPARTURE LAST
                VALUE   (LST)  VALUE       VALUE  FROM      YEAR
                                                  NORMAL
..................................................................
TEMPERATURE (F)
 YESTERDAY
  MAXIMUM         71    339 PM  73    1916  45     26       45
  MINIMUM         43   1159 PM -26    1886  26     17       19
  AVERAGE         57                        35     22       32

PRECIPITATION (IN)
  YESTERDAY        0.35          2.80 1913   0.10   0.25     0.00
  MONTH TO DATE    1.85                      1.38   0.47     0.25
  SINCE DEC 1      7.49                      6.18   1.31     5.48
  SINCE JAN 1      1.85                      1.38   0.47     0.25

SNOWFALL (IN)
  YESTERDAY        0.0           5.0  1964   0.1   -0.1      0.0
                                      1918
  MONTH TO DATE    0.7                       1.1   -0.4      0.1
  SINCE DEC 1      0.7                       2.3   -1.6      0.1
  SINCE JUL 1      0.7                       2.3   -1.6      0.1
  SNOW DEPTH       0

DEGREE DAYS
 HEATING
  YESTERDAY        8                        30    -22       33
  MONTH TO DATE  312                       355    -43      343
  SINCE DEC 1   1107                      1176    -69      784
  SINCE JUL 1   1593                      1939   -346     1322

 COOLING
  YESTERDAY        0                         0      0        0
  MONTH TO DATE    0                         0      0        0
  SINCE DEC 1      0                         1     -1        2
  SINCE JAN 1      0                         0      0        0
..................................................................


WIND (MPH)
  HIGHEST WIND SPEED    23   HIGHEST WIND DIRECTION     S (200)
  HIGHEST GUST SPEED    32   HIGHEST GUST DIRECTION     S (200)
  AVERAGE WIND SPEED    13.1


SKY COVER
  POSSIBLE SUNSHINE  MM
  AVERAGE SKY COVER 1.0


WEATHER CONDITIONS
 THE FOLLOWING WEATHER WAS RECORDED YESTERDAY.
  RAIN
  LIGHT RAIN
  FOG


RELATIVE HUMIDITY (PERCENT)
 HIGHEST    93           600 PM
 LOWEST     61           300 PM
 AVERAGE    77

..........................................................


THE BOWLING GREEN KY CLIMATE NORMALS FOR TODAY
                         NORMAL    RECORD    YEAR
 MAXIMUM TEMPERATURE (F)   45        73      1911
                                             1907
 MINIMUM TEMPERATURE (F)   26       -12      1918


SUNRISE AND SUNSET
JANUARY 13 2017.......SUNRISE   658 AM CST   SUNSET   451 PM CST
JANUARY 14 2017.......SUNRISE   658 AM CST   SUNSET   452 PM CST


-  INDICATES NEGATIVE NUMBERS.
R  INDICATES RECORD WAS SET OR TIED.
MM INDICATES DATA IS MISSING.
T  INDICATES TRACE AMOUNT.




$$
