000
CDUS43 KLMK 272030
CLIBWG


CLIMATE REPORT
NATIONAL WEATHER SERVICE LOUISVILLE KY
429 PM EDT MON MAR 27 2017


...................................

...THE BOWLING GREEN CLIMATE SUMMARY FOR MARCH 27 2017...
VALID TODAY AS OF 0400 PM LOCAL TIME.

CLIMATE NORMAL PERIOD 1981 TO 2010
CLIMATE RECORD PERIOD 1870 TO 2017


WEATHER ITEM   OBSERVED TIME   RECORD YEAR NORMAL DEPARTURE LAST
                VALUE   (LST)  VALUE       VALUE  FROM      YEAR
                                                  NORMAL
..................................................................
TEMPERATURE (F)
 TODAY
  MAXIMUM         75    144 PM  90    1910  64     11       74
  MINIMUM         49    341 AM  15    1955  40      9       48
                                      1947
  AVERAGE         62                        52     10       61

PRECIPITATION (IN)
  TODAY            0.09          2.38 1932   0.15  -0.06     0.20
  MONTH TO DATE    2.82                      3.80  -0.98     2.60
  SINCE MAR 1      2.82                      3.80  -0.98     2.60
  SINCE JAN 1      9.40                     11.37  -1.97     9.18

SNOWFALL (IN)
  TODAY            0.0           7.4  1947   0.1   -0.1      0.0
  MONTH TO DATE    T                         1.0   -1.0       T
  SINCE MAR 1      T                         1.0   -1.0       T
  SINCE JUL 1      0.7                       8.8   -8.1     24.0
  SNOW DEPTH       0

DEGREE DAYS
 HEATING
  TODAY            3                        13    -10        4
  MONTH TO DATE  421                       469    -48      313
  SINCE MAR 1    421                       469    -48      313
  SINCE JUL 1   2802                      3667   -865     2913

 COOLING
  TODAY            0                         0      0        0
  MONTH TO DATE    5                         0      5        0
  SINCE MAR 1      5                         0      5        0
  SINCE JAN 1      9                         0      9        0
..................................................................


WIND (MPH)
  HIGHEST WIND SPEED    21   HIGHEST WIND DIRECTION     S (180)
  HIGHEST GUST SPEED    26   HIGHEST GUST DIRECTION     S (180)
  AVERAGE WIND SPEED     4.4


SKY COVER
  POSSIBLE SUNSHINE  MM
  AVERAGE SKY COVER 0.3


WEATHER CONDITIONS
 THE FOLLOWING WEATHER WAS RECORDED TODAY.
  HEAVY RAIN
  LIGHT RAIN
  FOG


RELATIVE HUMIDITY (PERCENT)
 HIGHEST    96           300 AM
 LOWEST     54           200 PM
 AVERAGE    75

..........................................................


THE BOWLING GREEN CLIMATE NORMALS FOR TOMORROW
                         NORMAL    RECORD    YEAR
 MAXIMUM TEMPERATURE (F)   64        89      1907
 MINIMUM TEMPERATURE (F)   40         4      1947


SUNRISE AND SUNSET
MARCH 27 2017.........SUNRISE   639 AM CDT   SUNSET   704 PM CDT
MARCH 28 2017.........SUNRISE   637 AM CDT   SUNSET   705 PM CDT


-  INDICATES NEGATIVE NUMBERS.
R  INDICATES RECORD WAS SET OR TIED.
MM INDICATES DATA IS MISSING.
T  INDICATES TRACE AMOUNT.




$$
