000
CDUS43 KLMK 142029
CLIBWG

CLIMATE REPORT
NATIONAL WEATHER SERVICE LOUISVILLE KY
427 PM EDT SUN SEP 14 2014


...................................

...THE BOWLING GREEN CLIMATE SUMMARY FOR SEPTEMBER 14 2014...
VALID TODAY AS OF 0400 PM LOCAL TIME.

CLIMATE NORMAL PERIOD 1981 TO 2010
CLIMATE RECORD PERIOD 1870 TO 2014


WEATHER ITEM   OBSERVED TIME   RECORD YEAR NORMAL DEPARTURE LAST
                VALUE   (LST)  VALUE       VALUE  FROM      YEAR
                                                  NORMAL
..................................................................
TEMPERATURE (F)
 TODAY
  MAXIMUM         75    200 PM 103    1939  83     -8       72
  MINIMUM         48    620 AM  35    1902  59    -11       48
  AVERAGE         62                        71     -9       60

PRECIPITATION (IN)
  TODAY            0.00          1.61 1901   0.13  -0.13     0.00
  MONTH TO DATE    0.14                      1.84  -1.70     3.50
  SINCE SEP 1      0.14                      1.84  -1.70     3.50
  SINCE JAN 1     36.30                     35.40   0.90    46.20

SNOWFALL (IN)
  TODAY            0.0           0.0    MM   0.0    0.0      0.0
  MONTH TO DATE    0.0                       0.0    0.0      0.0
  SINCE SEP 1      0.0                       0.0    0.0      0.0
  SINCE JUL 1      0.0                       0.0    0.0      0.0
  SNOW DEPTH       0

DEGREE DAYS
 HEATING
  TODAY            3                         1      2        5
  MONTH TO DATE   10                         1      9        6
  SINCE SEP 1     10                         1      9        6
  SINCE JUL 1     10                         2      8        6

 COOLING
  TODAY            0                         6     -6        0
  MONTH TO DATE  126                       117      9      136
  SINCE SEP 1    126                       117      9      136
  SINCE JAN 1   1403                      1386     17     1396
..................................................................


WIND (MPH)
  HIGHEST WIND SPEED     9   HIGHEST WIND DIRECTION     E (80)
  HIGHEST GUST SPEED    13   HIGHEST GUST DIRECTION    NW (310)
  AVERAGE WIND SPEED     2.5


SKY COVER
  POSSIBLE SUNSHINE   0 PERCENT
  AVERAGE SKY COVER 0.0


WEATHER CONDITIONS
 THE FOLLOWING WEATHER WAS RECORDED TODAY.
  NO SIGNIFICANT WEATHER WAS OBSERVED.


RELATIVE HUMIDITY (PERCENT)
 HIGHEST    76           410 AM
 LOWEST     43           210 PM
 AVERAGE    60

..........................................................


THE BOWLING GREEN CLIMATE NORMALS FOR TOMORROW
                         NORMAL    RECORD    YEAR
 MAXIMUM TEMPERATURE (F)   82       102      1927
 MINIMUM TEMPERATURE (F)   58        39      1902


SUNRISE AND SUNSET
SEPTEMBER 14 2014.....SUNRISE   627 AM CDT   SUNSET   655 PM CDT
SEPTEMBER 15 2014.....SUNRISE   628 AM CDT   SUNSET   653 PM CDT


-  INDICATES NEGATIVE NUMBERS.
R  INDICATES RECORD WAS SET OR TIED.
MM INDICATES DATA IS MISSING.
T  INDICATES TRACE AMOUNT.




$$
