386
CDUS43 KLMK 272029
CLIBWG


CLIMATE REPORT
NATIONAL WEATHER SERVICE LOUISVILLE KY
428 PM EDT TUE SEP 27 2016


...................................

...THE BOWLING GREEN CLIMATE SUMMARY FOR SEPTEMBER 27 2016...
VALID TODAY AS OF 0400 PM LOCAL TIME.

CLIMATE NORMAL PERIOD 1981 TO 2010
CLIMATE RECORD PERIOD 1870 TO 2016


WEATHER ITEM   OBSERVED TIME   RECORD YEAR NORMAL DEPARTURE LAST
                VALUE   (LST)  VALUE       VALUE  FROM      YEAR
                                                  NORMAL
..................................................................
TEMPERATURE (F)
 TODAY
  MAXIMUM         76    159 PM  95    1911  78     -2       81
  MINIMUM         48    603 AM  35    1899  53     -5       66
  AVERAGE         62                        66     -4       74

PRECIPITATION (IN)
  TODAY            0.00          2.20 1996   0.13  -0.13     0.00
  MONTH TO DATE    1.33                      3.53  -2.20     0.86
  SINCE SEP 1      1.33                      3.53  -2.20     0.86
  SINCE JAN 1     39.25                     37.09   2.16    35.90

SNOWFALL (IN)
  TODAY            0.0           0.0    MM   0.0    0.0      0.0
  MONTH TO DATE    0.0                       0.0    0.0      0.0
  SINCE SEP 1      0.0                       0.0    0.0      0.0
  SINCE JUL 1      0.0                       0.0    0.0      0.0
  SNOW DEPTH       0

DEGREE DAYS
 HEATING
  TODAY            3                         3      0        0
  MONTH TO DATE    5                        23    -18        8
  SINCE SEP 1      5                        23    -18        8
  SINCE JUL 1      5                        24    -19        8

 COOLING
  TODAY            0                         3     -3        9
  MONTH TO DATE  303                       177    126      225
  SINCE SEP 1    303                       177    126      225
  SINCE JAN 1   1862                      1446    416     1606
..................................................................


WIND (MPH)
  HIGHEST WIND SPEED     8   HIGHEST WIND DIRECTION    NW (320)
  HIGHEST GUST SPEED    13   HIGHEST GUST DIRECTION     W (260)
  AVERAGE WIND SPEED     1.1


SKY COVER
  POSSIBLE SUNSHINE  MM
  AVERAGE SKY COVER 0.4


WEATHER CONDITIONS
 THE FOLLOWING WEATHER WAS RECORDED TODAY.
  FOG
  FOG W/VISIBILITY <= 1/4 MILE


RELATIVE HUMIDITY (PERCENT)
 HIGHEST   100           700 AM
 LOWEST     29          1100 AM
 AVERAGE    65

..........................................................


THE BOWLING GREEN CLIMATE NORMALS FOR TOMORROW
                         NORMAL    RECORD    YEAR
 MAXIMUM TEMPERATURE (F)   78        95      1939
                                             1911
 MINIMUM TEMPERATURE (F)   53        32      1889


SUNRISE AND SUNSET
SEPTEMBER 27 2016.....SUNRISE   638 AM CDT   SUNSET   634 PM CDT
SEPTEMBER 28 2016.....SUNRISE   639 AM CDT   SUNSET   633 PM CDT


-  INDICATES NEGATIVE NUMBERS.
R  INDICATES RECORD WAS SET OR TIED.
MM INDICATES DATA IS MISSING.
T  INDICATES TRACE AMOUNT.




$$
