000
CDUS43 KLMK 190630
CLIBWG


CLIMATE REPORT
NATIONAL WEATHER SERVICE LOUISVILLE KY
229 AM EDT TUE SEP 19 2017


...................................

...THE BOWLING GREEN KY CLIMATE SUMMARY FOR SEPTEMBER 18 2017...

CLIMATE NORMAL PERIOD 1981 TO 2010
CLIMATE RECORD PERIOD 1870 TO 2017


WEATHER ITEM   OBSERVED TIME   RECORD YEAR NORMAL DEPARTURE LAST
                VALUE   (LST)  VALUE       VALUE  FROM      YEAR
                                                  NORMAL
..................................................................
TEMPERATURE (F)
 YESTERDAY
  MAXIMUM         89    215 PM 100    1931  81      8       87
  MINIMUM         61    456 AM  35    1903  57      4       71
  AVERAGE         75                        69      6       79

PRECIPITATION (IN)
  YESTERDAY        0.57          1.85 1915   0.13   0.44     0.00
  MONTH TO DATE    6.33                      2.36   3.97     1.02
  SINCE SEP 1      6.33                      2.36   3.97     1.02
  SINCE JAN 1     43.41                     35.92   7.49    38.94

SNOWFALL (IN)
  YESTERDAY        0.0           0.0    MM   0.0    0.0      0.0
  MONTH TO DATE    0.0                       0.0    0.0      0.0
  SINCE SEP 1      0.0                       0.0    0.0      0.0
  SINCE JUL 1      0.0                       0.0    0.0      0.0
  SNOW DEPTH       0

DEGREE DAYS
 HEATING
  YESTERDAY        0                         1     -1        0
  MONTH TO DATE   18                         5     13        0
  SINCE SEP 1     18                         5     13        0
  SINCE JUL 1     18                         6     12        0

 COOLING
  YESTERDAY       10                         5      5       14
  MONTH TO DATE   60                       140    -80      223
  SINCE SEP 1     60                       140    -80      223
  SINCE JAN 1   1412                      1409      3     1782
..................................................................


WIND (MPH)
  HIGHEST WIND SPEED    21   HIGHEST WIND DIRECTION    NW (310)
  HIGHEST GUST SPEED    29   HIGHEST GUST DIRECTION    NW (310)
  AVERAGE WIND SPEED     2.9


SKY COVER
  POSSIBLE SUNSHINE  MM
  AVERAGE SKY COVER 0.3


WEATHER CONDITIONS
 THE FOLLOWING WEATHER WAS RECORDED YESTERDAY.
  THUNDERSTORM
  HEAVY RAIN
  RAIN
  LIGHT RAIN
  FOG
  FOG W/VISIBILITY <= 1/4 MILE


RELATIVE HUMIDITY (PERCENT)
 HIGHEST   100          1200 AM
 LOWEST     44           200 PM
 AVERAGE    72

..........................................................


THE BOWLING GREEN KY CLIMATE NORMALS FOR TODAY
                         NORMAL    RECORD    YEAR
 MAXIMUM TEMPERATURE (F)   81       100      1931
                                             1925
 MINIMUM TEMPERATURE (F)   57        36      1903


SUNRISE AND SUNSET
SEPTEMBER 19 2017.....SUNRISE   631 AM CDT   SUNSET   647 PM CDT
SEPTEMBER 20 2017.....SUNRISE   632 AM CDT   SUNSET   645 PM CDT


-  INDICATES NEGATIVE NUMBERS.
R  INDICATES RECORD WAS SET OR TIED.
MM INDICATES DATA IS MISSING.
T  INDICATES TRACE AMOUNT.




$$
