000
CDUS43 KLMK 292030
CLIBWG


CLIMATE REPORT
NATIONAL WEATHER SERVICE LOUISVILLE KY
429 PM EDT WED JUL 29 2015


...................................

...THE BOWLING GREEN CLIMATE SUMMARY FOR JULY 29 2015...
VALID TODAY AS OF 0400 PM LOCAL TIME.

CLIMATE NORMAL PERIOD 1981 TO 2010
CLIMATE RECORD PERIOD 1870 TO 2015


WEATHER ITEM   OBSERVED TIME   RECORD YEAR NORMAL DEPARTURE LAST
                VALUE   (LST)  VALUE       VALUE  FROM      YEAR
                                                  NORMAL
..................................................................
TEMPERATURE (F)
 TODAY
  MAXIMUM         93    139 PM 106    1930  90      3       79
  MINIMUM         72    507 AM  52    1925  68      4       57
  AVERAGE         83                        79      4       68

PRECIPITATION (IN)
  TODAY            0.00          3.76 1972   0.11  -0.11     0.00
  MONTH TO DATE    6.11                      3.89   2.22     2.53
  SINCE JUN 1      9.22                      8.09   1.13     4.25
  SINCE JAN 1     33.41                     30.02   3.39    24.83

SNOWFALL (IN)
  TODAY            0.0           0.0    MM   0.0    0.0      0.0
  MONTH TO DATE    0.0                       0.0    0.0      0.0
  SINCE JUN 1      0.0                       0.0    0.0      0.0
  SINCE JUL 1      0.0                       0.0    0.0      0.0
  SNOW DEPTH       0

DEGREE DAYS
 HEATING
  TODAY            0                         0      0        0
  MONTH TO DATE    0                         0      0        0
  SINCE JUN 1      3                         5     -2        0
  SINCE JUL 1      0                         0      0        0

 COOLING
  TODAY           18                        14      4        3
  MONTH TO DATE  456                       401     55      304
  SINCE JUN 1    835                       706    129      653
  SINCE JAN 1   1038                       859    179      850
..................................................................


WIND (MPH)
  HIGHEST WIND SPEED    10   HIGHEST WIND DIRECTION    SW (230)
  HIGHEST GUST SPEED    13   HIGHEST GUST DIRECTION    SW (240)
  AVERAGE WIND SPEED     2.2


SKY COVER
  POSSIBLE SUNSHINE   0 PERCENT
  AVERAGE SKY COVER 0.0


WEATHER CONDITIONS
 THE FOLLOWING WEATHER WAS RECORDED TODAY.
  NO SIGNIFICANT WEATHER WAS OBSERVED.


RELATIVE HUMIDITY (PERCENT)
 HIGHEST     0          1200 AM
 LOWEST      0          1200 AM
 AVERAGE     0

..........................................................


THE BOWLING GREEN CLIMATE NORMALS FOR TOMORROW
                         NORMAL    RECORD    YEAR
 MAXIMUM TEMPERATURE (F)   90       103      1999
 MINIMUM TEMPERATURE (F)   68        53      1965


SUNRISE AND SUNSET
JULY 29 2015..........SUNRISE   548 AM CDT   SUNSET   756 PM CDT
JULY 30 2015..........SUNRISE   549 AM CDT   SUNSET   755 PM CDT


-  INDICATES NEGATIVE NUMBERS.
R  INDICATES RECORD WAS SET OR TIED.
MM INDICATES DATA IS MISSING.
T  INDICATES TRACE AMOUNT.




$$
