806
CDUS43 KLMK 112127
CLIBWG


CLIMATE REPORT
NATIONAL WEATHER SERVICE LOUISVILLE KY
427 PM EST THU FEB 11 2016


...................................

...THE BOWLING GREEN CLIMATE SUMMARY FOR FEBRUARY 11 2016...
VALID TODAY AS OF 0400 PM LOCAL TIME.

CLIMATE NORMAL PERIOD 1981 TO 2010
CLIMATE RECORD PERIOD 1870 TO 2016


WEATHER ITEM   OBSERVED TIME   RECORD YEAR NORMAL DEPARTURE LAST
                VALUE   (LST)  VALUE       VALUE  FROM      YEAR
                                                  NORMAL
..................................................................
TEMPERATURE (F)
 TODAY
  MAXIMUM         38    300 PM  72    1999  49    -11       52
                                      1938
  MINIMUM         24    712 AM  -4    1885  29     -5       22
  AVERAGE         31                        39     -8       37

PRECIPITATION (IN)
  TODAY            0.00          2.06 1965   0.14  -0.14     0.00
  MONTH TO DATE    1.83                      1.60   0.23     1.00
  SINCE DEC 1      8.87                     10.01  -1.14     4.57
  SINCE JAN 1      3.64                      5.21  -1.57     2.88

SNOWFALL (IN)
  TODAY            0.0           4.0  1988   0.1   -0.1      0.0
                                      1933
  MONTH TO DATE    2.0                       1.6    0.4       T
  SINCE DEC 1     16.8                       6.1   10.7      3.4
  SINCE JUL 1     16.8                       6.1   10.7      3.7
  SNOW DEPTH       0

DEGREE DAYS
 HEATING
  TODAY           34                        26      8       28
  MONTH TO DATE  296                       299     -3      286
  SINCE DEC 1   1681                      2028   -347     1934
  SINCE JUL 1   2219                      2791   -572     2831

 COOLING
  TODAY            0                         0      0        0
  MONTH TO DATE    0                         0      0        0
  SINCE DEC 1      2                         1      1        0
  SINCE JAN 1      0                         0      0        0
..................................................................


WIND (MPH)
  HIGHEST WIND SPEED     8   HIGHEST WIND DIRECTION    NE (30)
  HIGHEST GUST SPEED    13   HIGHEST GUST DIRECTION    NE (50)
  AVERAGE WIND SPEED     4.8


SKY COVER
  POSSIBLE SUNSHINE  MM
  AVERAGE SKY COVER 0.7


WEATHER CONDITIONS
 THE FOLLOWING WEATHER WAS RECORDED TODAY.
  NO SIGNIFICANT WEATHER WAS OBSERVED.


RELATIVE HUMIDITY (PERCENT)
 HIGHEST    81           100 AM
 LOWEST     44           300 PM
 AVERAGE    63

..........................................................


THE BOWLING GREEN CLIMATE NORMALS FOR TOMORROW
                         NORMAL    RECORD    YEAR
 MAXIMUM TEMPERATURE (F)   49        76      1938
 MINIMUM TEMPERATURE (F)   29        -9      1899


SUNRISE AND SUNSET
FEBRUARY 11 2016......SUNRISE   639 AM CST   SUNSET   521 PM CST
FEBRUARY 12 2016......SUNRISE   638 AM CST   SUNSET   522 PM CST


-  INDICATES NEGATIVE NUMBERS.
R  INDICATES RECORD WAS SET OR TIED.
MM INDICATES DATA IS MISSING.
T  INDICATES TRACE AMOUNT.




$$
