000
CDUS43 KLMK 180638
CLIBWG


CLIMATE REPORT
NATIONAL WEATHER SERVICE LOUISVILLE KY
237 AM EDT SAT OCT 18 2014


...................................

...THE BOWLING GREEN KY CLIMATE SUMMARY FOR OCTOBER 17 2014...

CLIMATE NORMAL PERIOD 1981 TO 2010
CLIMATE RECORD PERIOD 1870 TO 2014


WEATHER ITEM   OBSERVED TIME   RECORD YEAR NORMAL DEPARTURE LAST
                VALUE   (LST)  VALUE       VALUE  FROM      YEAR
                                                  NORMAL
..................................................................
TEMPERATURE (F)
 YESTERDAY
  MAXIMUM         77    230 PM  90    1917  71      6       64
  MINIMUM         44    230 AM  29    1948  46     -2       43
  AVERAGE         61                        58      3       54

PRECIPITATION (IN)
  YESTERDAY        0.00          3.08 1975   0.11  -0.11     0.18
  MONTH TO DATE    4.98                      1.84   3.14     2.51
  SINCE SEP 1      5.35                      5.77  -0.42     7.60
  SINCE JAN 1     41.51                     39.33   2.18    50.30

SNOWFALL (IN)
  YESTERDAY        0.0           0.0    MM   0.0    0.0      0.0
  MONTH TO DATE    0.0                       0.0    0.0      0.0
  SINCE SEP 1      0.0                       0.0    0.0      0.0
  SINCE JUL 1      0.0                       0.0    0.0      0.0
  SNOW DEPTH       0

DEGREE DAYS
 HEATING
  YESTERDAY        4                         7     -3       11
  MONTH TO DATE   63                        94    -31       41
  SINCE SEP 1     87                       129    -42       53
  SINCE JUL 1     87                       130    -43       53

 COOLING
  YESTERDAY        0                         1     -1        0
  MONTH TO DATE   29                        26      3       43
  SINCE SEP 1    208                       212     -4      235
  SINCE JAN 1   1485                      1481      4     1495
..................................................................


WIND (MPH)
  HIGHEST WIND SPEED    18   HIGHEST WIND DIRECTION     W (260)
  HIGHEST GUST SPEED    23   HIGHEST GUST DIRECTION     W (270)
  AVERAGE WIND SPEED     8.0


SKY COVER
  POSSIBLE SUNSHINE  MM
  AVERAGE SKY COVER 0.0


WEATHER CONDITIONS
 THE FOLLOWING WEATHER WAS RECORDED YESTERDAY.
  FOG


RELATIVE HUMIDITY (PERCENT)
 HIGHEST    93           100 AM
 LOWEST     38           400 PM
 AVERAGE    66

..........................................................


THE BOWLING GREEN KY CLIMATE NORMALS FOR TODAY
                         NORMAL    RECORD    YEAR
 MAXIMUM TEMPERATURE (F)   71        88      1963
                                             1920
 MINIMUM TEMPERATURE (F)   46        27      1948


SUNRISE AND SUNSET
OCTOBER 18 2014.......SUNRISE   656 AM CDT   SUNSET   605 PM CDT
OCTOBER 19 2014.......SUNRISE   657 AM CDT   SUNSET   604 PM CDT


-  INDICATES NEGATIVE NUMBERS.
R  INDICATES RECORD WAS SET OR TIED.
MM INDICATES DATA IS MISSING.
T  INDICATES TRACE AMOUNT.




$$
