000
CDUS43 KLMK 150631
CLIBWG


CLIMATE REPORT
NATIONAL WEATHER SERVICE LOUISVILLE KY
231 AM EDT FRI SEP 15 2017


...................................

...THE BOWLING GREEN KY CLIMATE SUMMARY FOR SEPTEMBER 14 2017...

CLIMATE NORMAL PERIOD 1981 TO 2010
CLIMATE RECORD PERIOD 1870 TO 2017


WEATHER ITEM   OBSERVED TIME   RECORD YEAR NORMAL DEPARTURE LAST
                VALUE   (LST)  VALUE       VALUE  FROM      YEAR
                                                  NORMAL
..................................................................
TEMPERATURE (F)
 YESTERDAY
  MAXIMUM         77    435 PM 103    1939  83     -6       91
  MINIMUM         63   1159 PM  35    1902  59      4       68
  AVERAGE         70                        71     -1       80

PRECIPITATION (IN)
  YESTERDAY        0.06          1.61 1901   0.13  -0.07     0.00
  MONTH TO DATE    5.76                      1.84   3.92     0.03
  SINCE SEP 1      5.76                      1.84   3.92     0.03
  SINCE JAN 1     42.84                     35.40   7.44    37.95

SNOWFALL (IN)
  YESTERDAY        0.0           0.0    MM   0.0    0.0      0.0
  MONTH TO DATE    0.0                       0.0    0.0      0.0
  SINCE SEP 1      0.0                       0.0    0.0      0.0
  SINCE JUL 1      0.0                       0.0    0.0      0.0
  SNOW DEPTH       0

DEGREE DAYS
 HEATING
  YESTERDAY        0                         1     -1        0
  MONTH TO DATE   18                         1     17        0
  SINCE SEP 1     18                         1     17        0
  SINCE JUL 1     18                         2     16        0

 COOLING
  YESTERDAY        5                         6     -1       15
  MONTH TO DATE   24                       117    -93      168
  SINCE SEP 1     24                       117    -93      168
  SINCE JAN 1   1376                      1386    -10     1727
..................................................................


WIND (MPH)
  HIGHEST WIND SPEED     9   HIGHEST WIND DIRECTION     S (190)
  HIGHEST GUST SPEED    12   HIGHEST GUST DIRECTION    SW (220)
  AVERAGE WIND SPEED     4.4


SKY COVER
  POSSIBLE SUNSHINE  MM
  AVERAGE SKY COVER 0.9


WEATHER CONDITIONS
 THE FOLLOWING WEATHER WAS RECORDED YESTERDAY.
  RAIN
  LIGHT RAIN
  FOG
  FOG W/VISIBILITY <= 1/4 MILE


RELATIVE HUMIDITY (PERCENT)
 HIGHEST   100           200 AM
 LOWEST     74           200 PM
 AVERAGE    87

..........................................................


THE BOWLING GREEN KY CLIMATE NORMALS FOR TODAY
                         NORMAL    RECORD    YEAR
 MAXIMUM TEMPERATURE (F)   82       102      1927
 MINIMUM TEMPERATURE (F)   58        39      1902


SUNRISE AND SUNSET
SEPTEMBER 15 2017.....SUNRISE   628 AM CDT   SUNSET   653 PM CDT
SEPTEMBER 16 2017.....SUNRISE   629 AM CDT   SUNSET   651 PM CDT


-  INDICATES NEGATIVE NUMBERS.
R  INDICATES RECORD WAS SET OR TIED.
MM INDICATES DATA IS MISSING.
T  INDICATES TRACE AMOUNT.




$$
