000
CDUS43 KLMK 130628
CLIBWG


CLIMATE REPORT
NATIONAL WEATHER SERVICE LOUISVILLE KY
128 AM EST SAT DEC 13 2014


...................................

...THE BOWLING GREEN KY CLIMATE SUMMARY FOR DECEMBER 12 2014...

CLIMATE NORMAL PERIOD 1981 TO 2010
CLIMATE RECORD PERIOD 1870 TO 2014


WEATHER ITEM   OBSERVED TIME   RECORD YEAR NORMAL DEPARTURE LAST
                VALUE   (LST)  VALUE       VALUE  FROM      YEAR
                                                  NORMAL
..................................................................
TEMPERATURE (F)
 YESTERDAY
  MAXIMUM         47    331 PM  68    1972  49     -2       33
                                      1929
                                      1896
  MINIMUM         22    658 AM  -5    1962  30     -8       15
  AVERAGE         35                        39     -4       24

PRECIPITATION (IN)
  YESTERDAY        0.00          4.47 1949   0.17  -0.17     0.00
  MONTH TO DATE    1.05                      1.97  -0.92     2.55
  SINCE DEC 1      1.05                      1.97  -0.92     2.55
  SINCE JAN 1     45.48                     47.06  -1.58    57.20

SNOWFALL (IN)
  YESTERDAY        0.0           3.0  2010   0.0    0.0      0.0
  MONTH TO DATE    0.0                       0.2   -0.2      0.1
  SINCE DEC 1      0.0                       0.2   -0.2      0.1
  SINCE JUL 1      0.3                       0.2    0.1      1.2
  SNOW DEPTH       0

DEGREE DAYS
 HEATING
  YESTERDAY       30                        26      4       41
  MONTH TO DATE  260                       290    -30      305
  SINCE DEC 1    260                       290    -30      305
  SINCE JUL 1   1157                      1053    104     1185

 COOLING
  YESTERDAY        0                         0      0        0
  MONTH TO DATE    0                         0      0        0
  SINCE DEC 1      0                         0      0        0
  SINCE JAN 1   1488                      1491     -3     1499
..................................................................


WIND (MPH)
  HIGHEST WIND SPEED     6   HIGHEST WIND DIRECTION    NW (320)
  HIGHEST GUST SPEED     9   HIGHEST GUST DIRECTION    NW (310)
  AVERAGE WIND SPEED     0.6


SKY COVER
  POSSIBLE SUNSHINE  MM
  AVERAGE SKY COVER 0.2


WEATHER CONDITIONS
 THE FOLLOWING WEATHER WAS RECORDED YESTERDAY.
  FOG
  HAZE


RELATIVE HUMIDITY (PERCENT)
 HIGHEST    92           700 AM
 LOWEST     42           300 PM
 AVERAGE    67

..........................................................


THE BOWLING GREEN KY CLIMATE NORMALS FOR TODAY
                         NORMAL    RECORD    YEAR
 MAXIMUM TEMPERATURE (F)   48        76      1927
 MINIMUM TEMPERATURE (F)   30        -8      1962


SUNRISE AND SUNSET
DECEMBER 13 2014......SUNRISE   650 AM CST   SUNSET   430 PM CST
DECEMBER 14 2014......SUNRISE   651 AM CST   SUNSET   430 PM CST


-  INDICATES NEGATIVE NUMBERS.
R  INDICATES RECORD WAS SET OR TIED.
MM INDICATES DATA IS MISSING.
T  INDICATES TRACE AMOUNT.




$$
