000
CDUS43 KLMK 230628
CLIBWG


CLIMATE REPORT
NATIONAL WEATHER SERVICE LOUISVILLE KY
128 AM EST MON FEB 23 2015


...................................

...THE BOWLING GREEN KY CLIMATE SUMMARY FOR FEBRUARY 22 2015...

CLIMATE NORMAL PERIOD 1981 TO 2010
CLIMATE RECORD PERIOD 1870 TO 2015


WEATHER ITEM   OBSERVED TIME   RECORD YEAR NORMAL DEPARTURE LAST
                VALUE   (LST)  VALUE       VALUE  FROM      YEAR
                                                  NORMAL
..................................................................
TEMPERATURE (F)
 YESTERDAY
  MAXIMUM         39   1257 PM  74    1922  52    -13       65
  MINIMUM         27   1159 PM   0    1963  31     -4       32
  AVERAGE         33                        42     -9       49

PRECIPITATION (IN)
  YESTERDAY        0.00          1.87 1994   0.14  -0.14     0.00
  MONTH TO DATE    4.00                      3.13   0.87     5.34
  SINCE DEC 1      7.57                     11.54  -3.97    12.10
  SINCE JAN 1      5.88                      6.74  -0.86     7.09

SNOWFALL (IN)
  YESTERDAY        0.0           0.4  1989   0.1   -0.1      0.0
  MONTH TO DATE   12.6                       2.9    9.7      2.0
  SINCE DEC 1     16.0                       7.4    8.6      4.2
  SINCE JUL 1     16.3                       7.4    8.9      5.3
  SNOW DEPTH       5

DEGREE DAYS
 HEATING
  YESTERDAY       32                        23      9       16
  MONTH TO DATE  764                       571    193      637
  SINCE DEC 1   2412                      2300    112     2540
  SINCE JUL 1   3309                      3063    246     3420

 COOLING
  YESTERDAY        0                         0      0        0
  MONTH TO DATE    0                         0      0        0
  SINCE DEC 1      0                         1     -1        2
  SINCE JAN 1      0                         0      0        0
..................................................................


WIND (MPH)
  HIGHEST WIND SPEED    13   HIGHEST WIND DIRECTION    NW (330)
  HIGHEST GUST SPEED    18   HIGHEST GUST DIRECTION    NW (320)
  AVERAGE WIND SPEED     6.4


SKY COVER
  POSSIBLE SUNSHINE  MM
  AVERAGE SKY COVER 0.9


WEATHER CONDITIONS
 THE FOLLOWING WEATHER WAS RECORDED YESTERDAY.
  FOG
  HAZE


RELATIVE HUMIDITY (PERCENT)
 HIGHEST    89          1200 AM
 LOWEST     59          1200 PM
 AVERAGE    74

..........................................................


THE BOWLING GREEN KY CLIMATE NORMALS FOR TODAY
                         NORMAL    RECORD    YEAR
 MAXIMUM TEMPERATURE (F)   52        79      1982
 MINIMUM TEMPERATURE (F)   32         4      1929


SUNRISE AND SUNSET
FEBRUARY 23 2015......SUNRISE   625 AM CST   SUNSET   534 PM CST
FEBRUARY 24 2015......SUNRISE   624 AM CST   SUNSET   535 PM CST


-  INDICATES NEGATIVE NUMBERS.
R  INDICATES RECORD WAS SET OR TIED.
MM INDICATES DATA IS MISSING.
T  INDICATES TRACE AMOUNT.




$$
