000
CDUS43 KLMK 232132
CLIBWG


CLIMATE REPORT
NATIONAL WEATHER SERVICE LOUISVILLE KY
432 PM EST SUN NOV 23 2014


...................................

...THE BOWLING GREEN CLIMATE SUMMARY FOR NOVEMBER 23 2014...
VALID TODAY AS OF 0400 PM LOCAL TIME.

CLIMATE NORMAL PERIOD 1981 TO 2010
CLIMATE RECORD PERIOD 1870 TO 2014


WEATHER ITEM   OBSERVED TIME   RECORD YEAR NORMAL DEPARTURE LAST
                VALUE   (LST)  VALUE       VALUE  FROM      YEAR
                                                  NORMAL
..................................................................
TEMPERATURE (F)
 TODAY
  MAXIMUM         61   1125 AM  78    1931  56      5       46
  MINIMUM         46    409 AM  10    1880  35     11       24
  AVERAGE         54                        46      8       35

PRECIPITATION (IN)
  TODAY            0.29          1.78 1979   0.15   0.14     0.00
  MONTH TO DATE    2.14                      3.13  -0.99     2.63
  SINCE SEP 1      7.89                     10.44  -2.55    11.76
  SINCE JAN 1     44.05                     44.00   0.05    54.46

SNOWFALL (IN)
  TODAY            0.0           2.1  1950   0.0    0.0      0.0
  MONTH TO DATE    0.3                       0.0    0.3       T
  SINCE SEP 1      0.3                       T      0.3       T
  SINCE JUL 1      0.3                       T      0.3       T
  SNOW DEPTH       0

DEGREE DAYS
 HEATING
  TODAY           11                        19     -8       30
  MONTH TO DATE  534                       353    181      401
  SINCE SEP 1    752                       615    137      651
  SINCE JUL 1    752                       616    136      651

 COOLING
  TODAY            0                         0      0        0
  MONTH TO DATE    0                         0      0        0
  SINCE SEP 1    211                       219     -8      239
  SINCE JAN 1   1488                      1488      0     1499
..................................................................


WIND (MPH)
  HIGHEST WIND SPEED    17   HIGHEST WIND DIRECTION    SE (140)
  HIGHEST GUST SPEED    22   HIGHEST GUST DIRECTION    SE (140)
  AVERAGE WIND SPEED     8.0


SKY COVER
  POSSIBLE SUNSHINE  MM
  AVERAGE SKY COVER 0.8


WEATHER CONDITIONS
 THE FOLLOWING WEATHER WAS RECORDED TODAY.
  HEAVY RAIN
  RAIN
  LIGHT RAIN
  FOG


RELATIVE HUMIDITY (PERCENT)
 HIGHEST    93           300 PM
 LOWEST     51          1200 AM
 AVERAGE    72

..........................................................


THE BOWLING GREEN CLIMATE NORMALS FOR TOMORROW
                         NORMAL    RECORD    YEAR
 MAXIMUM TEMPERATURE (F)   56        75      1931
 MINIMUM TEMPERATURE (F)   35         2      1950


SUNRISE AND SUNSET
NOVEMBER 23 2014......SUNRISE   632 AM CST   SUNSET   432 PM CST
NOVEMBER 24 2014......SUNRISE   633 AM CST   SUNSET   431 PM CST


-  INDICATES NEGATIVE NUMBERS.
R  INDICATES RECORD WAS SET OR TIED.
MM INDICATES DATA IS MISSING.
T  INDICATES TRACE AMOUNT.




$$
