000
CDUS43 KLMK 090640
CLIBWG


CLIMATE REPORT
NATIONAL WEATHER SERVICE LOUISVILLE KY
140 AM EST TUE JAN 9 2018


...................................

...THE BOWLING GREEN KY CLIMATE SUMMARY FOR JANUARY 8 2018...

CLIMATE NORMAL PERIOD 1981 TO 2010
CLIMATE RECORD PERIOD 1870 TO 2018


WEATHER ITEM   OBSERVED TIME   RECORD YEAR NORMAL DEPARTURE LAST
                VALUE   (LST)  VALUE       VALUE  FROM      YEAR
                                                  NORMAL
..................................................................
TEMPERATURE (F)
 YESTERDAY
  MAXIMUM         42   1259 AM  69    2008  45     -3       28
                                      2006
  MINIMUM         35   1102 PM -12    1877  26      9        9
  AVERAGE         39                        35      4       19

PRECIPITATION (IN)
  YESTERDAY        0.43          3.40 1920   0.11   0.32     0.00
  MONTH TO DATE    0.43                      0.94  -0.51     0.96
  SINCE DEC 1      3.92                      5.74  -1.82     6.60
  SINCE JAN 1      0.43                      0.94  -0.51     0.96

SNOWFALL (IN)
  YESTERDAY        0.0           4.0  1926   0.1   -0.1      0.0
  MONTH TO DATE    T                         0.7   -0.7      0.7
  SINCE DEC 1      T                         1.9   -1.9      0.7
  SINCE JUL 1      T                         1.9   -1.9      0.7
  SNOW DEPTH       0

DEGREE DAYS
 HEATING
  YESTERDAY       26                        30     -4       46
  MONTH TO DATE  355                       235    120      252
  SINCE DEC 1   1192                      1056    136     1047
  SINCE JUL 1   1893                      1819     74     1533

 COOLING
  YESTERDAY        0                         0      0        0
  MONTH TO DATE    0                         0      0        0
  SINCE DEC 1      0                         1     -1        0
  SINCE JAN 1      0                         0      0        0
..................................................................


WIND (MPH)
  HIGHEST WIND SPEED    21   HIGHEST WIND DIRECTION     S (190)
  HIGHEST GUST SPEED    29   HIGHEST GUST DIRECTION     S (200)
  AVERAGE WIND SPEED     3.8


SKY COVER
  POSSIBLE SUNSHINE  MM
  AVERAGE SKY COVER 1.0


WEATHER CONDITIONS
 THE FOLLOWING WEATHER WAS RECORDED YESTERDAY.
  RAIN
  LIGHT RAIN
  LT FREEZING RAIN
  FOG
  FOG W/VISIBILITY <= 1/4 MILE


RELATIVE HUMIDITY (PERCENT)
 HIGHEST   100          1000 AM
 LOWEST     36           100 AM
 AVERAGE    68

..........................................................


THE BOWLING GREEN KY CLIMATE NORMALS FOR TODAY
                         NORMAL    RECORD    YEAR
 MAXIMUM TEMPERATURE (F)   45        70      1930
 MINIMUM TEMPERATURE (F)   26       -24      1877


SUNRISE AND SUNSET
JANUARY  9 2018.......SUNRISE   659 AM CST   SUNSET   447 PM CST
JANUARY 10 2018.......SUNRISE   659 AM CST   SUNSET   448 PM CST


-  INDICATES NEGATIVE NUMBERS.
R  INDICATES RECORD WAS SET OR TIED.
MM INDICATES DATA IS MISSING.
T  INDICATES TRACE AMOUNT.




$$
