000
CDUS43 KLMK 262028
CLIBWG


CLIMATE REPORT
NATIONAL WEATHER SERVICE LOUISVILLE KY
428 PM EDT WED APR 26 2017


...................................

...THE BOWLING GREEN CLIMATE SUMMARY FOR APRIL 26 2017...
VALID TODAY AS OF 0400 PM LOCAL TIME.

CLIMATE NORMAL PERIOD 1981 TO 2010
CLIMATE RECORD PERIOD 1870 TO 2017


WEATHER ITEM   OBSERVED TIME   RECORD YEAR NORMAL DEPARTURE LAST
                VALUE   (LST)  VALUE       VALUE  FROM      YEAR
                                                  NORMAL
..................................................................
TEMPERATURE (F)
 TODAY
  MAXIMUM         82    200 PM  91    1915  73      9       87
  MINIMUM         51    711 AM  25    1873  49      2       64
  AVERAGE         67                        61      6       76

PRECIPITATION (IN)
  TODAY            0.00          2.25 1914   0.16  -0.16     0.19
  MONTH TO DATE    4.04                      3.71   0.33     1.02
  SINCE MAR 1      7.83                      8.12  -0.29     4.84
  SINCE JAN 1     14.41                     15.69  -1.28    11.42

SNOWFALL (IN)
  TODAY            0.0           0.0    MM   0.0    0.0      0.0
  MONTH TO DATE    0.0                       0.2   -0.2      0.0
  SINCE MAR 1      T                         1.3   -1.3       T
  SINCE JUL 1      0.7                       9.1   -8.4     24.0
  SNOW DEPTH       0

DEGREE DAYS
 HEATING
  TODAY            0                         6     -6        0
  MONTH TO DATE  106                       231   -125      187
  SINCE MAR 1    545                       751   -206      536
  SINCE JUL 1   2926                      3949  -1023     3136

 COOLING
  TODAY            2                         1      1       11
  MONTH TO DATE   57                        25     32       30
  SINCE MAR 1     63                        30     33       31
  SINCE JAN 1     67                        30     37       31
..................................................................


WIND (MPH)
  HIGHEST WIND SPEED    18   HIGHEST WIND DIRECTION     S (170)
  HIGHEST GUST SPEED    25   HIGHEST GUST DIRECTION     S (190)
  AVERAGE WIND SPEED     7.9


SKY COVER
  POSSIBLE SUNSHINE  MM
  AVERAGE SKY COVER 0.0


WEATHER CONDITIONS
 THE FOLLOWING WEATHER WAS RECORDED TODAY.
  FOG


RELATIVE HUMIDITY (PERCENT)
 HIGHEST   100           200 AM
 LOWEST     43           100 PM
 AVERAGE    72

..........................................................


THE BOWLING GREEN CLIMATE NORMALS FOR TOMORROW
                         NORMAL    RECORD    YEAR
 MAXIMUM TEMPERATURE (F)   73        90      1989
 MINIMUM TEMPERATURE (F)   49        31      1946


SUNRISE AND SUNSET
APRIL 26 2017.........SUNRISE   557 AM CDT   SUNSET   730 PM CDT
APRIL 27 2017.........SUNRISE   556 AM CDT   SUNSET   731 PM CDT


-  INDICATES NEGATIVE NUMBERS.
R  INDICATES RECORD WAS SET OR TIED.
MM INDICATES DATA IS MISSING.
T  INDICATES TRACE AMOUNT.




$$
