000
CDUS43 KLMK 242135
CLIBWG


CLIMATE REPORT
NATIONAL WEATHER SERVICE LOUISVILLE KY
435 PM EST TUE FEB 24 2015


...................................

...THE BOWLING GREEN CLIMATE SUMMARY FOR FEBRUARY 24 2015...
VALID TODAY AS OF 0400 PM LOCAL TIME.

CLIMATE NORMAL PERIOD 1981 TO 2010
CLIMATE RECORD PERIOD 1870 TO 2015


WEATHER ITEM   OBSERVED TIME   RECORD YEAR NORMAL DEPARTURE LAST
                VALUE   (LST)  VALUE       VALUE  FROM      YEAR
                                                  NORMAL
..................................................................
TEMPERATURE (F)
 TODAY
  MAXIMUM         30    300 PM  74    1875  53    -23       44
  MINIMUM         20    741 AM   7    1914  32    -12       25
  AVERAGE         25                        42    -17       35

PRECIPITATION (IN)
  TODAY            0.00          2.76 2011   0.14  -0.14     0.00
  MONTH TO DATE    4.00                      3.42   0.58     5.42
  SINCE DEC 1      7.57                     11.83  -4.26    12.18
  SINCE JAN 1      5.88                      7.03  -1.15     7.17

SNOWFALL (IN)
  TODAY            0.0           4.0  1942   0.1   -0.1      0.0
  MONTH TO DATE   12.6                       3.1    9.5      2.0
  SINCE DEC 1     16.0                       7.6    8.4      4.2
  SINCE JUL 1     16.3                       7.6    8.7      5.3
  SNOW DEPTH       3

DEGREE DAYS
 HEATING
  TODAY           40                        23     17       30
  MONTH TO DATE  845                       617    228      688
  SINCE DEC 1   2493                      2346    147     2591
  SINCE JUL 1   3390                      3109    281     3471

 COOLING
  TODAY            0                         0      0        0
  MONTH TO DATE    0                         0      0        0
  SINCE DEC 1      0                         1     -1        2
  SINCE JAN 1      0                         0      0        0
..................................................................


WIND (MPH)
  HIGHEST WIND SPEED    16   HIGHEST WIND DIRECTION    SW (240)
  HIGHEST GUST SPEED     2   HIGHEST GUST DIRECTION    SW (220)
  AVERAGE WIND SPEED     6.3


SKY COVER
  POSSIBLE SUNSHINE   0 PERCENT
  AVERAGE SKY COVER 0.0


WEATHER CONDITIONS
 THE FOLLOWING WEATHER WAS RECORDED TODAY.
  NO SIGNIFICANT WEATHER WAS OBSERVED.


RELATIVE HUMIDITY (PERCENT)
 HIGHEST    MM
 LOWEST     MM
 AVERAGE    MM

..........................................................


THE BOWLING GREEN CLIMATE NORMALS FOR TOMORROW
                         NORMAL    RECORD    YEAR
 MAXIMUM TEMPERATURE (F)   53        79      1930
 MINIMUM TEMPERATURE (F)   32         2      1967


SUNRISE AND SUNSET
FEBRUARY 24 2015......SUNRISE   624 AM CST   SUNSET   535 PM CST
FEBRUARY 25 2015......SUNRISE   622 AM CST   SUNSET   536 PM CST


-  INDICATES NEGATIVE NUMBERS.
R  INDICATES RECORD WAS SET OR TIED.
MM INDICATES DATA IS MISSING.
T  INDICATES TRACE AMOUNT.




$$
