000
CDUS43 KLMK 270631
CLIBWG


CLIMATE REPORT
NATIONAL WEATHER SERVICE LOUISVILLE KY
127 AM EST SUN NOV 27 2016


...................................

...THE BOWLING GREEN KY CLIMATE SUMMARY FOR NOVEMBER 26 2016...

CLIMATE NORMAL PERIOD 1981 TO 2010
CLIMATE RECORD PERIOD 1870 TO 2016


WEATHER ITEM   OBSERVED TIME   RECORD YEAR NORMAL DEPARTURE LAST
                VALUE   (LST)  VALUE       VALUE  FROM      YEAR
                                                  NORMAL
..................................................................
TEMPERATURE (F)
 YESTERDAY
  MAXIMUM         49    226 PM  75    1935  55     -6       70
                                      1927
                                      1921
  MINIMUM         29   1151 PM  14    1898  34     -5       50
  AVERAGE         39                        44     -5       60

PRECIPITATION (IN)
  YESTERDAY        0.00          2.07 1919   0.16  -0.16     0.00
  MONTH TO DATE    0.46                      3.59  -3.13     3.03
  SINCE SEP 1      2.59                     10.90  -8.31    11.78
  SINCE JAN 1     40.51                     44.46  -3.95    46.82

SNOWFALL (IN)
  YESTERDAY        0.0           T    2014   0.1   -0.1      0.0
                                      2013
                                      2010
  MONTH TO DATE    0.0                       0.1   -0.1      0.0
  SINCE SEP 1      0.0                       0.1   -0.1      0.0
  SINCE JUL 1      0.0                       0.1   -0.1      0.0
  SNOW DEPTH       0

DEGREE DAYS
 HEATING
  YESTERDAY       26                        21      5        5
  MONTH TO DATE  337                       414    -77      317
  SINCE SEP 1    423                       676   -253      503
  SINCE JUL 1    423                       677   -254      503

 COOLING
  YESTERDAY        0                         0      0        0
  MONTH TO DATE   15                         0     15        9
  SINCE SEP 1    420                       219    201      290
  SINCE JAN 1   1979                      1488    491     1671
..................................................................


WIND (MPH)
  HIGHEST WIND SPEED     9   HIGHEST WIND DIRECTION     E (80)
  HIGHEST GUST SPEED    13   HIGHEST GUST DIRECTION    NE (60)
  AVERAGE WIND SPEED     2.1


SKY COVER
  POSSIBLE SUNSHINE  MM
  AVERAGE SKY COVER 0.6


WEATHER CONDITIONS
 THE FOLLOWING WEATHER WAS RECORDED YESTERDAY.
  FOG


RELATIVE HUMIDITY (PERCENT)
 HIGHEST    92          1000 PM
 LOWEST     54           200 PM
 AVERAGE    73

..........................................................


THE BOWLING GREEN KY CLIMATE NORMALS FOR TODAY
                         NORMAL    RECORD    YEAR
 MAXIMUM TEMPERATURE (F)   54        78      1990
                                             1927
 MINIMUM TEMPERATURE (F)   34        13      1903


SUNRISE AND SUNSET
NOVEMBER 27 2016......SUNRISE   637 AM CST   SUNSET   430 PM CST
NOVEMBER 28 2016......SUNRISE   638 AM CST   SUNSET   430 PM CST


-  INDICATES NEGATIVE NUMBERS.
R  INDICATES RECORD WAS SET OR TIED.
MM INDICATES DATA IS MISSING.
T  INDICATES TRACE AMOUNT.




$$
