000
CDUS43 KLMK 192138
CLIBWG


CLIMATE REPORT
NATIONAL WEATHER SERVICE LOUISVILLE KY
437 PM EST SUN FEB 19 2017


...................................

...THE BOWLING GREEN CLIMATE SUMMARY FOR FEBRUARY 19 2017...
VALID TODAY AS OF 0400 PM LOCAL TIME.

CLIMATE NORMAL PERIOD 1981 TO 2010
CLIMATE RECORD PERIOD 1870 TO 2017


WEATHER ITEM   OBSERVED TIME   RECORD YEAR NORMAL DEPARTURE LAST
                VALUE   (LST)  VALUE       VALUE  FROM      YEAR
                                                  NORMAL
..................................................................
TEMPERATURE (F)
 TODAY
  MAXIMUM         66    251 PM  73    1994  51     15       71
                                      1939
                                      1913
  MINIMUM         43    322 AM  -7    2015  31     12       51
  AVERAGE         55                        41     14       61

PRECIPITATION (IN)
  TODAY            0.00          1.85 1996   0.14  -0.14     0.00
  MONTH TO DATE    2.10                      2.71  -0.61     3.32
  SINCE DEC 1     11.90                     11.12   0.78    10.36
  SINCE JAN 1      6.26                      6.32  -0.06     5.13

SNOWFALL (IN)
  TODAY            0.0           2.0  1963   0.1   -0.1      0.0
                                      1921
                                      1905
  MONTH TO DATE    0.0                       2.6   -2.6      9.2
  SINCE DEC 1      0.7                       7.1   -6.4     24.0
  SINCE JUL 1      0.7                       7.1   -6.4     24.0
  SNOW DEPTH       0

DEGREE DAYS
 HEATING
  TODAY           10                        24    -14        4
  MONTH TO DATE  379                       500   -121      523
  SINCE DEC 1   1814                      2229   -415     1908
  SINCE JUL 1   2300                      2992   -692     2446

 COOLING
  TODAY            0                         0      0        0
  MONTH TO DATE    0                         0      0        0
  SINCE DEC 1      0                         1     -1        2
  SINCE JAN 1      0                         0      0        0
..................................................................


WIND (MPH)
  HIGHEST WIND SPEED     8   HIGHEST WIND DIRECTION     S (200)
  HIGHEST GUST SPEED    13   HIGHEST GUST DIRECTION    SW (225)
  AVERAGE WIND SPEED     2.1


SKY COVER
  POSSIBLE SUNSHINE  MM
  AVERAGE SKY COVER 0.8


WEATHER CONDITIONS
 THE FOLLOWING WEATHER WAS RECORDED TODAY.
  FOG
  FOG W/VISIBILITY <= 1/4 MILE


RELATIVE HUMIDITY (PERCENT)
 HIGHEST   100           400 AM
 LOWEST     63           200 PM
 AVERAGE    82

..........................................................


THE BOWLING GREEN CLIMATE NORMALS FOR TOMORROW
                         NORMAL    RECORD    YEAR
 MAXIMUM TEMPERATURE (F)   51        75      2014
                                             1997
 MINIMUM TEMPERATURE (F)   31        -4      2015


SUNRISE AND SUNSET
FEBRUARY 19 2017......SUNRISE   629 AM CST   SUNSET   530 PM CST
FEBRUARY 20 2017......SUNRISE   628 AM CST   SUNSET   531 PM CST


-  INDICATES NEGATIVE NUMBERS.
R  INDICATES RECORD WAS SET OR TIED.
MM INDICATES DATA IS MISSING.
T  INDICATES TRACE AMOUNT.




$$
