000
CDUS43 KLMK 170632
CLIBWG


CLIMATE REPORT
NATIONAL WEATHER SERVICE LOUISVILLE KY
231 AM EDT TUE OCT 17 2017


...................................

...THE BOWLING GREEN KY CLIMATE SUMMARY FOR OCTOBER 16 2017...

CLIMATE NORMAL PERIOD 1981 TO 2010
CLIMATE RECORD PERIOD 1870 TO 2017


WEATHER ITEM   OBSERVED TIME   RECORD YEAR NORMAL DEPARTURE LAST
                VALUE   (LST)  VALUE       VALUE  FROM      YEAR
                                                  NORMAL
..................................................................
TEMPERATURE (F)
 YESTERDAY
  MAXIMUM         65    304 PM  89    1947  71     -6       84
                                      1920
  MINIMUM         44   1159 PM  30    1945  46     -2       63
  AVERAGE         55                        59     -4       74

PRECIPITATION (IN)
  YESTERDAY        0.00          2.16 1975   0.10  -0.10     0.00
  MONTH TO DATE    1.29                      1.73  -0.44     0.18
  SINCE SEP 1      7.76                      5.66   2.10     1.75
  SINCE JAN 1     44.84                     39.22   5.62    39.67

SNOWFALL (IN)
  YESTERDAY        0.0           0.0    MM   0.0    0.0      0.0
  MONTH TO DATE    0.0                       0.0    0.0      0.0
  SINCE SEP 1      0.0                       0.0    0.0      0.0
  SINCE JUL 1      0.0                       0.0    0.0      0.0
  SNOW DEPTH       0

DEGREE DAYS
 HEATING
  YESTERDAY       10                         7      3        0
  MONTH TO DATE   19                        87    -68       18
  SINCE SEP 1     38                       122    -84       37
  SINCE JUL 1     38                       123    -85       37

 COOLING
  YESTERDAY        0                         1     -1        9
  MONTH TO DATE   64                        25     39       49
  SINCE SEP 1    234                       211     23      354
  SINCE JAN 1   1586                      1480    106     1913
..................................................................


WIND (MPH)
  HIGHEST WIND SPEED    15   HIGHEST WIND DIRECTION    NE (40)
  HIGHEST GUST SPEED    21   HIGHEST GUST DIRECTION    NE (50)
  AVERAGE WIND SPEED     4.7


SKY COVER
  POSSIBLE SUNSHINE  MM
  AVERAGE SKY COVER 0.3


WEATHER CONDITIONS
 THE FOLLOWING WEATHER WAS RECORDED YESTERDAY.
  NO SIGNIFICANT WEATHER WAS OBSERVED.


RELATIVE HUMIDITY (PERCENT)
 HIGHEST    93           900 PM
 LOWEST     43           300 PM
 AVERAGE    68

..........................................................


THE BOWLING GREEN KY CLIMATE NORMALS FOR TODAY
                         NORMAL    RECORD    YEAR
 MAXIMUM TEMPERATURE (F)   71        90      1917
 MINIMUM TEMPERATURE (F)   46        29      1948


SUNRISE AND SUNSET
OCTOBER 17 2017.......SUNRISE   655 AM CDT   SUNSET   606 PM CDT
OCTOBER 18 2017.......SUNRISE   656 AM CDT   SUNSET   605 PM CDT


-  INDICATES NEGATIVE NUMBERS.
R  INDICATES RECORD WAS SET OR TIED.
MM INDICATES DATA IS MISSING.
T  INDICATES TRACE AMOUNT.




$$
