000
CDUS43 KLMK 112041
CLIBWG


CLIMATE REPORT
NATIONAL WEATHER SERVICE LOUISVILLE KY
441 PM EDT FRI APR 11 2014


...................................

...THE BOWLING GREEN CLIMATE SUMMARY FOR APRIL 11 2014...
VALID TODAY AS OF 0400 PM LOCAL TIME.

CLIMATE NORMAL PERIOD 1981 TO 2010
CLIMATE RECORD PERIOD 1870 TO 2014


WEATHER ITEM   OBSERVED TIME   RECORD YEAR NORMAL DEPARTURE LAST
                VALUE   (LST)  VALUE       VALUE  FROM      YEAR
                                                  NORMAL
..................................................................
TEMPERATURE (F)
 TODAY
  MAXIMUM         75    200 PM  92    1930  69      6       75
  MINIMUM         60        MM  24    1973  44     16       51
                                      1989
  AVERAGE         68                        56     12       63

PRECIPITATION (IN)
  TODAY            0.00          2.41 2011   0.14  -0.14     2.06
  MONTH TO DATE    2.31                      1.48   0.83     2.23
  SINCE MAR 1      6.04                      5.89   0.15     7.44
  SINCE JAN 1     13.21                     13.46  -0.25    15.13

SNOWFALL (IN)
  TODAY            0.0           0.0    MM   0.0    0.0      0.0
  MONTH TO DATE    0.0                       0.1   -0.1      0.0
  SINCE MAR 1      5.1                       1.2    3.9      2.5
  SINCE JUL 1     10.4                       9.0    1.4      3.8
  SNOW DEPTH       0

DEGREE DAYS
 HEATING
  TODAY            0                        10    -10        2
  MONTH TO DATE   78                       120    -42      105
  SINCE MAR 1    731                       640     91      782
  SINCE JUL 1   4340                      3838    502     3677

 COOLING
  TODAY            3                         1      2        0
  MONTH TO DATE    6                        10     -4       19
  SINCE MAR 1      6                        15     -9       19
  SINCE JAN 1      6                        15     -9       19
..................................................................


WIND (MPH)
  HIGHEST WIND SPEED    18   HIGHEST WIND DIRECTION    SW (220)
  HIGHEST GUST SPEED    27   HIGHEST GUST DIRECTION    SW (210)
  AVERAGE WIND SPEED    12.4


SKY COVER
  POSSIBLE SUNSHINE  MM
  AVERAGE SKY COVER 0.2


WEATHER CONDITIONS
 THE FOLLOWING WEATHER WAS RECORDED TODAY.
  NO SIGNIFICANT WEATHER WAS OBSERVED.


RELATIVE HUMIDITY (PERCENT)
 HIGHEST    51           600 AM
 LOWEST     43          1200 AM
 AVERAGE    47

..........................................................


THE BOWLING GREEN CLIMATE NORMALS FOR TOMORROW
                         NORMAL    RECORD    YEAR
 MAXIMUM TEMPERATURE (F)   69        94      1906
 MINIMUM TEMPERATURE (F)   45        26      1940


SUNRISE AND SUNSET
APRIL 11 2014.........SUNRISE   617 AM CDT   SUNSET   717 PM CDT
APRIL 12 2014.........SUNRISE   616 AM CDT   SUNSET   718 PM CDT


-  INDICATES NEGATIVE NUMBERS.
R  INDICATES RECORD WAS SET OR TIED.
MM INDICATES DATA IS MISSING.
T  INDICATES TRACE AMOUNT.




$$
