000
CDUS43 KLMK 170629
CLIBWG


CLIMATE REPORT
NATIONAL WEATHER SERVICE LOUISVILLE KY
129 AM EST WED DEC 17 2014


...................................

...THE BOWLING GREEN KY CLIMATE SUMMARY FOR DECEMBER 16 2014...

CLIMATE NORMAL PERIOD 1981 TO 2010
CLIMATE RECORD PERIOD 1870 TO 2014


WEATHER ITEM   OBSERVED TIME   RECORD YEAR NORMAL DEPARTURE LAST
                VALUE   (LST)  VALUE       VALUE  FROM      YEAR
                                                  NORMAL
..................................................................
TEMPERATURE (F)
 YESTERDAY
  MAXIMUM         57   1207 AM  72    1984  47     10       51
  MINIMUM         39   1159 PM  -5    1901  29     10       30
  AVERAGE         48                        38     10       41

PRECIPITATION (IN)
  YESTERDAY        0.02          2.50 1996   0.16  -0.14     0.00
  MONTH TO DATE    1.08                      2.61  -1.53     2.97
  SINCE DEC 1      1.08                      2.61  -1.53     2.97
  SINCE JAN 1     45.51                     47.70  -2.19    57.62

SNOWFALL (IN)
  YESTERDAY        0.0           T    2010   0.1   -0.1      0.0
                                      2007
  MONTH TO DATE    0.0                       0.4   -0.4      0.1
  SINCE DEC 1      0.0                       0.4   -0.4      0.1
  SINCE JUL 1      0.3                       0.4   -0.1      1.2
  SNOW DEPTH       0

DEGREE DAYS
 HEATING
  YESTERDAY       17                        27    -10       24
  MONTH TO DATE  336                       396    -60      420
  SINCE DEC 1    336                       396    -60      420
  SINCE JUL 1   1233                      1159     74     1300

 COOLING
  YESTERDAY        0                         0      0        0
  MONTH TO DATE    0                         0      0        0
  SINCE DEC 1      0                         0      0        0
  SINCE JAN 1   1488                      1491     -3     1499
..................................................................


WIND (MPH)
  HIGHEST WIND SPEED    20   HIGHEST WIND DIRECTION    SW (240)
  HIGHEST GUST SPEED    26   HIGHEST GUST DIRECTION    SW (240)
  AVERAGE WIND SPEED    11.2


SKY COVER
  POSSIBLE SUNSHINE  MM
  AVERAGE SKY COVER 1.0


WEATHER CONDITIONS
 THE FOLLOWING WEATHER WAS RECORDED YESTERDAY.
  LIGHT RAIN


RELATIVE HUMIDITY (PERCENT)
 HIGHEST    83          1200 AM
 LOWEST     65          1200 PM
 AVERAGE    74

..........................................................


THE BOWLING GREEN KY CLIMATE NORMALS FOR TODAY
                         NORMAL    RECORD    YEAR
 MAXIMUM TEMPERATURE (F)   47        75      1924
 MINIMUM TEMPERATURE (F)   29         3      1901


SUNRISE AND SUNSET
DECEMBER 17 2014......SUNRISE   653 AM CST   SUNSET   431 PM CST
DECEMBER 18 2014......SUNRISE   653 AM CST   SUNSET   431 PM CST


-  INDICATES NEGATIVE NUMBERS.
R  INDICATES RECORD WAS SET OR TIED.
MM INDICATES DATA IS MISSING.
T  INDICATES TRACE AMOUNT.




$$
