000
CDUS43 KLMK 242134
CLIBWG


CLIMATE REPORT
NATIONAL WEATHER SERVICE LOUISVILLE KY
434 PM EST FRI FEB 24 2017


...................................

...THE BOWLING GREEN CLIMATE SUMMARY FOR FEBRUARY 24 2017...
VALID TODAY AS OF 0400 PM LOCAL TIME.

CLIMATE NORMAL PERIOD 1981 TO 2010
CLIMATE RECORD PERIOD 1870 TO 2017


WEATHER ITEM   OBSERVED TIME   RECORD YEAR NORMAL DEPARTURE LAST
                VALUE   (LST)  VALUE       VALUE  FROM      YEAR
                                                  NORMAL
..................................................................
TEMPERATURE (F)
 TODAY
  MAXIMUM         81R   200 PM  74    1875  53     28       58
  MINIMUM         62    611 AM   7    1914  32     30       36
  AVERAGE         72                        42     30       47

PRECIPITATION (IN)
  TODAY            0.00          2.76 2011   0.14  -0.14     0.22
  MONTH TO DATE    2.21                      3.42  -1.21     4.76
  SINCE DEC 1     12.01                     11.83   0.18    11.80
  SINCE JAN 1      6.37                      7.03  -0.66     6.57

SNOWFALL (IN)
  TODAY            0.0           4.0  1942   0.1   -0.1       T
  MONTH TO DATE    0.0                       3.1   -3.1      9.2
  SINCE DEC 1      0.7                       7.6   -6.9     24.0
  SINCE JUL 1      0.7                       7.6   -6.9     24.0
  SNOW DEPTH       0

DEGREE DAYS
 HEATING
  TODAY            0                        23    -23       18
  MONTH TO DATE  395                       617   -222      581
  SINCE DEC 1   1830                      2346   -516     1966
  SINCE JUL 1   2316                      3109   -793     2504

 COOLING
  TODAY            7                         0      7        0
  MONTH TO DATE    7                         0      7        0
  SINCE DEC 1      7                         1      6        2
  SINCE JAN 1      7                         0      7        0
..................................................................


WIND (MPH)
  HIGHEST WIND SPEED    29   HIGHEST WIND DIRECTION     S (190)
  HIGHEST GUST SPEED    38   HIGHEST GUST DIRECTION    SW (210)
  AVERAGE WIND SPEED    16.0


SKY COVER
  POSSIBLE SUNSHINE  MM
  AVERAGE SKY COVER 0.2


WEATHER CONDITIONS
 THE FOLLOWING WEATHER WAS RECORDED TODAY.
  NO SIGNIFICANT WEATHER WAS OBSERVED.


RELATIVE HUMIDITY (PERCENT)
 HIGHEST    78           200 AM
 LOWEST     42           100 PM
 AVERAGE    60

..........................................................


THE BOWLING GREEN CLIMATE NORMALS FOR TOMORROW
                         NORMAL    RECORD    YEAR
 MAXIMUM TEMPERATURE (F)   53        79      1930
 MINIMUM TEMPERATURE (F)   32         2      1967


SUNRISE AND SUNSET
FEBRUARY 24 2017......SUNRISE   623 AM CST   SUNSET   535 PM CST
FEBRUARY 25 2017......SUNRISE   622 AM CST   SUNSET   536 PM CST


-  INDICATES NEGATIVE NUMBERS.
R  INDICATES RECORD WAS SET OR TIED.
MM INDICATES DATA IS MISSING.
T  INDICATES TRACE AMOUNT.




$$
