000
CDUS43 KLMK 242131
CLIBWG


CLIMATE REPORT
NATIONAL WEATHER SERVICE LOUISVILLE KY
431 PM EST FRI NOV 24 2017


...................................

...THE BOWLING GREEN CLIMATE SUMMARY FOR NOVEMBER 24 2017...
VALID TODAY AS OF 0400 PM LOCAL TIME.

CLIMATE NORMAL PERIOD 1981 TO 2010
CLIMATE RECORD PERIOD 1870 TO 2017


WEATHER ITEM   OBSERVED TIME   RECORD YEAR NORMAL DEPARTURE LAST
                VALUE   (LST)  VALUE       VALUE  FROM      YEAR
                                                  NORMAL
..................................................................
TEMPERATURE (F)
 TODAY
  MAXIMUM         61    216 PM  75    1931  56      5       56
  MINIMUM         26    600 AM   2    1950  35     -9       44
  AVERAGE         44                        45     -1       50

PRECIPITATION (IN)
  TODAY            0.00          5.15 1900   0.15  -0.15      T
  MONTH TO DATE    1.91                      3.28  -1.37     0.46
  SINCE SEP 1     11.85                     10.59   1.26     2.59
  SINCE JAN 1     48.93                     44.15   4.78    40.51

SNOWFALL (IN)
  TODAY            0.0           2.0  1938   0.0    0.0      0.0
  MONTH TO DATE    0.0                       0.0    0.0      0.0
  SINCE SEP 1      T                         T      0.0      0.0
  SINCE JUL 1      T                         T      0.0      0.0
  SNOW DEPTH       0

DEGREE DAYS
 HEATING
  TODAY           21                        20      1       15
  MONTH TO DATE  384                       373     11      292
  SINCE SEP 1    604                       635    -31      378
  SINCE JUL 1    604                       636    -32      378

 COOLING
  TODAY            0                         0      0        0
  MONTH TO DATE   12                         0     12       15
  SINCE SEP 1    248                       219     29      420
  SINCE JAN 1   1600                      1488    112     1979
..................................................................


WIND (MPH)
  HIGHEST WIND SPEED    16   HIGHEST WIND DIRECTION     S (200)
  HIGHEST GUST SPEED    20   HIGHEST GUST DIRECTION     S (190)
  AVERAGE WIND SPEED     3.9


SKY COVER
  POSSIBLE SUNSHINE  MM
  AVERAGE SKY COVER 0.0


WEATHER CONDITIONS
 THE FOLLOWING WEATHER WAS RECORDED TODAY.
  NO SIGNIFICANT WEATHER WAS OBSERVED.


RELATIVE HUMIDITY (PERCENT)
 HIGHEST    92           100 AM
 LOWEST     25           100 PM
 AVERAGE    59

..........................................................


THE BOWLING GREEN CLIMATE NORMALS FOR TOMORROW
                         NORMAL    RECORD    YEAR
 MAXIMUM TEMPERATURE (F)   55        74      1896
 MINIMUM TEMPERATURE (F)   35        -7      1950


SUNRISE AND SUNSET
NOVEMBER 24 2017......SUNRISE   634 AM CST   SUNSET   431 PM CST
NOVEMBER 25 2017......SUNRISE   635 AM CST   SUNSET   431 PM CST


-  INDICATES NEGATIVE NUMBERS.
R  INDICATES RECORD WAS SET OR TIED.
MM INDICATES DATA IS MISSING.
T  INDICATES TRACE AMOUNT.




$$
