000
CDUS43 KLMK 182036
CLIBWG


CLIMATE REPORT
NATIONAL WEATHER SERVICE LOUISVILLE KY
436 PM EDT SUN SEP 18 2016


...................................

...THE BOWLING GREEN CLIMATE SUMMARY FOR SEPTEMBER 18 2016...
VALID TODAY AS OF 0400 PM LOCAL TIME.

CLIMATE NORMAL PERIOD 1981 TO 2010
CLIMATE RECORD PERIOD 1870 TO 2016


WEATHER ITEM   OBSERVED TIME   RECORD YEAR NORMAL DEPARTURE LAST
                VALUE   (LST)  VALUE       VALUE  FROM      YEAR
                                                  NORMAL
..................................................................
TEMPERATURE (F)
 TODAY
  MAXIMUM         87    125 PM 100    1931  81      6       89
  MINIMUM         73    632 AM  35    1903  57     16       57
  AVERAGE         80                        69     11       73

PRECIPITATION (IN)
  TODAY            0.00          1.85 1915   0.13  -0.13     0.00
  MONTH TO DATE    1.02                      2.36  -1.34     0.71
  SINCE SEP 1      1.02                      2.36  -1.34     0.71
  SINCE JAN 1     38.94                     35.92   3.02    35.75

SNOWFALL (IN)
  TODAY            0.0           0.0    MM   0.0    0.0      0.0
  MONTH TO DATE    0.0                       0.0    0.0      0.0
  SINCE SEP 1      0.0                       0.0    0.0      0.0
  SINCE JUL 1      0.0                       0.0    0.0      0.0
  SNOW DEPTH       0

DEGREE DAYS
 HEATING
  TODAY            0                         1     -1        0
  MONTH TO DATE    0                         5     -5        8
  SINCE SEP 1      0                         5     -5        8
  SINCE JUL 1      0                         6     -6        8

 COOLING
  TODAY           15                         5     10        8
  MONTH TO DATE  224                       140     84      178
  SINCE SEP 1    224                       140     84      178
  SINCE JAN 1   1783                      1409    374     1559
..................................................................


WIND (MPH)
  HIGHEST WIND SPEED    10   HIGHEST WIND DIRECTION    NW (310)
  HIGHEST GUST SPEED    13   HIGHEST GUST DIRECTION     W (290)
  AVERAGE WIND SPEED     1.2


SKY COVER
  POSSIBLE SUNSHINE  MM
  AVERAGE SKY COVER 0.8


WEATHER CONDITIONS
 THE FOLLOWING WEATHER WAS RECORDED TODAY.
  FOG


RELATIVE HUMIDITY (PERCENT)
 HIGHEST    93          1200 AM
 LOWEST     55          1200 PM
 AVERAGE    74

..........................................................


THE BOWLING GREEN CLIMATE NORMALS FOR TOMORROW
                         NORMAL    RECORD    YEAR
 MAXIMUM TEMPERATURE (F)   81       100      1931
                                             1925
 MINIMUM TEMPERATURE (F)   57        36      1903


SUNRISE AND SUNSET
SEPTEMBER 18 2016.....SUNRISE   631 AM CDT   SUNSET   648 PM CDT
SEPTEMBER 19 2016.....SUNRISE   632 AM CDT   SUNSET   646 PM CDT


-  INDICATES NEGATIVE NUMBERS.
R  INDICATES RECORD WAS SET OR TIED.
MM INDICATES DATA IS MISSING.
T  INDICATES TRACE AMOUNT.




$$
