000
CDUS43 KLMK 180627
CLIBWG


CLIMATE REPORT
NATIONAL WEATHER SERVICE LOUISVILLE KY
227 AM EDT THU SEP 18 2014


...................................

...THE BOWLING GREEN KY CLIMATE SUMMARY FOR SEPTEMBER 17 2014...

CLIMATE NORMAL PERIOD 1981 TO 2010
CLIMATE RECORD PERIOD 1870 TO 2014


WEATHER ITEM   OBSERVED TIME   RECORD YEAR NORMAL DEPARTURE LAST
                VALUE   (LST)  VALUE       VALUE  FROM      YEAR
                                                  NORMAL
..................................................................
TEMPERATURE (F)
 YESTERDAY
  MAXIMUM         73    417 PM 101    1931  82     -9       81
  MINIMUM         50    400 AM  38    1916  58     -8       58
  AVERAGE         62                        70     -8       70

PRECIPITATION (IN)
  YESTERDAY        0.00          2.00 2002   0.12  -0.12     0.00
  MONTH TO DATE    0.14                      2.23  -2.09     3.50
  SINCE SEP 1      0.14                      2.23  -2.09     3.50
  SINCE JAN 1     36.30                     35.79   0.51    46.20

SNOWFALL (IN)
  YESTERDAY        0.0           0.0    MM   0.0    0.0      0.0
  MONTH TO DATE    0.0                       0.0    0.0      0.0
  SINCE SEP 1      0.0                       0.0    0.0      0.0
  SINCE JUL 1      0.0                       0.0    0.0      0.0
  SNOW DEPTH       0

DEGREE DAYS
 HEATING
  YESTERDAY        3                         1      2        0
  MONTH TO DATE   15                         4     11        6
  SINCE SEP 1     15                         4     11        6
  SINCE JUL 1     15                         5     10        6

 COOLING
  YESTERDAY        0                         6     -6        5
  MONTH TO DATE  127                       135     -8      144
  SINCE SEP 1    127                       135     -8      144
  SINCE JAN 1   1404                      1404      0     1404
..................................................................


WIND (MPH)
  HIGHEST WIND SPEED    10   HIGHEST WIND DIRECTION     W (290)
  HIGHEST GUST SPEED    15   HIGHEST GUST DIRECTION     W (290)
  AVERAGE WIND SPEED     2.0


SKY COVER
  POSSIBLE SUNSHINE  MM
  AVERAGE SKY COVER 0.4


WEATHER CONDITIONS
 THE FOLLOWING WEATHER WAS RECORDED YESTERDAY.
  FOG


RELATIVE HUMIDITY (PERCENT)
 HIGHEST   100           600 AM
 LOWEST     49           300 PM
 AVERAGE    75

..........................................................


THE BOWLING GREEN KY CLIMATE NORMALS FOR TODAY
                         NORMAL    RECORD    YEAR
 MAXIMUM TEMPERATURE (F)   81       100      1931
 MINIMUM TEMPERATURE (F)   57        35      1903


SUNRISE AND SUNSET
SEPTEMBER 18 2014.....SUNRISE   630 AM CDT   SUNSET   649 PM CDT
SEPTEMBER 19 2014.....SUNRISE   631 AM CDT   SUNSET   647 PM CDT


-  INDICATES NEGATIVE NUMBERS.
R  INDICATES RECORD WAS SET OR TIED.
MM INDICATES DATA IS MISSING.
T  INDICATES TRACE AMOUNT.




$$
