000
CDUS43 KLMK 272138
CLIBWG


CLIMATE REPORT
NATIONAL WEATHER SERVICE LOUISVILLE KY
437 PM EST TUE JAN 27 2015


...................................

...THE BOWLING GREEN CLIMATE SUMMARY FOR JANUARY 27 2015...
VALID TODAY AS OF 0400 PM LOCAL TIME.

CLIMATE NORMAL PERIOD 1981 TO 2010
CLIMATE RECORD PERIOD 1870 TO 2015


WEATHER ITEM   OBSERVED TIME   RECORD YEAR NORMAL DEPARTURE LAST
                VALUE   (LST)  VALUE       VALUE  FROM      YEAR
                                                  NORMAL
..................................................................
TEMPERATURE (F)
 TODAY
  MAXIMUM         36    121 PM  70    1944  46    -10       49
  MINIMUM         31   1228 AM  -9    1963  27      4       13
  AVERAGE         34                        36     -2       31

PRECIPITATION (IN)
  TODAY            T             2.86 2009   0.12  -0.12     0.00
  MONTH TO DATE    1.84                      3.10  -1.26     1.75
  SINCE DEC 1      3.53                      7.90  -4.37     6.76
  SINCE JAN 1      1.84                      3.10  -1.26     1.75

SNOWFALL (IN)
  TODAY            T             5.0  1985   0.2   -0.2      0.0
  MONTH TO DATE    3.4                       2.8    0.6      2.1
  SINCE DEC 1      3.4                       4.0   -0.6      2.2
  SINCE JUL 1      3.7                       4.0   -0.3      3.3
  SNOW DEPTH       1

DEGREE DAYS
 HEATING
  TODAY           31                        29      2       34
  MONTH TO DATE  824                       796     28      922
  SINCE DEC 1   1540                      1617    -77     1729
  SINCE JUL 1   2437                      2380     57     2609

 COOLING
  TODAY            0                         0      0        0
  MONTH TO DATE    0                         0      0        0
  SINCE DEC 1      0                         1     -1        2
  SINCE JAN 1      0                         0      0        0
..................................................................


WIND (MPH)
  HIGHEST WIND SPEED    14   HIGHEST WIND DIRECTION    NE (40)
  HIGHEST GUST SPEED    16   HIGHEST GUST DIRECTION    NE (40)
  AVERAGE WIND SPEED     2.9


SKY COVER
  POSSIBLE SUNSHINE  MM
  AVERAGE SKY COVER 1.0


WEATHER CONDITIONS
 THE FOLLOWING WEATHER WAS RECORDED TODAY.
  LT FREEZING RAIN
  FOG


RELATIVE HUMIDITY (PERCENT)
 HIGHEST    89           700 AM
 LOWEST     75           100 PM
 AVERAGE    82

..........................................................


THE BOWLING GREEN CLIMATE NORMALS FOR TOMORROW
                         NORMAL    RECORD    YEAR
 MAXIMUM TEMPERATURE (F)   46        70      1916
                                             1914
 MINIMUM TEMPERATURE (F)   27       -18      1963


SUNRISE AND SUNSET
JANUARY 27 2015.......SUNRISE   652 AM CST   SUNSET   505 PM CST
JANUARY 28 2015.......SUNRISE   651 AM CST   SUNSET   506 PM CST


-  INDICATES NEGATIVE NUMBERS.
R  INDICATES RECORD WAS SET OR TIED.
MM INDICATES DATA IS MISSING.
T  INDICATES TRACE AMOUNT.




$$
