000
CDUS43 KLMK 162135
CLIBWG


CLIMATE REPORT
NATIONAL WEATHER SERVICE LOUISVILLE KY
433 PM EST FRI FEB 16 2018


...................................

...THE BOWLING GREEN CLIMATE SUMMARY FOR FEBRUARY 16 2018...
VALID TODAY AS OF 0400 PM LOCAL TIME.

CLIMATE NORMAL PERIOD 1981 TO 2010
CLIMATE RECORD PERIOD 1870 TO 2018


WEATHER ITEM   OBSERVED TIME   RECORD YEAR NORMAL DEPARTURE LAST
                VALUE   (LST)  VALUE       VALUE  FROM      YEAR
                                                  NORMAL
..................................................................
TEMPERATURE (F)
 TODAY
  MAXIMUM         71    225 AM  77    1911  50     21       56
  MINIMUM         44    256 PM  -1    1958  30     14       28
  AVERAGE         58                        40     18       42

PRECIPITATION (IN)
  TODAY            0.45          1.40 1893   0.14   0.31     0.00
  MONTH TO DATE    3.64                      2.30   1.34     2.04
  SINCE DEC 1      9.41                     10.71  -1.30    11.84
  SINCE JAN 1      5.92                      5.91   0.01     6.20

SNOWFALL (IN)
  TODAY            0.0          11.0  1903   0.1   -0.1      0.0
  MONTH TO DATE    0.2                       2.3   -2.1      0.0
  SINCE DEC 1      8.4                       6.8    1.6      0.7
  SINCE JUL 1      8.4                       6.8    1.6      0.7
  SNOW DEPTH       0

DEGREE DAYS
 HEATING
  TODAY            7                        25    -18       23
  MONTH TO DATE  380                       427    -47      339
  SINCE DEC 1   2204                      2156     48     1774
  SINCE JUL 1   2905                      2919    -14     2260

 COOLING
  TODAY            0                         0      0        0
  MONTH TO DATE    5                         0      5        0
  SINCE DEC 1      5                         1      4        0
  SINCE JAN 1      5                         0      5        0
..................................................................


WIND (MPH)
  HIGHEST WIND SPEED    20   HIGHEST WIND DIRECTION    NW (330)
  HIGHEST GUST SPEED    37   HIGHEST GUST DIRECTION    NW (330)
  AVERAGE WIND SPEED    10.9


SKY COVER
  POSSIBLE SUNSHINE  MM
  AVERAGE SKY COVER 1.0


WEATHER CONDITIONS
 THE FOLLOWING WEATHER WAS RECORDED TODAY.
  HEAVY RAIN
  RAIN
  LIGHT RAIN
  FOG
  HAZE


RELATIVE HUMIDITY (PERCENT)
 HIGHEST    93           700 AM
 LOWEST     68          1200 AM
 AVERAGE    81

..........................................................


THE BOWLING GREEN CLIMATE NORMALS FOR TOMORROW
                         NORMAL    RECORD    YEAR
 MAXIMUM TEMPERATURE (F)   51        79      1927
 MINIMUM TEMPERATURE (F)   30        -9      1958


SUNRISE AND SUNSET
FEBRUARY 16 2018......SUNRISE   633 AM CST   SUNSET   527 PM CST
FEBRUARY 17 2018......SUNRISE   632 AM CST   SUNSET   528 PM CST


-  INDICATES NEGATIVE NUMBERS.
R  INDICATES RECORD WAS SET OR TIED.
MM INDICATES DATA IS MISSING.
T  INDICATES TRACE AMOUNT.

$$

SCHOETTMER
