000
CDUS43 KLMK 132035
CLIBWG


CLIMATE REPORT
NATIONAL WEATHER SERVICE LOUISVILLE KY
435 PM EDT WED SEP 13 2017


...................................

...THE BOWLING GREEN CLIMATE SUMMARY FOR SEPTEMBER 13 2017...
VALID TODAY AS OF 0400 PM LOCAL TIME.

CLIMATE NORMAL PERIOD 1981 TO 2010
CLIMATE RECORD PERIOD 1870 TO 2017


WEATHER ITEM   OBSERVED TIME   RECORD YEAR NORMAL DEPARTURE LAST
                VALUE   (LST)  VALUE       VALUE  FROM      YEAR
                                                  NORMAL
..................................................................
TEMPERATURE (F)
 TODAY
  MAXIMUM         63    159 PM 100    1939  83    -20       92
                                      1927
  MINIMUM         61    600 AM  36    1902  59      2       61
  AVERAGE         62                        71     -9       77

PRECIPITATION (IN)
  TODAY            0.06          6.02 1979   0.14  -0.08     0.00
  MONTH TO DATE    5.60                      1.71   3.89     0.03
  SINCE SEP 1      5.60                      1.71   3.89     0.03
  SINCE JAN 1     42.68                     35.27   7.41    37.95

SNOWFALL (IN)
  TODAY            0.0           0.0    MM   0.0    0.0      0.0
  MONTH TO DATE    0.0                       0.0    0.0      0.0
  SINCE SEP 1      0.0                       0.0    0.0      0.0
  SINCE JUL 1      0.0                       0.0    0.0      0.0
  SNOW DEPTH       0

DEGREE DAYS
 HEATING
  TODAY            3                         0      3        0
  MONTH TO DATE   19                         0     19        0
  SINCE SEP 1     19                         0     19        0
  SINCE JUL 1     19                         1     18        0

 COOLING
  TODAY            0                         7     -7       12
  MONTH TO DATE   19                       111    -92      153
  SINCE SEP 1     19                       111    -92      153
  SINCE JAN 1   1371                      1380     -9     1712
..................................................................


WIND (MPH)
  HIGHEST WIND SPEED    15   HIGHEST WIND DIRECTION     S (190)
  HIGHEST GUST SPEED    19   HIGHEST GUST DIRECTION     S (170)
  AVERAGE WIND SPEED    10.4


SKY COVER
  POSSIBLE SUNSHINE  MM
  AVERAGE SKY COVER 0.7


WEATHER CONDITIONS
 THE FOLLOWING WEATHER WAS RECORDED TODAY.
  LIGHT RAIN
  FOG


RELATIVE HUMIDITY (PERCENT)
 HIGHEST    93           400 AM
 LOWEST     90           900 AM
 AVERAGE    92

..........................................................


THE BOWLING GREEN CLIMATE NORMALS FOR TOMORROW
                         NORMAL    RECORD    YEAR
 MAXIMUM TEMPERATURE (F)   83       103      1939
 MINIMUM TEMPERATURE (F)   59        35      1902


SUNRISE AND SUNSET
SEPTEMBER 13 2017.....SUNRISE   626 AM CDT   SUNSET   656 PM CDT
SEPTEMBER 14 2017.....SUNRISE   627 AM CDT   SUNSET   654 PM CDT


-  INDICATES NEGATIVE NUMBERS.
R  INDICATES RECORD WAS SET OR TIED.
MM INDICATES DATA IS MISSING.
T  INDICATES TRACE AMOUNT.




$$
