000
CDUS43 KLMK 240628
CLIBWG


CLIMATE REPORT
NATIONAL WEATHER SERVICE LOUISVILLE KY
228 AM EDT FRI MAR 24 2017


...................................

...THE BOWLING GREEN KY CLIMATE SUMMARY FOR MARCH 23 2017...

CLIMATE NORMAL PERIOD 1981 TO 2010
CLIMATE RECORD PERIOD 1870 TO 2017


WEATHER ITEM   OBSERVED TIME   RECORD YEAR NORMAL DEPARTURE LAST
                VALUE   (LST)  VALUE       VALUE  FROM      YEAR
                                                  NORMAL
..................................................................
TEMPERATURE (F)
 YESTERDAY
  MAXIMUM         64    503 PM  90    1910  62      2       72
  MINIMUM         33    601 AM   4    1885  39     -6       52
  AVERAGE         49                        51     -2       62

PRECIPITATION (IN)
  YESTERDAY        0.02          1.22 1975   0.15  -0.13     0.00
  MONTH TO DATE    2.42                      3.21  -0.79     1.81
  SINCE MAR 1      2.42                      3.21  -0.79     1.81
  SINCE JAN 1      9.00                     10.78  -1.78     8.39

SNOWFALL (IN)
  YESTERDAY        0.0           0.5  1906   0.0    0.0      0.0
  MONTH TO DATE    T                         0.8   -0.8       T
  SINCE MAR 1      T                         0.8   -0.8       T
  SINCE JUL 1      0.7                       8.6   -7.9     24.0
  SNOW DEPTH       0

DEGREE DAYS
 HEATING
  YESTERDAY       16                        15      1        3
  MONTH TO DATE  417                       414      3      267
  SINCE MAR 1    417                       414      3      267
  SINCE JUL 1   2798                      3612   -814     2867

 COOLING
  YESTERDAY        0                         0      0        0
  MONTH TO DATE    0                         0      0        0
  SINCE MAR 1      0                         0      0        0
  SINCE JAN 1      4                         0      4        0
..................................................................


WIND (MPH)
  HIGHEST WIND SPEED    16   HIGHEST WIND DIRECTION     S (170)
  HIGHEST GUST SPEED    25   HIGHEST GUST DIRECTION     S (160)
  AVERAGE WIND SPEED     6.3


SKY COVER
  POSSIBLE SUNSHINE  MM
  AVERAGE SKY COVER 0.3


WEATHER CONDITIONS
 THE FOLLOWING WEATHER WAS RECORDED YESTERDAY.
  LIGHT RAIN


RELATIVE HUMIDITY (PERCENT)
 HIGHEST    66           700 PM
 LOWEST     38          1100 AM
 AVERAGE    52

..........................................................


THE BOWLING GREEN KY CLIMATE NORMALS FOR TODAY
                         NORMAL    RECORD    YEAR
 MAXIMUM TEMPERATURE (F)   63        92      1929
 MINIMUM TEMPERATURE (F)   39        16      1968


SUNRISE AND SUNSET
MARCH 24 2017.........SUNRISE   643 AM CDT   SUNSET   701 PM CDT
MARCH 25 2017.........SUNRISE   642 AM CDT   SUNSET   702 PM CDT


-  INDICATES NEGATIVE NUMBERS.
R  INDICATES RECORD WAS SET OR TIED.
MM INDICATES DATA IS MISSING.
T  INDICATES TRACE AMOUNT.




$$
