000
CDUS43 KLMK 232126
CLIBWG


CLIMATE REPORT
NATIONAL WEATHER SERVICE LOUISVILLE KY
426 PM EST FRI JAN 23 2015


...................................

...THE BOWLING GREEN CLIMATE SUMMARY FOR JANUARY 23 2015...
VALID TODAY AS OF 0400 PM LOCAL TIME.

CLIMATE NORMAL PERIOD 1981 TO 2010
CLIMATE RECORD PERIOD 1870 TO 2015


WEATHER ITEM   OBSERVED TIME   RECORD YEAR NORMAL DEPARTURE LAST
                VALUE   (LST)  VALUE       VALUE  FROM      YEAR
                                                  NORMAL
..................................................................
TEMPERATURE (F)
 TODAY
  MAXIMUM         36        MM  75    1909  45     -9       21
  MINIMUM         35        MM -21    1963  26      9        5
  AVERAGE         36                        36      0       13

PRECIPITATION (IN)
  TODAY            0.01          2.30 1937   0.11  -0.10      T
  MONTH TO DATE    1.28                      2.63  -1.35     1.73
  SINCE DEC 1      2.97                      7.43  -4.46     6.74
  SINCE JAN 1      1.28                      2.63  -1.35     1.73

SNOWFALL (IN)
  TODAY            T             5.0  1963   0.1   -0.1       T
  MONTH TO DATE    0.6                       2.3   -1.7      1.5
  SINCE DEC 1      0.6                       3.5   -2.9      1.6
  SINCE JUL 1      0.9                       3.5   -2.6      2.7
  SNOW DEPTH       0

DEGREE DAYS
 HEATING
  TODAY           29                        29      0       52
  MONTH TO DATE  711                       680     31      780
  SINCE DEC 1   1427                      1501    -74     1587
  SINCE JUL 1   2324                      2264     60     2467

 COOLING
  TODAY            0                         0      0        0
  MONTH TO DATE    0                         0      0        0
  SINCE DEC 1      0                         1     -1        2
  SINCE JAN 1      0                         0      0        0
..................................................................


WIND (MPH)
  HIGHEST WIND SPEED    12   HIGHEST WIND DIRECTION    NE (60)
  HIGHEST GUST SPEED    MM   HIGHEST GUST DIRECTION    MM
  AVERAGE WIND SPEED     7.8


SKY COVER
  POSSIBLE SUNSHINE  MM
  AVERAGE SKY COVER 0.9


WEATHER CONDITIONS
 THE FOLLOWING WEATHER WAS RECORDED TODAY.
  RAIN
  LIGHT RAIN
  LIGHT SNOW
  FOG
  HAZE


RELATIVE HUMIDITY (PERCENT)
 HIGHEST    89           300 PM
 LOWEST     70           100 AM
 AVERAGE    80

..........................................................


THE BOWLING GREEN CLIMATE NORMALS FOR TOMORROW
                         NORMAL    RECORD    YEAR
 MAXIMUM TEMPERATURE (F)   45        78      1943
 MINIMUM TEMPERATURE (F)   26       -21      1963


SUNRISE AND SUNSET
JANUARY 23 2015.......SUNRISE   655 AM CST   SUNSET   501 PM CST
JANUARY 24 2015.......SUNRISE   654 AM CST   SUNSET   502 PM CST


-  INDICATES NEGATIVE NUMBERS.
R  INDICATES RECORD WAS SET OR TIED.
MM INDICATES DATA IS MISSING.
T  INDICATES TRACE AMOUNT.




$$
