000
CDUS43 KLMK 192031
CLIBWG


CLIMATE REPORT
NATIONAL WEATHER SERVICE LOUISVILLE KY
430 PM EDT MON SEP 19 2016


...................................

...THE BOWLING GREEN CLIMATE SUMMARY FOR SEPTEMBER 19 2016...
VALID TODAY AS OF 0400 PM LOCAL TIME.

CLIMATE NORMAL PERIOD 1981 TO 2010
CLIMATE RECORD PERIOD 1870 TO 2016


WEATHER ITEM   OBSERVED TIME   RECORD YEAR NORMAL DEPARTURE LAST
                VALUE   (LST)  VALUE       VALUE  FROM      YEAR
                                                  NORMAL
..................................................................
TEMPERATURE (F)
 TODAY
  MAXIMUM         87    101 AM 100    1931  81      6       86
                                      1925
  MINIMUM         66    316 AM  36    1903  57      9       62
  AVERAGE         77                        69      8       74

PRECIPITATION (IN)
  TODAY            0.00          2.09 1977   0.12  -0.12      T
  MONTH TO DATE    1.02                      2.48  -1.46     0.71
  SINCE SEP 1      1.02                      2.48  -1.46     0.71
  SINCE JAN 1     38.94                     36.04   2.90    35.75

SNOWFALL (IN)
  TODAY            0.0           0.0    MM   0.0    0.0      0.0
  MONTH TO DATE    0.0                       0.0    0.0      0.0
  SINCE SEP 1      0.0                       0.0    0.0      0.0
  SINCE JUL 1      0.0                       0.0    0.0      0.0
  SNOW DEPTH       0

DEGREE DAYS
 HEATING
  TODAY            0                         1     -1        0
  MONTH TO DATE    0                         6     -6        8
  SINCE SEP 1      0                         6     -6        8
  SINCE JUL 1      0                         7     -7        8

 COOLING
  TODAY           12                         5      7        9
  MONTH TO DATE  235                       145     90      187
  SINCE SEP 1    235                       145     90      187
  SINCE JAN 1   1794                      1414    380     1568
..................................................................


WIND (MPH)
  HIGHEST WIND SPEED     9   HIGHEST WIND DIRECTION     N (20)
  HIGHEST GUST SPEED    12   HIGHEST GUST DIRECTION     N (20)
  AVERAGE WIND SPEED     1.9


SKY COVER
  POSSIBLE SUNSHINE  MM
  AVERAGE SKY COVER 0.1


WEATHER CONDITIONS
 THE FOLLOWING WEATHER WAS RECORDED TODAY.
  FOG


RELATIVE HUMIDITY (PERCENT)
 HIGHEST    97           100 AM
 LOWEST     42           100 PM
 AVERAGE    70

..........................................................


THE BOWLING GREEN CLIMATE NORMALS FOR TOMORROW
                         NORMAL    RECORD    YEAR
 MAXIMUM TEMPERATURE (F)   81        98      1931
                                             1925
 MINIMUM TEMPERATURE (F)   56        40      1916
                                             1903


SUNRISE AND SUNSET
SEPTEMBER 19 2016.....SUNRISE   632 AM CDT   SUNSET   646 PM CDT
SEPTEMBER 20 2016.....SUNRISE   632 AM CDT   SUNSET   645 PM CDT


-  INDICATES NEGATIVE NUMBERS.
R  INDICATES RECORD WAS SET OR TIED.
MM INDICATES DATA IS MISSING.
T  INDICATES TRACE AMOUNT.




$$
