000
CDUS43 KLMK 070629
CLIBWG


CLIMATE REPORT
NATIONAL WEATHER SERVICE LOUISVILLE KY
128 AM EST SUN JAN 7 2018


...................................

...THE BOWLING GREEN KY CLIMATE SUMMARY FOR JANUARY 6 2018...

CLIMATE NORMAL PERIOD 1981 TO 2010
CLIMATE RECORD PERIOD 1870 TO 2018


WEATHER ITEM   OBSERVED TIME   RECORD YEAR NORMAL DEPARTURE LAST
                VALUE   (LST)  VALUE       VALUE  FROM      YEAR
                                                  NORMAL
..................................................................
TEMPERATURE (F)
 YESTERDAY
  MAXIMUM         26    334 PM  72    1946  45    -19       22
  MINIMUM          7    726 AM -12    1884  26    -19       13
  AVERAGE         17                        36    -19       18

PRECIPITATION (IN)
  YESTERDAY        0.00          1.72 1991   0.12  -0.12     0.00
  MONTH TO DATE    T                         0.72  -0.72     0.96
  SINCE DEC 1      3.49                      5.52  -2.03     6.60
  SINCE JAN 1      T                         0.72  -0.72     0.96

SNOWFALL (IN)
  YESTERDAY        0.0          10.0  1910   0.1   -0.1      0.0
  MONTH TO DATE    T                         0.5   -0.5      0.7
  SINCE DEC 1      T                         1.7   -1.7      0.7
  SINCE JUL 1      T                         1.7   -1.7      0.7
  SNOW DEPTH       0

DEGREE DAYS
 HEATING
  YESTERDAY       48                        30     18       47
  MONTH TO DATE  292                       175    117      157
  SINCE DEC 1   1129                       996    133      952
  SINCE JUL 1   1830                      1759     71     1438

 COOLING
  YESTERDAY        0                         0      0        0
  MONTH TO DATE    0                         0      0        0
  SINCE DEC 1      0                         1     -1        0
  SINCE JAN 1      0                         0      0        0
..................................................................


WIND (MPH)
  HIGHEST WIND SPEED     9   HIGHEST WIND DIRECTION    NE (50)
  HIGHEST GUST SPEED    13   HIGHEST GUST DIRECTION    NE (60)
  AVERAGE WIND SPEED     2.7


SKY COVER
  POSSIBLE SUNSHINE  MM
  AVERAGE SKY COVER 0.0


WEATHER CONDITIONS
 THE FOLLOWING WEATHER WAS RECORDED YESTERDAY.
  NO SIGNIFICANT WEATHER WAS OBSERVED.


RELATIVE HUMIDITY (PERCENT)
 HIGHEST    80           700 AM
 LOWEST     29           300 PM
 AVERAGE    55

..........................................................


THE BOWLING GREEN KY CLIMATE NORMALS FOR TODAY
                         NORMAL    RECORD    YEAR
 MAXIMUM TEMPERATURE (F)   45        72      1907
 MINIMUM TEMPERATURE (F)   26       -11      1912


SUNRISE AND SUNSET
JANUARY  7 2018.......SUNRISE   659 AM CST   SUNSET   445 PM CST
JANUARY  8 2018.......SUNRISE   659 AM CST   SUNSET   446 PM CST


-  INDICATES NEGATIVE NUMBERS.
R  INDICATES RECORD WAS SET OR TIED.
MM INDICATES DATA IS MISSING.
T  INDICATES TRACE AMOUNT.




$$
