280
CDUS43 KLMK 242026
CLIBWG


CLIMATE REPORT
NATIONAL WEATHER SERVICE LOUISVILLE KY
426 PM EDT WED MAY 24 2017


...................................

...THE BOWLING GREEN CLIMATE SUMMARY FOR MAY 24 2017...
VALID TODAY AS OF 0400 PM LOCAL TIME.

CLIMATE NORMAL PERIOD 1981 TO 2010
CLIMATE RECORD PERIOD 1870 TO 2017


WEATHER ITEM   OBSERVED TIME   RECORD YEAR NORMAL DEPARTURE LAST
                VALUE   (LST)  VALUE       VALUE  FROM      YEAR
                                                  NORMAL
..................................................................
TEMPERATURE (F)
 TODAY
  MAXIMUM         66    100 AM  96    1912  80    -14       85
  MINIMUM         59    100 PM  39    1931  57      2       50
                                      1893
  AVERAGE         63                        69     -6       68

PRECIPITATION (IN)
  TODAY            0.26          1.92 2000   0.17   0.09     0.00
  MONTH TO DATE    4.66                      4.39   0.27     4.43
  SINCE MAR 1     13.03                     13.14  -0.11     9.78
  SINCE JAN 1     19.61                     20.71  -1.10    16.36

SNOWFALL (IN)
  TODAY            0.0           0.0    MM   0.0    0.0      0.0
  MONTH TO DATE    0.0                       0.0    0.0      0.0
  SINCE MAR 1      T                         1.3   -1.3       T
  SINCE JUL 1      0.7                       9.1   -8.4     24.0
  SNOW DEPTH       0

DEGREE DAYS
 HEATING
  TODAY            2                         1      1        0
  MONTH TO DATE   59                        67     -8       93
  SINCE MAR 1    607                       838   -231      630
  SINCE JUL 1   2988                      4036  -1048     3230

 COOLING
  TODAY            0                         5     -5        3
  MONTH TO DATE  104                        77     27       53
  SINCE MAR 1    194                       113     81       97
  SINCE JAN 1    198                       113     85       97
..................................................................


WIND (MPH)
  HIGHEST WIND SPEED    12   HIGHEST WIND DIRECTION    NW (300)
  HIGHEST GUST SPEED    17   HIGHEST GUST DIRECTION     S (160)
  AVERAGE WIND SPEED     4.4


SKY COVER
  POSSIBLE SUNSHINE  MM
  AVERAGE SKY COVER 1.0


WEATHER CONDITIONS
 THE FOLLOWING WEATHER WAS RECORDED TODAY.
  HEAVY RAIN
  RAIN
  LIGHT RAIN
  FOG


RELATIVE HUMIDITY (PERCENT)
 HIGHEST   100           800 AM
 LOWEST     68           100 AM
 AVERAGE    84

..........................................................


THE BOWLING GREEN CLIMATE NORMALS FOR TOMORROW
                         NORMAL    RECORD    YEAR
 MAXIMUM TEMPERATURE (F)   80        99      1926
 MINIMUM TEMPERATURE (F)   58        38      1925


SUNRISE AND SUNSET
MAY 24 2017...........SUNRISE   531 AM CDT   SUNSET   754 PM CDT
MAY 25 2017...........SUNRISE   531 AM CDT   SUNSET   755 PM CDT


-  INDICATES NEGATIVE NUMBERS.
R  INDICATES RECORD WAS SET OR TIED.
MM INDICATES DATA IS MISSING.
T  INDICATES TRACE AMOUNT.




$$
