000
CDUS43 KLMK 210633
CLIBWG


CLIMATE REPORT
NATIONAL WEATHER SERVICE LOUISVILLE KY
233 AM EDT SAT MAY 21 2016


...................................

...THE BOWLING GREEN KY CLIMATE SUMMARY FOR MAY 20 2016...

CLIMATE NORMAL PERIOD 1981 TO 2010
CLIMATE RECORD PERIOD 1870 TO 2016


WEATHER ITEM   OBSERVED TIME   RECORD YEAR NORMAL DEPARTURE LAST
                VALUE   (LST)  VALUE       VALUE  FROM      YEAR
                                                  NORMAL
..................................................................
TEMPERATURE (F)
 YESTERDAY
  MAXIMUM         71    346 PM  96    1921  79     -8       76
                                      1902
  MINIMUM         56   1253 AM  43    1926  56      0       52
  AVERAGE         64                        68     -4       64

PRECIPITATION (IN)
  YESTERDAY        1.33          1.40 1935   0.18   1.15     0.11
  MONTH TO DATE    4.43                      3.70   0.73     2.20
  SINCE MAR 1      9.78                     12.45  -2.67    17.55
  SINCE JAN 1     16.36                     20.02  -3.66    23.43

SNOWFALL (IN)
  YESTERDAY        0.0           0.0    MM   0.0    0.0      0.0
  MONTH TO DATE    0.0                       0.0    0.0      0.0
  SINCE MAR 1      T                         1.3   -1.3      7.2
  SINCE JUL 1     24.0                       9.1   14.9     23.5
  SNOW DEPTH       0

DEGREE DAYS
 HEATING
  YESTERDAY        1                         2     -1        1
  MONTH TO DATE   85                        61     24       20
  SINCE MAR 1    622                       832   -210      732
  SINCE JUL 1   3222                      4030   -808     4267

 COOLING
  YESTERDAY        0                         4     -4        0
  MONTH TO DATE   48                        57     -9       99
  SINCE MAR 1     92                        93     -1      134
  SINCE JAN 1     92                        93     -1      134
..................................................................


WIND (MPH)
  HIGHEST WIND SPEED    17   HIGHEST WIND DIRECTION     W (270)
  HIGHEST GUST SPEED    22   HIGHEST GUST DIRECTION     W (280)
  AVERAGE WIND SPEED     4.2


SKY COVER
  POSSIBLE SUNSHINE  MM
  AVERAGE SKY COVER 0.8


WEATHER CONDITIONS
 THE FOLLOWING WEATHER WAS RECORDED YESTERDAY.
  THUNDERSTORM
  HEAVY RAIN
  RAIN
  LIGHT RAIN
  FOG


RELATIVE HUMIDITY (PERCENT)
 HIGHEST   100          1100 AM
 LOWEST     72          1200 AM
 AVERAGE    86

..........................................................


THE BOWLING GREEN KY CLIMATE NORMALS FOR TODAY
                         NORMAL    RECORD    YEAR
 MAXIMUM TEMPERATURE (F)   79        96      1941
 MINIMUM TEMPERATURE (F)   57        38      1954


SUNRISE AND SUNSET
MAY 21 2016...........SUNRISE   533 AM CDT   SUNSET   752 PM CDT
MAY 22 2016...........SUNRISE   532 AM CDT   SUNSET   753 PM CDT


-  INDICATES NEGATIVE NUMBERS.
R  INDICATES RECORD WAS SET OR TIED.
MM INDICATES DATA IS MISSING.
T  INDICATES TRACE AMOUNT.




$$
