000
CDUS43 KLMK 142130
CLIBWG


CLIMATE REPORT
NATIONAL WEATHER SERVICE LOUISVILLE KY
430 PM EST SAT JAN 14 2017


...................................

...THE BOWLING GREEN CLIMATE SUMMARY FOR JANUARY 14 2017...
VALID TODAY AS OF 0400 PM LOCAL TIME.

CLIMATE NORMAL PERIOD 1981 TO 2010
CLIMATE RECORD PERIOD 1870 TO 2017


WEATHER ITEM   OBSERVED TIME   RECORD YEAR NORMAL DEPARTURE LAST
                VALUE   (LST)  VALUE       VALUE  FROM      YEAR
                                                  NORMAL
..................................................................
TEMPERATURE (F)
 TODAY
  MAXIMUM         50   1200 PM  72    1932  45      5       61
                                      1907
  MINIMUM         42    109 AM  -2    1917  26     16       35
  AVERAGE         46                        35     11       48

PRECIPITATION (IN)
  TODAY            0.17          2.25 1918   0.11   0.06     0.00
  MONTH TO DATE    2.17                      1.61   0.56     0.25
  SINCE DEC 1      7.81                      6.41   1.40     5.48
  SINCE JAN 1      2.17                      1.61   0.56     0.25

SNOWFALL (IN)
  TODAY            0.0           6.0  1917   0.1   -0.1      0.0
  MONTH TO DATE    0.7                       1.3   -0.6      0.1
  SINCE DEC 1      0.7                       2.5   -1.8      0.1
  SINCE JUL 1      0.7                       2.5   -1.8      0.1
  SNOW DEPTH       0

DEGREE DAYS
 HEATING
  TODAY           19                        30    -11       17
  MONTH TO DATE  354                       415    -61      398
  SINCE DEC 1   1149                      1236    -87      839
  SINCE JUL 1   1635                      1999   -364     1377

 COOLING
  TODAY            0                         0      0        0
  MONTH TO DATE    0                         0      0        0
  SINCE DEC 1      0                         1     -1        2
  SINCE JAN 1      0                         0      0        0
..................................................................


WIND (MPH)
  HIGHEST WIND SPEED     8   HIGHEST WIND DIRECTION     N (340)
  HIGHEST GUST SPEED    11   HIGHEST GUST DIRECTION     N (340)
  AVERAGE WIND SPEED     1.5


SKY COVER
  POSSIBLE SUNSHINE  MM
  AVERAGE SKY COVER 1.0


WEATHER CONDITIONS
 THE FOLLOWING WEATHER WAS RECORDED TODAY.
  RAIN
  LIGHT RAIN
  FOG
  FOG W/VISIBILITY <= 1/4 MILE


RELATIVE HUMIDITY (PERCENT)
 HIGHEST   100           100 AM
 LOWEST     92           600 AM
 AVERAGE    96

..........................................................


THE BOWLING GREEN CLIMATE NORMALS FOR TOMORROW
                         NORMAL    RECORD    YEAR
 MAXIMUM TEMPERATURE (F)   45        70      1952
 MINIMUM TEMPERATURE (F)   26        -3      1964
                                             1893


SUNRISE AND SUNSET
JANUARY 14 2017.......SUNRISE   658 AM CST   SUNSET   452 PM CST
JANUARY 15 2017.......SUNRISE   658 AM CST   SUNSET   453 PM CST


-  INDICATES NEGATIVE NUMBERS.
R  INDICATES RECORD WAS SET OR TIED.
MM INDICATES DATA IS MISSING.
T  INDICATES TRACE AMOUNT.




$$
