611
CDUS43 KLMK 012126
CLIBWG


CLIMATE REPORT
NATIONAL WEATHER SERVICE LOUISVILLE KY
426 PM EST THU DEC 1 2016


...................................

...THE BOWLING GREEN CLIMATE SUMMARY FOR DECEMBER 1 2016...
VALID TODAY AS OF 0400 PM LOCAL TIME.

CLIMATE NORMAL PERIOD 1981 TO 2010
CLIMATE RECORD PERIOD 1870 TO 2016


WEATHER ITEM   OBSERVED TIME   RECORD YEAR NORMAL DEPARTURE LAST
                VALUE   (LST)  VALUE       VALUE  FROM      YEAR
                                                  NORMAL
..................................................................
TEMPERATURE (F)
 TODAY
  MAXIMUM         49    300 PM  71    1933  53     -4       62
  MINIMUM         35    611 AM  14    1964  33      2       46
  AVERAGE         42                        43     -1       54

PRECIPITATION (IN)
  TODAY            0.00          0.92 1986   0.16  -0.16     0.60
  MONTH TO DATE    0.00                      0.16  -0.16     0.60
  SINCE DEC 1      0.00                      0.16  -0.16     0.60
  SINCE JAN 1     41.96                     45.25  -3.29    49.85

SNOWFALL (IN)
  TODAY            0.0           3.0  1929   0.0    0.0      0.0
  MONTH TO DATE    0.0                       0.0    0.0      0.0
  SINCE DEC 1      0.0                       0.0    0.0      0.0
  SINCE JUL 1      0.0                       T      0.0      0.0
  SNOW DEPTH       0

DEGREE DAYS
 HEATING
  TODAY           23                        22      1       11
  MONTH TO DATE   23                        22      1       11
  SINCE DEC 1     23                        22      1       11
  SINCE JUL 1    509                       785   -276      549

 COOLING
  TODAY            0                         0      0        0
  MONTH TO DATE    0                         0      0        0
  SINCE DEC 1      0                         0      0        0
  SINCE JAN 1   1979                      1491    488     1671
..................................................................


WIND (MPH)
  HIGHEST WIND SPEED    10   HIGHEST WIND DIRECTION     W (250)
  HIGHEST GUST SPEED    21   HIGHEST GUST DIRECTION     W (250)
  AVERAGE WIND SPEED     7.3


SKY COVER
  POSSIBLE SUNSHINE  MM
  AVERAGE SKY COVER 0.0


WEATHER CONDITIONS
 THE FOLLOWING WEATHER WAS RECORDED TODAY.
  NO SIGNIFICANT WEATHER WAS OBSERVED.


RELATIVE HUMIDITY (PERCENT)
 HIGHEST    82           400 AM
 LOWEST     42          1200 PM
 AVERAGE    62

..........................................................


THE BOWLING GREEN CLIMATE NORMALS FOR TOMORROW
                         NORMAL    RECORD    YEAR
 MAXIMUM TEMPERATURE (F)   52        76      1982
 MINIMUM TEMPERATURE (F)   32        10      1877


SUNRISE AND SUNSET
DECEMBER  1 2016......SUNRISE   641 AM CST   SUNSET   429 PM CST
DECEMBER  2 2016......SUNRISE   642 AM CST   SUNSET   429 PM CST


-  INDICATES NEGATIVE NUMBERS.
R  INDICATES RECORD WAS SET OR TIED.
MM INDICATES DATA IS MISSING.
T  INDICATES TRACE AMOUNT.




$$
