000
CDUS43 KLMK 262135
CLIBWG


CLIMATE REPORT
NATIONAL WEATHER SERVICE LOUISVILLE KY
435 PM EST THU FEB 26 2015


...................................

...THE BOWLING GREEN CLIMATE SUMMARY FOR FEBRUARY 26 2015...
VALID TODAY AS OF 0400 PM LOCAL TIME.

CLIMATE NORMAL PERIOD 1981 TO 2010
CLIMATE RECORD PERIOD 1870 TO 2015


WEATHER ITEM   OBSERVED TIME   RECORD YEAR NORMAL DEPARTURE LAST
                VALUE   (LST)  VALUE       VALUE  FROM      YEAR
                                                  NORMAL
..................................................................
TEMPERATURE (F)
 TODAY
  MAXIMUM         41    128 PM  78    1917  53    -12       30
  MINIMUM         24    528 AM   7    1967  32     -8       18
  AVERAGE         33                        43    -10       24

PRECIPITATION (IN)
  TODAY            0.00          1.69 1962   0.13  -0.13     0.00
  MONTH TO DATE    4.00                      3.69   0.31     5.42
  SINCE DEC 1      7.57                     12.10  -4.53    12.18
  SINCE JAN 1      5.88                      7.30  -1.42     7.17

SNOWFALL (IN)
  TODAY            0.0           8.2  1894   0.1   -0.1      0.0
  MONTH TO DATE   12.6                       3.2    9.4      2.0
  SINCE DEC 1     16.0                       7.7    8.3      4.2
  SINCE JUL 1     16.3                       7.7    8.6      5.3
  SNOW DEPTH       2

DEGREE DAYS
 HEATING
  TODAY           32                        22     10       41
  MONTH TO DATE  915                       661    254      757
  SINCE DEC 1   2563                      2390    173     2660
  SINCE JUL 1   3460                      3153    307     3540

 COOLING
  TODAY            0                         0      0        0
  MONTH TO DATE    0                         0      0        0
  SINCE DEC 1      0                         1     -1        2
  SINCE JAN 1      0                         0      0        0
..................................................................


WIND (MPH)
  HIGHEST WIND SPEED    13   HIGHEST WIND DIRECTION    NW (320)
  HIGHEST GUST SPEED    18   HIGHEST GUST DIRECTION    NW (320)
  AVERAGE WIND SPEED     3.6


SKY COVER
  POSSIBLE SUNSHINE   0 PERCENT
  AVERAGE SKY COVER 0.0


WEATHER CONDITIONS
 THE FOLLOWING WEATHER WAS RECORDED TODAY.
  NO SIGNIFICANT WEATHER WAS OBSERVED.


RELATIVE HUMIDITY (PERCENT)
 HIGHEST     0          1200 AM
 LOWEST      0          1200 AM
 AVERAGE     0

..........................................................


THE BOWLING GREEN CLIMATE NORMALS FOR TOMORROW
                         NORMAL    RECORD    YEAR
 MAXIMUM TEMPERATURE (F)   54        74      1981
                                             1955
                                             1948
 MINIMUM TEMPERATURE (F)   33         3      1934


SUNRISE AND SUNSET
FEBRUARY 26 2015......SUNRISE   621 AM CST   SUNSET   537 PM CST
FEBRUARY 27 2015......SUNRISE   620 AM CST   SUNSET   538 PM CST


-  INDICATES NEGATIVE NUMBERS.
R  INDICATES RECORD WAS SET OR TIED.
MM INDICATES DATA IS MISSING.
T  INDICATES TRACE AMOUNT.




$$
