000
CDUS43 KLMK 172144
CLIBWG


CLIMATE REPORT
NATIONAL WEATHER SERVICE LOUISVILLE KY
443 PM EST WED DEC 17 2014


...................................

...THE BOWLING GREEN CLIMATE SUMMARY FOR DECEMBER 17 2014...
VALID TODAY AS OF 0400 PM LOCAL TIME.

CLIMATE NORMAL PERIOD 1981 TO 2010
CLIMATE RECORD PERIOD 1870 TO 2014


WEATHER ITEM   OBSERVED TIME   RECORD YEAR NORMAL DEPARTURE LAST
                VALUE   (LST)  VALUE       VALUE  FROM      YEAR
                                                  NORMAL
..................................................................
TEMPERATURE (F)
 TODAY
  MAXIMUM         41    200 PM  75    1924  47     -6       51
  MINIMUM         35        MM   3    1901  29      6       25
  AVERAGE         38                        38      0       38

PRECIPITATION (IN)
  TODAY            0.00          1.59 1990   0.16  -0.16     0.00
  MONTH TO DATE    1.08                      2.77  -1.69     2.97
  SINCE DEC 1      1.08                      2.77  -1.69     2.97
  SINCE JAN 1     45.51                     47.86  -2.35    57.62

SNOWFALL (IN)
  TODAY            0.0           1.0  1932   0.0    0.0      0.0
  MONTH TO DATE    0.0                       0.4   -0.4      0.1
  SINCE DEC 1      0.0                       0.4   -0.4      0.1
  SINCE JUL 1      0.3                       0.4   -0.1      1.2
  SNOW DEPTH       0

DEGREE DAYS
 HEATING
  TODAY           27                        27      0       27
  MONTH TO DATE  363                       423    -60      447
  SINCE DEC 1    363                       423    -60      447
  SINCE JUL 1   1260                      1186     74     1327

 COOLING
  TODAY            0                         0      0        0
  MONTH TO DATE    0                         0      0        0
  SINCE DEC 1      0                         0      0        0
  SINCE JAN 1   1488                      1491     -3     1499
..................................................................


WIND (MPH)
  HIGHEST WIND SPEED     9   HIGHEST WIND DIRECTION     N (340)
  HIGHEST GUST SPEED    MM   HIGHEST GUST DIRECTION    MM
  AVERAGE WIND SPEED     6.1


SKY COVER
  POSSIBLE SUNSHINE  MM
  AVERAGE SKY COVER 0.8


WEATHER CONDITIONS
 THE FOLLOWING WEATHER WAS RECORDED TODAY.
  NO SIGNIFICANT WEATHER WAS OBSERVED.


RELATIVE HUMIDITY (PERCENT)
 HIGHEST    76           100 AM
 LOWEST     55           100 PM
 AVERAGE    66

..........................................................


THE BOWLING GREEN CLIMATE NORMALS FOR TOMORROW
                         NORMAL    RECORD    YEAR
 MAXIMUM TEMPERATURE (F)   47        68      1924
 MINIMUM TEMPERATURE (F)   29        -5      1901


SUNRISE AND SUNSET
DECEMBER 17 2014......SUNRISE   653 AM CST   SUNSET   431 PM CST
DECEMBER 18 2014......SUNRISE   653 AM CST   SUNSET   431 PM CST


-  INDICATES NEGATIVE NUMBERS.
R  INDICATES RECORD WAS SET OR TIED.
MM INDICATES DATA IS MISSING.
T  INDICATES TRACE AMOUNT.




$$
