000
CDUS43 KLMK 160626
CLIBWG


CLIMATE REPORT
NATIONAL WEATHER SERVICE LOUISVILLE KY
225 AM EDT MON MAY 16 2016


...................................

...THE BOWLING GREEN KY CLIMATE SUMMARY FOR MAY 15 2016...

CLIMATE NORMAL PERIOD 1981 TO 2010
CLIMATE RECORD PERIOD 1870 TO 2016


WEATHER ITEM   OBSERVED TIME   RECORD YEAR NORMAL DEPARTURE LAST
                VALUE   (LST)  VALUE       VALUE  FROM      YEAR
                                                  NORMAL
..................................................................
TEMPERATURE (F)
 YESTERDAY
  MAXIMUM         66    419 PM  92    1962  77    -11       87
                                      1900
  MINIMUM         41    505 AM  36    1904  55    -14       61
  AVERAGE         54                        66    -12       74

PRECIPITATION (IN)
  YESTERDAY        0.00          3.04 1983   0.19  -0.19      T
  MONTH TO DATE    2.30                      2.81  -0.51     0.08
  SINCE MAR 1      7.65                     11.56  -3.91    15.43
  SINCE JAN 1     14.23                     19.13  -4.90    21.31

SNOWFALL (IN)
  YESTERDAY        0.0           0.0    MM   0.0    0.0      0.0
  MONTH TO DATE    0.0                       0.0    0.0      0.0
  SINCE MAR 1      T                         1.3   -1.3      7.2
  SINCE JUL 1     24.0                       9.1   14.9     23.5
  SNOW DEPTH       0

DEGREE DAYS
 HEATING
  YESTERDAY       11                         2      9        0
  MONTH TO DATE   55                        51      4       19
  SINCE MAR 1    592                       822   -230      731
  SINCE JUL 1   3192                      4020   -828     4266

 COOLING
  YESTERDAY        0                         3     -3        9
  MONTH TO DATE   48                        37     11       72
  SINCE MAR 1     92                        73     19      107
  SINCE JAN 1     92                        73     19      107
..................................................................


WIND (MPH)
  HIGHEST WIND SPEED    15   HIGHEST WIND DIRECTION     W (270)
  HIGHEST GUST SPEED    23   HIGHEST GUST DIRECTION     W (280)
  AVERAGE WIND SPEED     4.5


SKY COVER
  POSSIBLE SUNSHINE  MM
  AVERAGE SKY COVER 0.0


WEATHER CONDITIONS
 THE FOLLOWING WEATHER WAS RECORDED YESTERDAY.
  NO SIGNIFICANT WEATHER WAS OBSERVED.


RELATIVE HUMIDITY (PERCENT)
 HIGHEST    89           100 AM
 LOWEST     34           100 PM
 AVERAGE    62

..........................................................


THE BOWLING GREEN KY CLIMATE NORMALS FOR TODAY
                         NORMAL    RECORD    YEAR
 MAXIMUM TEMPERATURE (F)   78        93      1911
 MINIMUM TEMPERATURE (F)   55        33      1997


SUNRISE AND SUNSET
MAY 16 2016...........SUNRISE   537 AM CDT   SUNSET   748 PM CDT
MAY 17 2016...........SUNRISE   536 AM CDT   SUNSET   749 PM CDT


-  INDICATES NEGATIVE NUMBERS.
R  INDICATES RECORD WAS SET OR TIED.
MM INDICATES DATA IS MISSING.
T  INDICATES TRACE AMOUNT.




$$
