000
CDUS43 KLMK 102137
CLIBWG


CLIMATE REPORT
NATIONAL WEATHER SERVICE LOUISVILLE KY
437 PM EST FRI FEB 10 2017


...................................

...THE BOWLING GREEN CLIMATE SUMMARY FOR FEBRUARY 10 2017...
VALID TODAY AS OF 0400 PM LOCAL TIME.

CLIMATE NORMAL PERIOD 1981 TO 2010
CLIMATE RECORD PERIOD 1870 TO 2017


WEATHER ITEM   OBSERVED TIME   RECORD YEAR NORMAL DEPARTURE LAST
                VALUE   (LST)  VALUE       VALUE  FROM      YEAR
                                                  NORMAL
..................................................................
TEMPERATURE (F)
 TODAY
  MAXIMUM         64    326 PM  79    1932  49     15       27
  MINIMUM         23    437 AM -16    1899  29     -6       16
  AVERAGE         44                        38      6       22

PRECIPITATION (IN)
  TODAY            0.00          1.43 1966   0.15  -0.15     0.01
  MONTH TO DATE    1.68                      1.46   0.22     1.83
  SINCE DEC 1     11.48                      9.87   1.61     8.87
  SINCE JAN 1      5.84                      5.07   0.77     3.64

SNOWFALL (IN)
  TODAY            0.0           5.0  1986   0.2   -0.2      0.4
  MONTH TO DATE    0.0                       1.5   -1.5      2.0
  SINCE DEC 1      0.7                       6.0   -5.3     16.8
  SINCE JUL 1      0.7                       6.0   -5.3     16.8
  SNOW DEPTH       0

DEGREE DAYS
 HEATING
  TODAY           21                        26     -5       43
  MONTH TO DATE  230                       273    -43      262
  SINCE DEC 1   1665                      2002   -337     1647
  SINCE JUL 1   2151                      2765   -614     2185

 COOLING
  TODAY            0                         0      0        0
  MONTH TO DATE    0                         0      0        0
  SINCE DEC 1      0                         1     -1        2
  SINCE JAN 1      0                         0      0        0
..................................................................


WIND (MPH)
  HIGHEST WIND SPEED    23   HIGHEST WIND DIRECTION    SW (220)
  HIGHEST GUST SPEED    30   HIGHEST GUST DIRECTION    SW (220)
  AVERAGE WIND SPEED     8.0


SKY COVER
  POSSIBLE SUNSHINE  MM
  AVERAGE SKY COVER 0.0


WEATHER CONDITIONS
 THE FOLLOWING WEATHER WAS RECORDED TODAY.
  NO SIGNIFICANT WEATHER WAS OBSERVED.


RELATIVE HUMIDITY (PERCENT)
 HIGHEST    74          1200 AM
 LOWEST     23           300 PM
 AVERAGE    49

..........................................................


THE BOWLING GREEN CLIMATE NORMALS FOR TOMORROW
                         NORMAL    RECORD    YEAR
 MAXIMUM TEMPERATURE (F)   49        72      1999
                                             1938
 MINIMUM TEMPERATURE (F)   29        -4      1885


SUNRISE AND SUNSET
FEBRUARY 10 2017......SUNRISE   639 AM CST   SUNSET   521 PM CST
FEBRUARY 11 2017......SUNRISE   638 AM CST   SUNSET   522 PM CST


-  INDICATES NEGATIVE NUMBERS.
R  INDICATES RECORD WAS SET OR TIED.
MM INDICATES DATA IS MISSING.
T  INDICATES TRACE AMOUNT.




$$
