000
CDUS43 KLMK 032032
CLIBWG


CLIMATE REPORT
NATIONAL WEATHER SERVICE LOUISVILLE KY
431 PM EDT THU JUL 3 2014


...................................

...THE BOWLING GREEN CLIMATE SUMMARY FOR JULY 3 2014...
VALID TODAY AS OF 0400 PM LOCAL TIME.

CLIMATE NORMAL PERIOD 1981 TO 2010
CLIMATE RECORD PERIOD 1870 TO 2014


WEATHER ITEM   OBSERVED TIME   RECORD YEAR NORMAL DEPARTURE LAST
                VALUE   (LST)  VALUE       VALUE  FROM      YEAR
                                                  NORMAL
..................................................................
TEMPERATURE (F)
 TODAY
  MAXIMUM         77    135 PM 102    1897  89    -12       85
  MINIMUM         62    429 AM  52    1924  68     -6       62
  AVERAGE         70                        78     -8       74

PRECIPITATION (IN)
  TODAY            0.00          4.91 1989   0.13  -0.13     0.01
  MONTH TO DATE    0.24                      0.42  -0.18     2.97
  SINCE JUN 1      1.96                      4.62  -2.66     5.34
  SINCE JAN 1     22.54                     26.55  -4.01    29.87

SNOWFALL (IN)
  TODAY            0.0           0.0    MM   0.0    0.0      0.0
  MONTH TO DATE    0.0                       0.0    0.0      0.0
  SINCE JUN 1      0.0                       0.0    0.0      0.0
  SINCE JUL 1      0.0                       0.0    0.0      0.0
  SNOW DEPTH       0

DEGREE DAYS
 HEATING
  TODAY            0                         0      0        0
  MONTH TO DATE    0                         0      0        0
  SINCE JUN 1      0                         5     -5        0
  SINCE JUL 1      0                         0      0        0

 COOLING
  TODAY            5                        13     -8        9
  MONTH TO DATE   36                        39     -3       24
  SINCE JUN 1    385                       344     41      358
  SINCE JAN 1    582                       497     85      571
..................................................................


WIND (MPH)
  HIGHEST WIND SPEED    12   HIGHEST WIND DIRECTION     W (290)
  HIGHEST GUST SPEED    17   HIGHEST GUST DIRECTION    NW (300)
  AVERAGE WIND SPEED     5.1


SKY COVER
  POSSIBLE SUNSHINE  MM
  AVERAGE SKY COVER 0.4


WEATHER CONDITIONS
 THE FOLLOWING WEATHER WAS RECORDED TODAY.
  NO SIGNIFICANT WEATHER WAS OBSERVED.


RELATIVE HUMIDITY (PERCENT)
 HIGHEST    84           400 AM
 LOWEST     50          1200 PM
 AVERAGE    67

..........................................................


THE BOWLING GREEN CLIMATE NORMALS FOR TOMORROW
                         NORMAL    RECORD    YEAR
 MAXIMUM TEMPERATURE (F)   89       102      2012
                                             1874
 MINIMUM TEMPERATURE (F)   68        52      1907
                                             1924


SUNRISE AND SUNSET
JULY  3 2014..........SUNRISE   531 AM CDT   SUNSET   809 PM CDT
JULY  4 2014..........SUNRISE   531 AM CDT   SUNSET   809 PM CDT


-  INDICATES NEGATIVE NUMBERS.
R  INDICATES RECORD WAS SET OR TIED.
MM INDICATES DATA IS MISSING.
T  INDICATES TRACE AMOUNT.




$$
