000
CDUS43 KLMK 142044
CLIBWG


CLIMATE REPORT
NATIONAL WEATHER SERVICE LOUISVILLE KY
443 PM EDT SUN AUG 14 2016


...................................

...THE BOWLING GREEN CLIMATE SUMMARY FOR AUGUST 14 2016...
VALID TODAY AS OF 0400 PM LOCAL TIME.

CLIMATE NORMAL PERIOD 1981 TO 2010
CLIMATE RECORD PERIOD 1870 TO 2016


WEATHER ITEM   OBSERVED TIME   RECORD YEAR NORMAL DEPARTURE LAST
                VALUE   (LST)  VALUE       VALUE  FROM      YEAR
                                                  NORMAL
..................................................................
TEMPERATURE (F)
 TODAY
  MAXIMUM         89    118 PM 103    1918  89      0       87
  MINIMUM         72    518 AM  49    2004  67      5       59
  AVERAGE         81                        78      3       73

PRECIPITATION (IN)
  TODAY            0.04          1.34 1906   0.11  -0.07     0.00
  MONTH TO DATE    1.51                      1.39   0.12     0.58
  SINCE JUN 1     15.10                      9.69   5.41     9.86
  SINCE JAN 1     34.27                     31.62   2.65    34.05

SNOWFALL (IN)
  TODAY            0.0           0.0    MM   0.0    0.0      0.0
  MONTH TO DATE    0.0                       0.0    0.0      0.0
  SINCE JUN 1      0.0                       0.0    0.0      0.0
  SINCE JUL 1      0.0                       0.0    0.0      0.0
  SNOW DEPTH       0

DEGREE DAYS
 HEATING
  TODAY            0                         0      0        0
  MONTH TO DATE    0                         0      0        0
  SINCE JUN 1      0                         5     -5        3
  SINCE JUL 1      0                         0      0        0

 COOLING
  TODAY           16                        13      3        8
  MONTH TO DATE  240                       183     57      165
  SINCE JUN 1   1141                       911    230     1026
  SINCE JAN 1   1307                      1064    243     1229
..................................................................


WIND (MPH)
  HIGHEST WIND SPEED    15   HIGHEST WIND DIRECTION    SW (210)
  HIGHEST GUST SPEED    20   HIGHEST GUST DIRECTION    SW (210)
  AVERAGE WIND SPEED     6.9


SKY COVER
  POSSIBLE SUNSHINE  MM
  AVERAGE SKY COVER 0.2


WEATHER CONDITIONS
 THE FOLLOWING WEATHER WAS RECORDED TODAY.
  RAIN


RELATIVE HUMIDITY (PERCENT)
 HIGHEST    93          1200 AM
 LOWEST     59          1200 PM
 AVERAGE    76

..........................................................


THE BOWLING GREEN CLIMATE NORMALS FOR TOMORROW
                         NORMAL    RECORD    YEAR
 MAXIMUM TEMPERATURE (F)   89       104      2007
 MINIMUM TEMPERATURE (F)   67        50      2004


SUNRISE AND SUNSET
AUGUST 14 2016........SUNRISE   602 AM CDT   SUNSET   738 PM CDT
AUGUST 15 2016........SUNRISE   603 AM CDT   SUNSET   737 PM CDT


-  INDICATES NEGATIVE NUMBERS.
R  INDICATES RECORD WAS SET OR TIED.
MM INDICATES DATA IS MISSING.
T  INDICATES TRACE AMOUNT.




$$
