000
CDUS43 KLMK 140645
CLIBWG


CLIMATE REPORT
NATIONAL WEATHER SERVICE LOUISVILLE KY
145 AM EST SAT JAN 14 2017


...................................

...THE BOWLING GREEN KY CLIMATE SUMMARY FOR JANUARY 13 2017...

CLIMATE NORMAL PERIOD 1981 TO 2010
CLIMATE RECORD PERIOD 1870 TO 2017


WEATHER ITEM   OBSERVED TIME   RECORD YEAR NORMAL DEPARTURE LAST
                VALUE   (LST)  VALUE       VALUE  FROM      YEAR
                                                  NORMAL
..................................................................
TEMPERATURE (F)
 YESTERDAY
  MAXIMUM         43    520 AM  73    1911  45     -2       40
                                      1907
  MINIMUM         41    244 PM -12    1918  26     15       14
  AVERAGE         42                        35      7       27

PRECIPITATION (IN)
  YESTERDAY        0.15          2.18 2013   0.12   0.03     0.00
  MONTH TO DATE    2.00                      1.50   0.50     0.25
  SINCE DEC 1      7.64                      6.30   1.34     5.48
  SINCE JAN 1      2.00                      1.50   0.50     0.25

SNOWFALL (IN)
  YESTERDAY       MM             4.0  1921   0.1   MM        0.0
                                      1917
  MONTH TO DATE    0.7                       1.2   -0.5      0.1
  SINCE DEC 1      0.7                       2.4   -1.7      0.1
  SINCE JUL 1      0.7                       2.4   -1.7      0.1
  SNOW DEPTH       0

DEGREE DAYS
 HEATING
  YESTERDAY       23                        30     -7       38
  MONTH TO DATE  335                       385    -50      381
  SINCE DEC 1   1130                      1206    -76      822
  SINCE JUL 1   1616                      1969   -353     1360

 COOLING
  YESTERDAY        0                         0      0        0
  MONTH TO DATE    0                         0      0        0
  SINCE DEC 1      0                         1     -1        2
  SINCE JAN 1      0                         0      0        0
..................................................................


WIND (MPH)
  HIGHEST WIND SPEED    14   HIGHEST WIND DIRECTION    NE (50)
  HIGHEST GUST SPEED    16   HIGHEST GUST DIRECTION    NE (50)
  AVERAGE WIND SPEED     6.9


SKY COVER
  POSSIBLE SUNSHINE  MM
  AVERAGE SKY COVER 1.0


WEATHER CONDITIONS
 THE FOLLOWING WEATHER WAS RECORDED YESTERDAY.
  LIGHT RAIN
  FOG


RELATIVE HUMIDITY (PERCENT)
 HIGHEST    96          1200 AM
 LOWEST     89           300 AM
 AVERAGE    93

..........................................................


THE BOWLING GREEN KY CLIMATE NORMALS FOR TODAY
                         NORMAL    RECORD    YEAR
 MAXIMUM TEMPERATURE (F)   45        72      1932
                                             1907
 MINIMUM TEMPERATURE (F)   26        -2      1917


SUNRISE AND SUNSET
JANUARY 14 2017.......SUNRISE   658 AM CST   SUNSET   452 PM CST
JANUARY 15 2017.......SUNRISE   658 AM CST   SUNSET   453 PM CST


-  INDICATES NEGATIVE NUMBERS.
R  INDICATES RECORD WAS SET OR TIED.
MM INDICATES DATA IS MISSING.
T  INDICATES TRACE AMOUNT.




$$
