000
CDUS43 KLMK 170631
CLIBWG


CLIMATE REPORT
NATIONAL WEATHER SERVICE LOUISVILLE KY
230 AM EDT FRI OCT 17 2014


...................................

...THE BOWLING GREEN KY CLIMATE SUMMARY FOR OCTOBER 16 2014...

CLIMATE NORMAL PERIOD 1981 TO 2010
CLIMATE RECORD PERIOD 1870 TO 2014


WEATHER ITEM   OBSERVED TIME   RECORD YEAR NORMAL DEPARTURE LAST
                VALUE   (LST)  VALUE       VALUE  FROM      YEAR
                                                  NORMAL
..................................................................
TEMPERATURE (F)
 YESTERDAY
  MAXIMUM         62    210 PM  89    1947  71     -9       68
                                      1920
  MINIMUM         47   1151 PM  30    1945  46      1       58
  AVERAGE         55                        59     -4       63

PRECIPITATION (IN)
  YESTERDAY        0.00          2.16 1975   0.10  -0.10     0.26
  MONTH TO DATE    4.98                      1.73   3.25     2.33
  SINCE SEP 1      5.35                      5.66  -0.31     7.42
  SINCE JAN 1     41.51                     39.22   2.29    50.12

SNOWFALL (IN)
  YESTERDAY        0.0           0.0    MM   0.0    0.0      0.0
  MONTH TO DATE    0.0                       0.0    0.0      0.0
  SINCE SEP 1      0.0                       0.0    0.0      0.0
  SINCE JUL 1      0.0                       0.0    0.0      0.0
  SNOW DEPTH       0

DEGREE DAYS
 HEATING
  YESTERDAY       10                         7      3        2
  MONTH TO DATE   59                        87    -28       30
  SINCE SEP 1     83                       122    -39       42
  SINCE JUL 1     83                       123    -40       42

 COOLING
  YESTERDAY        0                         1     -1        0
  MONTH TO DATE   29                        25      4       43
  SINCE SEP 1    208                       211     -3      235
  SINCE JAN 1   1485                      1480      5     1495
..................................................................


WIND (MPH)
  HIGHEST WIND SPEED    13   HIGHEST WIND DIRECTION     W (280)
  HIGHEST GUST SPEED    15   HIGHEST GUST DIRECTION     W (280)
  AVERAGE WIND SPEED     6.9


SKY COVER
  POSSIBLE SUNSHINE  MM
  AVERAGE SKY COVER 0.8


WEATHER CONDITIONS
 THE FOLLOWING WEATHER WAS RECORDED YESTERDAY.
  NO SIGNIFICANT WEATHER WAS OBSERVED.


RELATIVE HUMIDITY (PERCENT)
 HIGHEST    89          1200 AM
 LOWEST     64           100 PM
 AVERAGE    77

..........................................................


THE BOWLING GREEN KY CLIMATE NORMALS FOR TODAY
                         NORMAL    RECORD    YEAR
 MAXIMUM TEMPERATURE (F)   71        90      1917
 MINIMUM TEMPERATURE (F)   46        29      1948


SUNRISE AND SUNSET
OCTOBER 17 2014.......SUNRISE   655 AM CDT   SUNSET   606 PM CDT
OCTOBER 18 2014.......SUNRISE   656 AM CDT   SUNSET   605 PM CDT


-  INDICATES NEGATIVE NUMBERS.
R  INDICATES RECORD WAS SET OR TIED.
MM INDICATES DATA IS MISSING.
T  INDICATES TRACE AMOUNT.




$$
