000
CDUS43 KLMK 250627
CLIBWG


CLIMATE REPORT
NATIONAL WEATHER SERVICE LOUISVILLE KY
226 AM EDT THU SEP 25 2014


...................................

...THE BOWLING GREEN KY CLIMATE SUMMARY FOR SEPTEMBER 24 2014...

CLIMATE NORMAL PERIOD 1981 TO 2010
CLIMATE RECORD PERIOD 1870 TO 2014


WEATHER ITEM   OBSERVED TIME   RECORD YEAR NORMAL DEPARTURE LAST
                VALUE   (LST)  VALUE       VALUE  FROM      YEAR
                                                  NORMAL
..................................................................
TEMPERATURE (F)
 YESTERDAY
  MAXIMUM         82    226 PM  96    1910  79      3       80
  MINIMUM         47    550 AM  33    1983  55     -8       53
  AVERAGE         65                        67     -2       67

PRECIPITATION (IN)
  YESTERDAY        0.00          2.30 1921   0.13  -0.13     0.00
  MONTH TO DATE    0.37                      3.13  -2.76     4.98
  SINCE SEP 1      0.37                      3.13  -2.76     4.98
  SINCE JAN 1     36.53                     36.69  -0.16    47.68

SNOWFALL (IN)
  YESTERDAY        0.0           0.0    MM   0.0    0.0      0.0
  MONTH TO DATE    0.0                       0.0    0.0      0.0
  SINCE SEP 1      0.0                       0.0    0.0      0.0
  SINCE JUL 1      0.0                       0.0    0.0      0.0
  SNOW DEPTH       0

DEGREE DAYS
 HEATING
  YESTERDAY        0                         2     -2        0
  MONTH TO DATE   24                        15      9       12
  SINCE SEP 1     24                        15      9       12
  SINCE JUL 1     24                        16      8       12

 COOLING
  YESTERDAY        0                         4     -4        2
  MONTH TO DATE  147                       167    -20      175
  SINCE SEP 1    147                       167    -20      175
  SINCE JAN 1   1424                      1436    -12     1435
..................................................................


WIND (MPH)
  HIGHEST WIND SPEED     9   HIGHEST WIND DIRECTION     E (100)
  HIGHEST GUST SPEED    12   HIGHEST GUST DIRECTION     E (80)
  AVERAGE WIND SPEED     1.5


SKY COVER
  POSSIBLE SUNSHINE  MM
  AVERAGE SKY COVER 0.0


WEATHER CONDITIONS
 THE FOLLOWING WEATHER WAS RECORDED YESTERDAY.
  NO SIGNIFICANT WEATHER WAS OBSERVED.


RELATIVE HUMIDITY (PERCENT)
 HIGHEST    93           400 AM
 LOWEST     34           200 PM
 AVERAGE    64

..........................................................


THE BOWLING GREEN KY CLIMATE NORMALS FOR TODAY
                         NORMAL    RECORD    YEAR
 MAXIMUM TEMPERATURE (F)   79        96      2007
                                             1931
 MINIMUM TEMPERATURE (F)   54        34      1887


SUNRISE AND SUNSET
SEPTEMBER 25 2014.....SUNRISE   636 AM CDT   SUNSET   638 PM CDT
SEPTEMBER 26 2014.....SUNRISE   637 AM CDT   SUNSET   637 PM CDT


-  INDICATES NEGATIVE NUMBERS.
R  INDICATES RECORD WAS SET OR TIED.
MM INDICATES DATA IS MISSING.
T  INDICATES TRACE AMOUNT.




$$
