000
CDUS43 KLMK 150627
CLIBWG


CLIMATE REPORT
NATIONAL WEATHER SERVICE LOUISVILLE KY
226 AM EDT SUN OCT 15 2017


...................................

...THE BOWLING GREEN KY CLIMATE SUMMARY FOR OCTOBER 14 2017...

CLIMATE NORMAL PERIOD 1981 TO 2010
CLIMATE RECORD PERIOD 1870 TO 2017


WEATHER ITEM   OBSERVED TIME   RECORD YEAR NORMAL DEPARTURE LAST
                VALUE   (LST)  VALUE       VALUE  FROM      YEAR
                                                  NORMAL
..................................................................
TEMPERATURE (F)
 YESTERDAY
  MAXIMUM         86    229 PM  94    1928  72     14       73
  MINIMUM         53    413 AM  29    1987  47      6       51
  AVERAGE         70                        59     11       62

PRECIPITATION (IN)
  YESTERDAY        0.00          1.20 1915   0.10  -0.10     0.02
  MONTH TO DATE    1.12                      1.52  -0.40     0.18
  SINCE SEP 1      7.59                      5.45   2.14     1.75
  SINCE JAN 1     44.67                     39.01   5.66    39.67

SNOWFALL (IN)
  YESTERDAY        0.0           0.0    MM   0.0    0.0      0.0
  MONTH TO DATE    0.0                       0.0    0.0      0.0
  SINCE SEP 1      0.0                       0.0    0.0      0.0
  SINCE JUL 1      0.0                       0.0    0.0      0.0
  SNOW DEPTH       0

DEGREE DAYS
 HEATING
  YESTERDAY        0                         7     -7        3
  MONTH TO DATE    9                        73    -64       18
  SINCE SEP 1     28                       108    -80       37
  SINCE JUL 1     28                       109    -81       37

 COOLING
  YESTERDAY        5                         1      4        0
  MONTH TO DATE   61                        23     38       35
  SINCE SEP 1    231                       209     22      340
  SINCE JAN 1   1583                      1478    105     1899
..................................................................


WIND (MPH)
  HIGHEST WIND SPEED    16   HIGHEST WIND DIRECTION     S (190)
  HIGHEST GUST SPEED    22   HIGHEST GUST DIRECTION     S (180)
  AVERAGE WIND SPEED     6.9


SKY COVER
  POSSIBLE SUNSHINE  MM
  AVERAGE SKY COVER 0.2


WEATHER CONDITIONS
 THE FOLLOWING WEATHER WAS RECORDED YESTERDAY.
  FOG


RELATIVE HUMIDITY (PERCENT)
 HIGHEST   100           300 AM
 LOWEST     61           200 PM
 AVERAGE    81

..........................................................


THE BOWLING GREEN KY CLIMATE NORMALS FOR TODAY
                         NORMAL    RECORD    YEAR
 MAXIMUM TEMPERATURE (F)   72        87      1924
                                             1920
                                             1897
 MINIMUM TEMPERATURE (F)   46        28      1901


SUNRISE AND SUNSET
OCTOBER 15 2017.......SUNRISE   654 AM CDT   SUNSET   609 PM CDT
OCTOBER 16 2017.......SUNRISE   655 AM CDT   SUNSET   607 PM CDT


-  INDICATES NEGATIVE NUMBERS.
R  INDICATES RECORD WAS SET OR TIED.
MM INDICATES DATA IS MISSING.
T  INDICATES TRACE AMOUNT.




$$
