000
CDUS43 KLMK 250630
CLIBWG


CLIMATE REPORT
NATIONAL WEATHER SERVICE LOUISVILLE KY
230 AM EDT MON APR 25 2016


...................................

...THE BOWLING GREEN KY CLIMATE SUMMARY FOR APRIL 24 2016...

CLIMATE NORMAL PERIOD 1981 TO 2010
CLIMATE RECORD PERIOD 1870 TO 2016


WEATHER ITEM   OBSERVED TIME   RECORD YEAR NORMAL DEPARTURE LAST
                VALUE   (LST)  VALUE       VALUE  FROM      YEAR
                                                  NORMAL
..................................................................
TEMPERATURE (F)
 YESTERDAY
  MAXIMUM         80    411 PM  96    1925  72      8       65
  MINIMUM         45    446 AM  28    1887  48     -3       35
  AVERAGE         63                        60      3       50

PRECIPITATION (IN)
  YESTERDAY        0.00          2.07 2010   0.16  -0.16     0.00
  MONTH TO DATE    0.83                      3.38  -2.55     8.80
  SINCE MAR 1      4.65                      7.79  -3.14    15.07
  SINCE JAN 1     11.23                     15.36  -4.13    20.95

SNOWFALL (IN)
  YESTERDAY        0.0           0.0    MM   0.0    0.0      0.0
  MONTH TO DATE    0.0                       0.2   -0.2      0.0
  SINCE MAR 1      T                         1.3   -1.3      7.2
  SINCE JUL 1     24.0                       9.1   14.9     23.5
  SNOW DEPTH       0

DEGREE DAYS
 HEATING
  YESTERDAY        2                         6     -4       15
  MONTH TO DATE  187                       219    -32      129
  SINCE MAR 1    536                       739   -203      669
  SINCE JUL 1   3136                      3937   -801     4204

 COOLING
  YESTERDAY        0                         1     -1        0
  MONTH TO DATE   13                        23    -10       31
  SINCE MAR 1     14                        28    -14       31
  SINCE JAN 1     14                        28    -14       31
..................................................................


WIND (MPH)
  HIGHEST WIND SPEED    13   HIGHEST WIND DIRECTION     S (170)
  HIGHEST GUST SPEED    16   HIGHEST GUST DIRECTION     S (170)
  AVERAGE WIND SPEED     2.9


SKY COVER
  POSSIBLE SUNSHINE  MM
  AVERAGE SKY COVER 0.0


WEATHER CONDITIONS
 THE FOLLOWING WEATHER WAS RECORDED YESTERDAY.
  FOG
  FOG W/VISIBILITY <= 1/4 MILE


RELATIVE HUMIDITY (PERCENT)
 HIGHEST   100           600 AM
 LOWEST     32           300 PM
 AVERAGE    66

..........................................................


THE BOWLING GREEN KY CLIMATE NORMALS FOR TODAY
                         NORMAL    RECORD    YEAR
 MAXIMUM TEMPERATURE (F)   72        92      1915
 MINIMUM TEMPERATURE (F)   49        32      2013
                                             1927
                                             1910


SUNRISE AND SUNSET
APRIL 25 2016.........SUNRISE   558 AM CDT   SUNSET   730 PM CDT
APRIL 26 2016.........SUNRISE   557 AM CDT   SUNSET   731 PM CDT


-  INDICATES NEGATIVE NUMBERS.
R  INDICATES RECORD WAS SET OR TIED.
MM INDICATES DATA IS MISSING.
T  INDICATES TRACE AMOUNT.




$$
