000
CDUS43 KLMK 070627
CLIBWG


CLIMATE REPORT
NATIONAL WEATHER SERVICE LOUISVILLE KY
127 AM EST WED FEB 7 2018


...................................

...THE BOWLING GREEN KY CLIMATE SUMMARY FOR FEBRUARY 6 2018...

CLIMATE NORMAL PERIOD 1981 TO 2010
CLIMATE RECORD PERIOD 1870 TO 2018


WEATHER ITEM   OBSERVED TIME   RECORD YEAR NORMAL DEPARTURE LAST
                VALUE   (LST)  VALUE       VALUE  FROM      YEAR
                                                  NORMAL
..................................................................
TEMPERATURE (F)
 YESTERDAY
  MAXIMUM         43    221 PM  69    2008  48     -5       62
                                      1925
  MINIMUM         34    839 AM  -2    1886  28      6       35
  AVERAGE         39                        38      1       49

PRECIPITATION (IN)
  YESTERDAY        0.51          1.30 2008   0.15   0.36     0.02
  MONTH TO DATE    1.06                      0.88   0.18     0.02
  SINCE DEC 1      6.83                      9.29  -2.46     9.82
  SINCE JAN 1      3.34                      4.49  -1.15     4.18

SNOWFALL (IN)
  YESTERDAY        0.0           3.0  1998   0.1   -0.1      0.0
                                      1980
  MONTH TO DATE    0.2                       0.9   -0.7      0.0
  SINCE DEC 1      8.4                       5.4    3.0      0.7
  SINCE JUL 1      8.4                       5.4    3.0      0.7
  SNOW DEPTH       0

DEGREE DAYS
 HEATING
  YESTERDAY       26                        27     -1       16
  MONTH TO DATE  192                       166     26      146
  SINCE DEC 1   2016                      1895    121     1581
  SINCE JUL 1   2717                      2658     59     2067

 COOLING
  YESTERDAY        0                         0      0        0
  MONTH TO DATE    0                         0      0        0
  SINCE DEC 1      0                         1     -1        0
  SINCE JAN 1      0                         0      0        0
..................................................................


WIND (MPH)
  HIGHEST WIND SPEED    13   HIGHEST WIND DIRECTION     E (70)
  HIGHEST GUST SPEED    17   HIGHEST GUST DIRECTION    NE (50)
  AVERAGE WIND SPEED     6.1


SKY COVER
  POSSIBLE SUNSHINE  MM
  AVERAGE SKY COVER 1.0


WEATHER CONDITIONS
 THE FOLLOWING WEATHER WAS RECORDED YESTERDAY.
  HEAVY RAIN
  RAIN
  LIGHT RAIN
  FOG


RELATIVE HUMIDITY (PERCENT)
 HIGHEST   100          1100 PM
 LOWEST     54          1200 PM
 AVERAGE    77

..........................................................


THE BOWLING GREEN KY CLIMATE NORMALS FOR TODAY
                         NORMAL    RECORD    YEAR
 MAXIMUM TEMPERATURE (F)   48        71      1931
 MINIMUM TEMPERATURE (F)   28        -5      1984


SUNRISE AND SUNSET
FEBRUARY  7 2018......SUNRISE   643 AM CST   SUNSET   517 PM CST
FEBRUARY  8 2018......SUNRISE   642 AM CST   SUNSET   519 PM CST


-  INDICATES NEGATIVE NUMBERS.
R  INDICATES RECORD WAS SET OR TIED.
MM INDICATES DATA IS MISSING.
T  INDICATES TRACE AMOUNT.




$$
