000
CDUS43 KLMK 252130
CLIBWG


CLIMATE REPORT
NATIONAL WEATHER SERVICE LOUISVILLE KY
429 PM EST FRI NOV 25 2016


...................................

...THE BOWLING GREEN CLIMATE SUMMARY FOR NOVEMBER 25 2016...
VALID TODAY AS OF 0400 PM LOCAL TIME.

CLIMATE NORMAL PERIOD 1981 TO 2010
CLIMATE RECORD PERIOD 1870 TO 2016


WEATHER ITEM   OBSERVED TIME   RECORD YEAR NORMAL DEPARTURE LAST
                VALUE   (LST)  VALUE       VALUE  FROM      YEAR
                                                  NORMAL
..................................................................
TEMPERATURE (F)
 TODAY
  MAXIMUM         48    341 AM  74    1896  55     -7       64
  MINIMUM         46    313 PM  -7    1950  35     11       34
  AVERAGE         47                        45      2       49

PRECIPITATION (IN)
  TODAY            0.00          1.60 1964   0.15  -0.15     0.00
  MONTH TO DATE    0.46                      3.43  -2.97     3.03
  SINCE SEP 1      2.59                     10.74  -8.15    11.78
  SINCE JAN 1     40.51                     44.30  -3.79    46.82

SNOWFALL (IN)
  TODAY            0.0           1.2  1903   0.0    0.0      0.0
  MONTH TO DATE    0.0                       0.0    0.0      0.0
  SINCE SEP 1      0.0                       T      0.0      0.0
  SINCE JUL 1      0.0                       T      0.0      0.0
  SNOW DEPTH       0

DEGREE DAYS
 HEATING
  TODAY           18                        20     -2       16
  MONTH TO DATE  310                       393    -83      312
  SINCE SEP 1    396                       655   -259      498
  SINCE JUL 1    396                       656   -260      498

 COOLING
  TODAY            0                         0      0        0
  MONTH TO DATE   15                         0     15        9
  SINCE SEP 1    420                       219    201      290
  SINCE JAN 1   1979                      1488    491     1671
..................................................................


WIND (MPH)
  HIGHEST WIND SPEED    10   HIGHEST WIND DIRECTION     W (280)
  HIGHEST GUST SPEED    12   HIGHEST GUST DIRECTION    NW (320)
  AVERAGE WIND SPEED     3.4


SKY COVER
  POSSIBLE SUNSHINE  MM
  AVERAGE SKY COVER 1.0


WEATHER CONDITIONS
 THE FOLLOWING WEATHER WAS RECORDED TODAY.
  FOG


RELATIVE HUMIDITY (PERCENT)
 HIGHEST    93          1200 AM
 LOWEST     65           200 PM
 AVERAGE    79

..........................................................


THE BOWLING GREEN CLIMATE NORMALS FOR TOMORROW
                         NORMAL    RECORD    YEAR
 MAXIMUM TEMPERATURE (F)   55        75      1935
                                             1927
                                             1921
 MINIMUM TEMPERATURE (F)   34        14      1898


SUNRISE AND SUNSET
NOVEMBER 25 2016......SUNRISE   635 AM CST   SUNSET   431 PM CST
NOVEMBER 26 2016......SUNRISE   636 AM CST   SUNSET   430 PM CST


-  INDICATES NEGATIVE NUMBERS.
R  INDICATES RECORD WAS SET OR TIED.
MM INDICATES DATA IS MISSING.
T  INDICATES TRACE AMOUNT.




$$
