000
CDUS43 KLMK 092133
CLIBWG


CLIMATE REPORT
NATIONAL WEATHER SERVICE LOUISVILLE KY
432 PM EST MON JAN 9 2017


...................................

...THE BOWLING GREEN CLIMATE SUMMARY FOR JANUARY 9 2017...
VALID TODAY AS OF 0400 PM LOCAL TIME.

CLIMATE NORMAL PERIOD 1981 TO 2010
CLIMATE RECORD PERIOD 1870 TO 2017


WEATHER ITEM   OBSERVED TIME   RECORD YEAR NORMAL DEPARTURE LAST
                VALUE   (LST)  VALUE       VALUE  FROM      YEAR
                                                  NORMAL
..................................................................
TEMPERATURE (F)
 TODAY
  MAXIMUM         43    258 PM  70    1930  45     -2       56
  MINIMUM         22    619 AM -24    1877  26     -4       41
  AVERAGE         33                        35     -2       49

PRECIPITATION (IN)
  TODAY            0.00          2.19 1965   0.11  -0.11     0.20
  MONTH TO DATE    0.96                      1.05  -0.09     0.24
  SINCE DEC 1      5.70                      5.85  -0.15     5.47
  SINCE JAN 1      0.96                      1.05  -0.09     0.24

SNOWFALL (IN)
  TODAY            0.0           3.0  1977   0.1   -0.1      0.0
                                      1918
  MONTH TO DATE    0.7                       0.8   -0.1      0.0
  SINCE DEC 1      0.7                       2.0   -1.3       T
  SINCE JUL 1      0.7                       2.0   -1.3       T
  SNOW DEPTH       0

DEGREE DAYS
 HEATING
  TODAY           32                        30      2       16
  MONTH TO DATE  284                       265     19      232
  SINCE DEC 1   1079                      1086     -7      673
  SINCE JUL 1   1565                      1849   -284     1211

 COOLING
  TODAY            0                         0      0        0
  MONTH TO DATE    0                         0      0        0
  SINCE DEC 1      0                         1     -1        2
  SINCE JAN 1      0                         0      0        0
..................................................................


WIND (MPH)
  HIGHEST WIND SPEED    18   HIGHEST WIND DIRECTION    SW (220)
  HIGHEST GUST SPEED    24   HIGHEST GUST DIRECTION    SW (220)
  AVERAGE WIND SPEED     9.1


SKY COVER
  POSSIBLE SUNSHINE  MM
  AVERAGE SKY COVER 0.3


WEATHER CONDITIONS
 THE FOLLOWING WEATHER WAS RECORDED TODAY.
  NO SIGNIFICANT WEATHER WAS OBSERVED.


RELATIVE HUMIDITY (PERCENT)
 HIGHEST    65           600 AM
 LOWEST     29           100 PM
 AVERAGE    47

..........................................................


THE BOWLING GREEN CLIMATE NORMALS FOR TOMORROW
                         NORMAL    RECORD    YEAR
 MAXIMUM TEMPERATURE (F)   45        70      1949
 MINIMUM TEMPERATURE (F)   26       -19      1879


SUNRISE AND SUNSET
JANUARY  9 2017.......SUNRISE   659 AM CST   SUNSET   447 PM CST
JANUARY 10 2017.......SUNRISE   659 AM CST   SUNSET   448 PM CST


-  INDICATES NEGATIVE NUMBERS.
R  INDICATES RECORD WAS SET OR TIED.
MM INDICATES DATA IS MISSING.
T  INDICATES TRACE AMOUNT.




$$
