000
CDUS43 KLMK 240633
CLIBWG


CLIMATE REPORT
NATIONAL WEATHER SERVICE LOUISVILLE KY
231 AM EDT WED SEP 24 2014


...................................

...THE BOWLING GREEN KY CLIMATE SUMMARY FOR SEPTEMBER 23 2014...

CLIMATE NORMAL PERIOD 1981 TO 2010
CLIMATE RECORD PERIOD 1870 TO 2014


WEATHER ITEM   OBSERVED TIME   RECORD YEAR NORMAL DEPARTURE LAST
                VALUE   (LST)  VALUE       VALUE  FROM      YEAR
                                                  NORMAL
..................................................................
TEMPERATURE (F)
 YESTERDAY
  MAXIMUM         77    310 PM  95    2010  79     -2       77
                                      1931
                                      1910
  MINIMUM         44    555 AM  37    1927  55    -11       48
                                      1918
  AVERAGE         61                        67     -6       63

PRECIPITATION (IN)
  YESTERDAY        0.00          2.83 2006   0.13  -0.13     0.00
  MONTH TO DATE    0.37                      3.00  -2.63     4.98
  SINCE SEP 1      0.37                      3.00  -2.63     4.98
  SINCE JAN 1     36.53                     36.56  -0.03    47.68

SNOWFALL (IN)
  YESTERDAY        0.0           0.0    MM   0.0    0.0      0.0
  MONTH TO DATE    0.0                       0.0    0.0      0.0
  SINCE SEP 1      0.0                       0.0    0.0      0.0
  SINCE JUL 1      0.0                       0.0    0.0      0.0
  SNOW DEPTH       0

DEGREE DAYS
 HEATING
  YESTERDAY        4                         2      2        2
  MONTH TO DATE   24                        13     11       12
  SINCE SEP 1     24                        13     11       12
  SINCE JUL 1     24                        14     10       12

 COOLING
  YESTERDAY        0                         4     -4        0
  MONTH TO DATE  147                       163    -16      173
  SINCE SEP 1    147                       163    -16      173
  SINCE JAN 1   1424                      1432     -8     1433
..................................................................


WIND (MPH)
  HIGHEST WIND SPEED    15   HIGHEST WIND DIRECTION    NE (50)
  HIGHEST GUST SPEED    19   HIGHEST GUST DIRECTION     E (80)
  AVERAGE WIND SPEED     4.5


SKY COVER
  POSSIBLE SUNSHINE  MM
  AVERAGE SKY COVER 0.0


WEATHER CONDITIONS
 THE FOLLOWING WEATHER WAS RECORDED YESTERDAY.
  NO SIGNIFICANT WEATHER WAS OBSERVED.


RELATIVE HUMIDITY (PERCENT)
 HIGHEST   100           655 AM
 LOWEST     29           335 PM
 AVERAGE    65

..........................................................


THE BOWLING GREEN KY CLIMATE NORMALS FOR TODAY
                         NORMAL    RECORD    YEAR
 MAXIMUM TEMPERATURE (F)   79        96      1910
 MINIMUM TEMPERATURE (F)   55        33      1983


SUNRISE AND SUNSET
SEPTEMBER 24 2014.....SUNRISE   635 AM CDT   SUNSET   640 PM CDT
SEPTEMBER 25 2014.....SUNRISE   636 AM CDT   SUNSET   638 PM CDT


-  INDICATES NEGATIVE NUMBERS.
R  INDICATES RECORD WAS SET OR TIED.
MM INDICATES DATA IS MISSING.
T  INDICATES TRACE AMOUNT.

$$

SCHOETTMER
