000
CDUS43 KLMK 220627
CLIBWG


CLIMATE REPORT
NATIONAL WEATHER SERVICE LOUISVILLE KY
226 AM EDT SUN MAY 22 2016


...................................

...THE BOWLING GREEN KY CLIMATE SUMMARY FOR MAY 21 2016...

CLIMATE NORMAL PERIOD 1981 TO 2010
CLIMATE RECORD PERIOD 1870 TO 2016


WEATHER ITEM   OBSERVED TIME   RECORD YEAR NORMAL DEPARTURE LAST
                VALUE   (LST)  VALUE       VALUE  FROM      YEAR
                                                  NORMAL
..................................................................
TEMPERATURE (F)
 YESTERDAY
  MAXIMUM         64    152 PM  96    1941  79    -15       60
  MINIMUM         51   1144 PM  38    1954  57     -6       46
  AVERAGE         58                        68    -10       53

PRECIPITATION (IN)
  YESTERDAY        T             1.99 1987   0.18  -0.18     0.00
  MONTH TO DATE    4.43                      3.88   0.55     2.20
  SINCE MAR 1      9.78                     12.63  -2.85    17.55
  SINCE JAN 1     16.36                     20.20  -3.84    23.43

SNOWFALL (IN)
  YESTERDAY        0.0           0.0    MM   0.0    0.0      0.0
  MONTH TO DATE    0.0                       0.0    0.0      0.0
  SINCE MAR 1      T                         1.3   -1.3      7.2
  SINCE JUL 1     24.0                       9.1   14.9     23.5
  SNOW DEPTH       0

DEGREE DAYS
 HEATING
  YESTERDAY        7                         2      5       12
  MONTH TO DATE   92                        63     29       32
  SINCE MAR 1    629                       834   -205      744
  SINCE JUL 1   3229                      4032   -803     4279

 COOLING
  YESTERDAY        0                         5     -5        0
  MONTH TO DATE   48                        62    -14       99
  SINCE MAR 1     92                        98     -6      134
  SINCE JAN 1     92                        98     -6      134
..................................................................


WIND (MPH)
  HIGHEST WIND SPEED    13   HIGHEST WIND DIRECTION     W (280)
  HIGHEST GUST SPEED    18   HIGHEST GUST DIRECTION     W (280)
  AVERAGE WIND SPEED     6.1


SKY COVER
  POSSIBLE SUNSHINE  MM
  AVERAGE SKY COVER 0.7


WEATHER CONDITIONS
 THE FOLLOWING WEATHER WAS RECORDED YESTERDAY.
  LIGHT RAIN
  FOG
  FOG W/VISIBILITY <= 1/4 MILE


RELATIVE HUMIDITY (PERCENT)
 HIGHEST   100          1100 PM
 LOWEST     72           900 AM
 AVERAGE    86

..........................................................


THE BOWLING GREEN KY CLIMATE NORMALS FOR TODAY
                         NORMAL    RECORD    YEAR
 MAXIMUM TEMPERATURE (F)   79        96      1925
 MINIMUM TEMPERATURE (F)   57        35      2002


SUNRISE AND SUNSET
MAY 22 2016...........SUNRISE   532 AM CDT   SUNSET   753 PM CDT
MAY 23 2016...........SUNRISE   532 AM CDT   SUNSET   754 PM CDT


-  INDICATES NEGATIVE NUMBERS.
R  INDICATES RECORD WAS SET OR TIED.
MM INDICATES DATA IS MISSING.
T  INDICATES TRACE AMOUNT.




$$
