749
CDUS43 KLMK 112130
CLIBWG


CLIMATE REPORT
NATIONAL WEATHER SERVICE LOUISVILLE KY
429 PM EST MON DEC 11 2017


...................................

...THE BOWLING GREEN CLIMATE SUMMARY FOR DECEMBER 11 2017...
VALID TODAY AS OF 0400 PM LOCAL TIME.

CLIMATE NORMAL PERIOD 1981 TO 2010
CLIMATE RECORD PERIOD 1870 TO 2017


WEATHER ITEM   OBSERVED TIME   RECORD YEAR NORMAL DEPARTURE LAST
                VALUE   (LST)  VALUE       VALUE  FROM      YEAR
                                                  NORMAL
..................................................................
TEMPERATURE (F)
 TODAY
  MAXIMUM         58    259 PM  75    2007  49      9       55
  MINIMUM         24    701 AM   0    1962  30     -6       24
  AVERAGE         41                        39      2       40

PRECIPITATION (IN)
  TODAY            0.00          2.84 1949   0.17  -0.17     0.46
  MONTH TO DATE    0.57                      1.80  -1.23     1.39
  SINCE DEC 1      0.57                      1.80  -1.23     1.39
  SINCE JAN 1     49.55                     46.89   2.66    43.35

SNOWFALL (IN)
  TODAY            0.0           3.4  1898   0.0    0.0      0.0
  MONTH TO DATE    T                         0.2   -0.2      0.0
  SINCE DEC 1      T                         0.2   -0.2      0.0
  SINCE JUL 1      T                         0.2   -0.2      0.0
  SNOW DEPTH       0

DEGREE DAYS
 HEATING
  TODAY           24                        26     -2       25
  MONTH TO DATE  266                       264      2      296
  SINCE DEC 1    266                       264      2      296
  SINCE JUL 1    967                      1027    -60      782

 COOLING
  TODAY            0                         0      0        0
  MONTH TO DATE    0                         0      0        0
  SINCE DEC 1      0                         0      0        0
  SINCE JAN 1   1600                      1491    109     1979
..................................................................


WIND (MPH)
  HIGHEST WIND SPEED    21   HIGHEST WIND DIRECTION    SW (220)
  HIGHEST GUST SPEED    28   HIGHEST GUST DIRECTION    SW (220)
  AVERAGE WIND SPEED     7.0


SKY COVER
  POSSIBLE SUNSHINE  MM
  AVERAGE SKY COVER 0.0


WEATHER CONDITIONS
 THE FOLLOWING WEATHER WAS RECORDED TODAY.
  NO SIGNIFICANT WEATHER WAS OBSERVED.


RELATIVE HUMIDITY (PERCENT)
 HIGHEST    88           600 AM
 LOWEST     36           200 PM
 AVERAGE    62

..........................................................


THE BOWLING GREEN CLIMATE NORMALS FOR TOMORROW
                         NORMAL    RECORD    YEAR
 MAXIMUM TEMPERATURE (F)   49        70      2015
 MINIMUM TEMPERATURE (F)   30        -5      1962


SUNRISE AND SUNSET
DECEMBER 11 2017......SUNRISE   649 AM CST   SUNSET   429 PM CST
DECEMBER 12 2017......SUNRISE   650 AM CST   SUNSET   429 PM CST


-  INDICATES NEGATIVE NUMBERS.
R  INDICATES RECORD WAS SET OR TIED.
MM INDICATES DATA IS MISSING.
T  INDICATES TRACE AMOUNT.




$$
