000
CDUS43 KLMK 142133
CLIBWG


CLIMATE REPORT
NATIONAL WEATHER SERVICE LOUISVILLE KY
432 PM EST SUN DEC 14 2014


...................................

...THE BOWLING GREEN CLIMATE SUMMARY FOR DECEMBER 14 2014...
VALID TODAY AS OF 0400 PM LOCAL TIME.

CLIMATE NORMAL PERIOD 1981 TO 2010
CLIMATE RECORD PERIOD 1870 TO 2014


WEATHER ITEM   OBSERVED TIME   RECORD YEAR NORMAL DEPARTURE LAST
                VALUE   (LST)  VALUE       VALUE  FROM      YEAR
                                                  NORMAL
..................................................................
TEMPERATURE (F)
 TODAY
  MAXIMUM         52    317 PM  71    1984  48      4       47
                                      1927
  MINIMUM         44    728 AM   0    1898  29     15       35
  AVERAGE         48                        39      9       41

PRECIPITATION (IN)
  TODAY            0.00          2.30 1902   0.16  -0.16     0.42
  MONTH TO DATE    1.05                      2.29  -1.24     2.97
  SINCE DEC 1      1.05                      2.29  -1.24     2.97
  SINCE JAN 1     45.48                     47.38  -1.90    57.62

SNOWFALL (IN)
  TODAY            0.0           4.0  1914   0.0    0.0      0.0
  MONTH TO DATE    0.0                       0.3   -0.3      0.1
  SINCE DEC 1      0.0                       0.3   -0.3      0.1
  SINCE JUL 1      0.3                       0.3    0.0      1.2
  SNOW DEPTH       0

DEGREE DAYS
 HEATING
  TODAY           17                        26     -9       24
  MONTH TO DATE  299                       342    -43      364
  SINCE DEC 1    299                       342    -43      364
  SINCE JUL 1   1196                      1105     91     1244

 COOLING
  TODAY            0                         0      0        0
  MONTH TO DATE    0                         0      0        0
  SINCE DEC 1      0                         0      0        0
  SINCE JAN 1   1488                      1491     -3     1499
..................................................................


WIND (MPH)
  HIGHEST WIND SPEED     7   HIGHEST WIND DIRECTION     W (290)
  HIGHEST GUST SPEED     8   HIGHEST GUST DIRECTION    NW (300)
  AVERAGE WIND SPEED     1.4


SKY COVER
  POSSIBLE SUNSHINE  MM
  AVERAGE SKY COVER 1.0


WEATHER CONDITIONS
 THE FOLLOWING WEATHER WAS RECORDED TODAY.
  HAZE


RELATIVE HUMIDITY (PERCENT)
 HIGHEST    80          1100 AM
 LOWEST     70          1200 AM
 AVERAGE    75

..........................................................


THE BOWLING GREEN CLIMATE NORMALS FOR TOMORROW
                         NORMAL    RECORD    YEAR
 MAXIMUM TEMPERATURE (F)   48        73      1995
                                             1984
 MINIMUM TEMPERATURE (F)   29        -9      1903


SUNRISE AND SUNSET
DECEMBER 14 2014......SUNRISE   651 AM CST   SUNSET   430 PM CST
DECEMBER 15 2014......SUNRISE   652 AM CST   SUNSET   430 PM CST


-  INDICATES NEGATIVE NUMBERS.
R  INDICATES RECORD WAS SET OR TIED.
MM INDICATES DATA IS MISSING.
T  INDICATES TRACE AMOUNT.




$$
