881
CDUS43 KLMK 190629
CLIBWG


CLIMATE REPORT
NATIONAL WEATHER SERVICE LOUISVILLE KY
229 AM EDT WED APR 19 2017


...................................

...THE BOWLING GREEN KY CLIMATE SUMMARY FOR APRIL 18 2017...

CLIMATE NORMAL PERIOD 1981 TO 2010
CLIMATE RECORD PERIOD 1870 TO 2017


WEATHER ITEM   OBSERVED TIME   RECORD YEAR NORMAL DEPARTURE LAST
                VALUE   (LST)  VALUE       VALUE  FROM      YEAR
                                                  NORMAL
..................................................................
TEMPERATURE (F)
 YESTERDAY
  MAXIMUM         78    225 PM  90    1917  71      7       82
                                      1909
  MINIMUM         60    539 AM  20    1875  46     14       46
  AVERAGE         69                        58     11       64

PRECIPITATION (IN)
  YESTERDAY        0.17          1.19 1969   0.15   0.02     0.00
  MONTH TO DATE    2.37                      2.45  -0.08     0.59
  SINCE MAR 1      6.16                      6.86  -0.70     4.41
  SINCE JAN 1     12.74                     14.43  -1.69    10.99

SNOWFALL (IN)
  YESTERDAY        0.0           2.1  1983   0.0    0.0      0.0
  MONTH TO DATE    0.0                       0.2   -0.2      0.0
  SINCE MAR 1      T                         1.3   -1.3       T
  SINCE JUL 1      0.7                       9.1   -8.4     24.0
  SNOW DEPTH       0

DEGREE DAYS
 HEATING
  YESTERDAY        0                         8     -8        1
  MONTH TO DATE   78                       179   -101      181
  SINCE MAR 1    517                       699   -182      530
  SINCE JUL 1   2898                      3897   -999     3130

 COOLING
  YESTERDAY        4                         1      3        0
  MONTH TO DATE   36                        17     19        2
  SINCE MAR 1     42                        22     20        3
  SINCE JAN 1     46                        22     24        3
..................................................................


WIND (MPH)
  HIGHEST WIND SPEED    15   HIGHEST WIND DIRECTION    SW (220)
  HIGHEST GUST SPEED    19   HIGHEST GUST DIRECTION    SW (210)
  AVERAGE WIND SPEED     6.2


SKY COVER
  POSSIBLE SUNSHINE  MM
  AVERAGE SKY COVER 0.9


WEATHER CONDITIONS
 THE FOLLOWING WEATHER WAS RECORDED YESTERDAY.
  HEAVY RAIN
  RAIN
  LIGHT RAIN
  FOG


RELATIVE HUMIDITY (PERCENT)
 HIGHEST    93           700 PM
 LOWEST     60           300 PM
 AVERAGE    77

..........................................................


THE BOWLING GREEN KY CLIMATE NORMALS FOR TODAY
                         NORMAL    RECORD    YEAR
 MAXIMUM TEMPERATURE (F)   71        87      2011
 MINIMUM TEMPERATURE (F)   47        25      1887


SUNRISE AND SUNSET
APRIL 19 2017.........SUNRISE   606 AM CDT   SUNSET   724 PM CDT
APRIL 20 2017.........SUNRISE   605 AM CDT   SUNSET   725 PM CDT


-  INDICATES NEGATIVE NUMBERS.
R  INDICATES RECORD WAS SET OR TIED.
MM INDICATES DATA IS MISSING.
T  INDICATES TRACE AMOUNT.




$$
