000
CDUS43 KLMK 080642
CLIBWG


CLIMATE REPORT
NATIONAL WEATHER SERVICE LOUISVILLE KY
140 AM EST WED FEB 8 2017


...................................

...THE BOWLING GREEN KY CLIMATE SUMMARY FOR FEBRUARY 7 2017...

CLIMATE NORMAL PERIOD 1981 TO 2010
CLIMATE RECORD PERIOD 1870 TO 2017


WEATHER ITEM   OBSERVED TIME   RECORD YEAR NORMAL DEPARTURE LAST
                VALUE   (LST)  VALUE       VALUE  FROM      YEAR
                                                  NORMAL
..................................................................
TEMPERATURE (F)
 YESTERDAY
  MAXIMUM         61    547 PM  71    1931  48     13       56
  MINIMUM         52   1140 PM  -5    1984  28     24       24
  AVERAGE         57                        38     19       40

PRECIPITATION (IN)
  YESTERDAY        1.49R         1.05 1933   0.14   1.35     0.00
  MONTH TO DATE    1.51                      1.02   0.49     1.77
  SINCE DEC 1     11.31                      9.43   1.88     8.81
  SINCE JAN 1      5.67                      4.63   1.04     3.58

SNOWFALL (IN)
  YESTERDAY        0.0           6.0  1979   0.1   -0.1      0.0
  MONTH TO DATE    0.0                       1.0   -1.0      0.0
  SINCE DEC 1      0.7                       5.5   -4.8     14.8
  SINCE JUL 1      0.7                       5.5   -4.8     14.8
  SNOW DEPTH       0

DEGREE DAYS
 HEATING
  YESTERDAY        8                        27    -19       25
  MONTH TO DATE  154                       193    -39      149
  SINCE DEC 1   1589                      1922   -333     1534
  SINCE JUL 1   2075                      2685   -610     2072

 COOLING
  YESTERDAY        0                         0      0        0
  MONTH TO DATE    0                         0      0        0
  SINCE DEC 1      0                         1     -1        2
  SINCE JAN 1      0                         0      0        0
..................................................................


WIND (MPH)
  HIGHEST WIND SPEED    21   HIGHEST WIND DIRECTION     S (190)
  HIGHEST GUST SPEED    27   HIGHEST GUST DIRECTION     S (190)
  AVERAGE WIND SPEED    11.0


SKY COVER
  POSSIBLE SUNSHINE  MM
  AVERAGE SKY COVER 0.9


WEATHER CONDITIONS
 THE FOLLOWING WEATHER WAS RECORDED YESTERDAY.
  THUNDERSTORM
  HEAVY RAIN
  RAIN
  LIGHT RAIN
  FOG


RELATIVE HUMIDITY (PERCENT)
 HIGHEST    93          1100 AM
 LOWEST     78           400 AM
 AVERAGE    86

..........................................................


THE BOWLING GREEN KY CLIMATE NORMALS FOR TODAY
                         NORMAL    RECORD    YEAR
 MAXIMUM TEMPERATURE (F)   48        75      1937
 MINIMUM TEMPERATURE (F)   28        -5      1895


SUNRISE AND SUNSET
FEBRUARY  8 2017......SUNRISE   641 AM CST   SUNSET   519 PM CST
FEBRUARY  9 2017......SUNRISE   640 AM CST   SUNSET   520 PM CST


-  INDICATES NEGATIVE NUMBERS.
R  INDICATES RECORD WAS SET OR TIED.
MM INDICATES DATA IS MISSING.
T  INDICATES TRACE AMOUNT.




$$
