000
CDUS43 KLMK 122132
CLIBWG


CLIMATE REPORT
NATIONAL WEATHER SERVICE LOUISVILLE KY
432 PM EST WED NOV 12 2014


...................................

...THE BOWLING GREEN CLIMATE SUMMARY FOR NOVEMBER 12 2014...
VALID TODAY AS OF 0400 PM LOCAL TIME.

CLIMATE NORMAL PERIOD 1981 TO 2010
CLIMATE RECORD PERIOD 1870 TO 2014


WEATHER ITEM   OBSERVED TIME   RECORD YEAR NORMAL DEPARTURE LAST
                VALUE   (LST)  VALUE       VALUE  FROM      YEAR
                                                  NORMAL
..................................................................
TEMPERATURE (F)
 TODAY
  MAXIMUM         39    242 PM  88    1909  61    -22       56
  MINIMUM         35    222 AM  17    1894  39     -4       28
  AVERAGE         37                        50    -13       42

PRECIPITATION (IN)
  TODAY            0.00          1.00 1925   0.13  -0.13     0.03
                                      1915
  MONTH TO DATE    0.92                      1.53  -0.61     0.73
  SINCE SEP 1      6.67                      8.84  -2.17     9.86
  SINCE JAN 1     42.83                     42.40   0.43    52.56

SNOWFALL (IN)
  TODAY            0.0           T    2013   0.0    0.0       T
                                      1983
                                      1968
  MONTH TO DATE    0.0                       0.0    0.0       T
  SINCE SEP 1      0.0                       T      0.0       T
  SINCE JUL 1      0.0                       T      0.0       T
  SNOW DEPTH       0

DEGREE DAYS
 HEATING
  TODAY           28                        15     13       23
  MONTH TO DATE  214                       161     53      193
  SINCE SEP 1    432                       423      9      443
  SINCE JUL 1    432                       424      8      443

 COOLING
  TODAY            0                         0      0        0
  MONTH TO DATE    0                         0      0        0
  SINCE SEP 1    211                       219     -8      239
  SINCE JAN 1   1488                      1488      0     1499
..................................................................


WIND (MPH)
  HIGHEST WIND SPEED    10   HIGHEST WIND DIRECTION     N (360)
  HIGHEST GUST SPEED    20   HIGHEST GUST DIRECTION     N (340)
  AVERAGE WIND SPEED     6.6


SKY COVER
  POSSIBLE SUNSHINE  MM
  AVERAGE SKY COVER 1.0


WEATHER CONDITIONS
 THE FOLLOWING WEATHER WAS RECORDED TODAY.
  NO SIGNIFICANT WEATHER WAS OBSERVED.


RELATIVE HUMIDITY (PERCENT)
 HIGHEST    76          1200 AM
 LOWEST     64          1000 AM
 AVERAGE    70

..........................................................


THE BOWLING GREEN CLIMATE NORMALS FOR TOMORROW
                         NORMAL    RECORD    YEAR
 MAXIMUM TEMPERATURE (F)   61        80      1909
 MINIMUM TEMPERATURE (F)   38        13      1911


SUNRISE AND SUNSET
NOVEMBER 12 2014......SUNRISE   621 AM CST   SUNSET   438 PM CST
NOVEMBER 13 2014......SUNRISE   622 AM CST   SUNSET   438 PM CST


-  INDICATES NEGATIVE NUMBERS.
R  INDICATES RECORD WAS SET OR TIED.
MM INDICATES DATA IS MISSING.
T  INDICATES TRACE AMOUNT.




$$
