000
CDUS43 KLMK 062036
CLIBWG


CLIMATE REPORT
NATIONAL WEATHER SERVICE LOUISVILLE KY
434 PM EDT MON JUL 6 2015


...................................

...THE BOWLING GREEN CLIMATE SUMMARY FOR JULY 6 2015...
VALID TODAY AS OF 0400 PM LOCAL TIME.

CLIMATE NORMAL PERIOD 1981 TO 2010
CLIMATE RECORD PERIOD 1870 TO 2015


WEATHER ITEM   OBSERVED TIME   RECORD YEAR NORMAL DEPARTURE LAST
                VALUE   (LST)  VALUE       VALUE  FROM      YEAR
                                                  NORMAL
..................................................................
TEMPERATURE (F)
 TODAY
  MAXIMUM         87    156 PM 103    2012  89     -2       90
  MINIMUM         66    502 AM  51    1915  68     -2       60
  AVERAGE         77                        78     -1       75

PRECIPITATION (IN)
  TODAY            0.00          5.05 1920   0.15  -0.15     0.00
  MONTH TO DATE    2.48                      0.86   1.62     0.24
  SINCE JUN 1      5.59                      5.06   0.53     1.96
  SINCE JAN 1     29.78                     26.99   2.79    22.54

SNOWFALL (IN)
  TODAY            0.0           0.0    MM   0.0    0.0      0.0
  MONTH TO DATE    0.0                       0.0    0.0      0.0
  SINCE JUN 1      0.0                       0.0    0.0      0.0
  SINCE JUL 1      0.0                       0.0    0.0      0.0
  SNOW DEPTH       0

DEGREE DAYS
 HEATING
  TODAY            0                         0      0        0
  MONTH TO DATE    0                         0      0        0
  SINCE JUN 1      3                         5     -2        0
  SINCE JUL 1      0                         0      0        0

 COOLING
  TODAY           12                        14     -2       10
  MONTH TO DATE   74                        79     -5       58
  SINCE JUN 1    453                       384     69      407
  SINCE JAN 1    656                       537    119      604
..................................................................


WIND (MPH)
  HIGHEST WIND SPEED    16   HIGHEST WIND DIRECTION     S (200)
  HIGHEST GUST SPEED    21   HIGHEST GUST DIRECTION     S (200)
  AVERAGE WIND SPEED     4.9


SKY COVER
  POSSIBLE SUNSHINE  MM
  AVERAGE SKY COVER 0.5


WEATHER CONDITIONS
 THE FOLLOWING WEATHER WAS RECORDED TODAY.
  FOG
  FOG W/VISIBILITY <= 1/4 MILE


RELATIVE HUMIDITY (PERCENT)
 HIGHEST    97           100 AM
 LOWEST     55           200 PM
 AVERAGE    76

..........................................................


THE BOWLING GREEN CLIMATE NORMALS FOR TOMORROW
                         NORMAL    RECORD    YEAR
 MAXIMUM TEMPERATURE (F)   89       104      1874
 MINIMUM TEMPERATURE (F)   68        50      1972


SUNRISE AND SUNSET
JULY  6 2015..........SUNRISE   532 AM CDT   SUNSET   808 PM CDT
JULY  7 2015..........SUNRISE   533 AM CDT   SUNSET   808 PM CDT


-  INDICATES NEGATIVE NUMBERS.
R  INDICATES RECORD WAS SET OR TIED.
MM INDICATES DATA IS MISSING.
T  INDICATES TRACE AMOUNT.




$$
