943
CDUS43 KLMK 210630
CLIBWG


CLIMATE REPORT
NATIONAL WEATHER SERVICE LOUISVILLE KY
230 AM EDT THU MAY 21 2015


...................................

...THE BOWLING GREEN KY CLIMATE SUMMARY FOR MAY 20 2015...

CLIMATE NORMAL PERIOD 1981 TO 2010
CLIMATE RECORD PERIOD 1870 TO 2015


WEATHER ITEM   OBSERVED TIME   RECORD YEAR NORMAL DEPARTURE LAST
                VALUE   (LST)  VALUE       VALUE  FROM      YEAR
                                                  NORMAL
..................................................................
TEMPERATURE (F)
 YESTERDAY
  MAXIMUM         76    247 PM  96    1921  79     -3       84
                                      1902
  MINIMUM         52    331 AM  43    1926  56     -4       60
  AVERAGE         64                        68     -4       72

PRECIPITATION (IN)
  YESTERDAY        0.11          1.40 1935   0.18  -0.07     0.00
  MONTH TO DATE    2.20                      3.70  -1.50     2.90
  SINCE MAR 1     17.55                     12.45   5.10    13.20
  SINCE JAN 1     23.43                     20.02   3.41    20.37

SNOWFALL (IN)
  YESTERDAY        0.0           0.0    MM   0.0    0.0      0.0
  MONTH TO DATE    0.0                       0.0    0.0      0.0
  SINCE MAR 1      7.2                       1.3    5.9      5.1
  SINCE JUL 1     23.5                       9.1   14.4     10.4
  SNOW DEPTH       0

DEGREE DAYS
 HEATING
  YESTERDAY        1                         2     -1        0
  MONTH TO DATE   20                        61    -41       76
  SINCE MAR 1    732                       832   -100      924
  SINCE JUL 1   4267                      4030    237     4533

 COOLING
  YESTERDAY        0                         4     -4        7
  MONTH TO DATE   99                        57     42       81
  SINCE MAR 1    134                        93     41       95
  SINCE JAN 1    134                        93     41       95
..................................................................


WIND (MPH)
  HIGHEST WIND SPEED    16   HIGHEST WIND DIRECTION    NE (60)
  HIGHEST GUST SPEED    19   HIGHEST GUST DIRECTION    NE (50)
  AVERAGE WIND SPEED     6.1


SKY COVER
  POSSIBLE SUNSHINE  MM
  AVERAGE SKY COVER 0.4


WEATHER CONDITIONS
 THE FOLLOWING WEATHER WAS RECORDED YESTERDAY.
  LIGHT RAIN
  FOG


RELATIVE HUMIDITY (PERCENT)
 HIGHEST    90           800 PM
 LOWEST     49           100 PM
 AVERAGE    70

..........................................................


THE BOWLING GREEN KY CLIMATE NORMALS FOR TODAY
                         NORMAL    RECORD    YEAR
 MAXIMUM TEMPERATURE (F)   79        96      1941
 MINIMUM TEMPERATURE (F)   57        38      1954


SUNRISE AND SUNSET
MAY 21 2015...........SUNRISE   534 AM CDT   SUNSET   752 PM CDT
MAY 22 2015...........SUNRISE   533 AM CDT   SUNSET   752 PM CDT


-  INDICATES NEGATIVE NUMBERS.
R  INDICATES RECORD WAS SET OR TIED.
MM INDICATES DATA IS MISSING.
T  INDICATES TRACE AMOUNT.




$$
