914
CDUS43 KLMK 232145
CLIBWG


CLIMATE REPORT
NATIONAL WEATHER SERVICE LOUISVILLE KY
445 PM EST MON JAN 23 2017


...................................

...THE BOWLING GREEN CLIMATE SUMMARY FOR JANUARY 23 2017...
VALID TODAY AS OF 0400 PM LOCAL TIME.

CLIMATE NORMAL PERIOD 1981 TO 2010
CLIMATE RECORD PERIOD 1870 TO 2017


WEATHER ITEM   OBSERVED TIME   RECORD YEAR NORMAL DEPARTURE LAST
                VALUE   (LST)  VALUE       VALUE  FROM      YEAR
                                                  NORMAL
..................................................................
TEMPERATURE (F)
 TODAY
  MAXIMUM         59        MM  75    1909  45     14       31
  MINIMUM         46        MM -21    1963  26     20       12
  AVERAGE         53                        36     17       22

PRECIPITATION (IN)
  TODAY            T             2.30 1937   0.11  -0.11      T
  MONTH TO DATE    4.16                      2.63   1.53     1.61
  SINCE DEC 1      9.80                      7.43   2.37     6.84
  SINCE JAN 1      4.16                      2.63   1.53     1.61

SNOWFALL (IN)
  TODAY           MM             5.0  1963   0.1   MM         T
  MONTH TO DATE    0.7                       2.3   -1.6     14.8
  SINCE DEC 1      0.7                       3.5   -2.8     14.8
  SINCE JUL 1      0.7                       3.5   -2.8     14.8
  SNOW DEPTH       0

DEGREE DAYS
 HEATING
  TODAY           12                        29    -17       43
  MONTH TO DATE  450                       680   -230      732
  SINCE DEC 1   1245                      1501   -256     1173
  SINCE JUL 1   1731                      2264   -533     1711

 COOLING
  TODAY            0                         0      0        0
  MONTH TO DATE    0                         0      0        0
  SINCE DEC 1      0                         1     -1        2
  SINCE JAN 1      0                         0      0        0
..................................................................


WIND (MPH)
  HIGHEST WIND SPEED    18   HIGHEST WIND DIRECTION    NW (320)
  HIGHEST GUST SPEED    32   HIGHEST GUST DIRECTION     W (250)
  AVERAGE WIND SPEED    13.3


SKY COVER
  POSSIBLE SUNSHINE  MM
  AVERAGE SKY COVER 1.0


WEATHER CONDITIONS
 THE FOLLOWING WEATHER WAS RECORDED TODAY.
  HAZE


RELATIVE HUMIDITY (PERCENT)
 HIGHEST    86           700 AM
 LOWEST     67           200 AM
 AVERAGE    77

..........................................................


THE BOWLING GREEN CLIMATE NORMALS FOR TOMORROW
                         NORMAL    RECORD    YEAR
 MAXIMUM TEMPERATURE (F)   45        78      1943
 MINIMUM TEMPERATURE (F)   26       -21      1963


SUNRISE AND SUNSET
JANUARY 23 2017.......SUNRISE   654 AM CST   SUNSET   501 PM CST
JANUARY 24 2017.......SUNRISE   654 AM CST   SUNSET   503 PM CST


-  INDICATES NEGATIVE NUMBERS.
R  INDICATES RECORD WAS SET OR TIED.
MM INDICATES DATA IS MISSING.
T  INDICATES TRACE AMOUNT.




$$
