000
CDUS43 KLMK 120637
CLIBWG


CLIMATE REPORT
NATIONAL WEATHER SERVICE LOUISVILLE KY
237 AM EDT TUE SEP 12 2017


...................................

...THE BOWLING GREEN KY CLIMATE SUMMARY FOR SEPTEMBER 11 2017...

CLIMATE NORMAL PERIOD 1981 TO 2010
CLIMATE RECORD PERIOD 1870 TO 2017


WEATHER ITEM   OBSERVED TIME   RECORD YEAR NORMAL DEPARTURE LAST
                VALUE   (LST)  VALUE       VALUE  FROM      YEAR
                                                  NORMAL
..................................................................
TEMPERATURE (F)
 YESTERDAY
  MAXIMUM         70   1229 PM  98    1915  84    -14       81
                                      1912
                                      1904
  MINIMUM         55    346 AM  42    1969  60     -5       59
                                      1917
  AVERAGE         63                        72     -9       70

PRECIPITATION (IN)
  YESTERDAY        0.10          2.90 1938   0.15  -0.05     0.00
  MONTH TO DATE    5.28                      1.43   3.85     0.03
  SINCE SEP 1      5.28                      1.43   3.85     0.03
  SINCE JAN 1     42.36                     34.99   7.37    37.95

SNOWFALL (IN)
  YESTERDAY        0.0           0.0    MM   0.0    0.0      0.0
  MONTH TO DATE    0.0                       0.0    0.0      0.0
  SINCE SEP 1      0.0                       0.0    0.0      0.0
  SINCE JUL 1      0.0                       0.0    0.0      0.0
  SNOW DEPTH       0

DEGREE DAYS
 HEATING
  YESTERDAY        2                         0      2        0
  MONTH TO DATE   16                         0     16        0
  SINCE SEP 1     16                         0     16        0
  SINCE JUL 1     16                         1     15        0

 COOLING
  YESTERDAY        0                         7     -7        5
  MONTH TO DATE   18                        97    -79      136
  SINCE SEP 1     18                        97    -79      136
  SINCE JAN 1   1370                      1366      4     1695
..................................................................


WIND (MPH)
  HIGHEST WIND SPEED    18   HIGHEST WIND DIRECTION    NE (40)
  HIGHEST GUST SPEED    24   HIGHEST GUST DIRECTION    NE (30)
  AVERAGE WIND SPEED     9.1


SKY COVER
  POSSIBLE SUNSHINE  MM
  AVERAGE SKY COVER 0.1


WEATHER CONDITIONS
 THE FOLLOWING WEATHER WAS RECORDED YESTERDAY.
  LIGHT RAIN


RELATIVE HUMIDITY (PERCENT)
 HIGHEST    86          1200 AM
 LOWEST     57          1200 PM
 AVERAGE    72

..........................................................


THE BOWLING GREEN KY CLIMATE NORMALS FOR TODAY
                         NORMAL    RECORD    YEAR
 MAXIMUM TEMPERATURE (F)   84        98      1939
 MINIMUM TEMPERATURE (F)   60        42      1940


SUNRISE AND SUNSET
SEPTEMBER 12 2017.....SUNRISE   626 AM CDT   SUNSET   657 PM CDT
SEPTEMBER 13 2017.....SUNRISE   626 AM CDT   SUNSET   656 PM CDT


-  INDICATES NEGATIVE NUMBERS.
R  INDICATES RECORD WAS SET OR TIED.
MM INDICATES DATA IS MISSING.
T  INDICATES TRACE AMOUNT.




$$
