000
CDUS43 KLMK 072026
CLIBWG


CLIMATE REPORT
NATIONAL WEATHER SERVICE LOUISVILLE KY
426 PM EDT MON APR 7 2014


...................................

...THE BOWLING GREEN CLIMATE SUMMARY FOR APRIL 7 2014...
VALID TODAY AS OF 0400 PM LOCAL TIME.

CLIMATE NORMAL PERIOD 1981 TO 2010
CLIMATE RECORD PERIOD 1870 TO 2014


WEATHER ITEM   OBSERVED TIME   RECORD YEAR NORMAL DEPARTURE LAST
                VALUE   (LST)  VALUE       VALUE  FROM      YEAR
                                                  NORMAL
..................................................................
TEMPERATURE (F)
 TODAY
  MAXIMUM         66    100 PM  88    2001  67     -1       76
                                      1915
                                      1929
  MINIMUM         51        MM  23    1982  43      8       57
  AVERAGE         59                        55      4       67

PRECIPITATION (IN)
  TODAY            0.06          2.10 1909   0.14  -0.08     0.00
  MONTH TO DATE    2.20                      0.92   1.28     0.17
  SINCE MAR 1      5.93                      5.33   0.60     5.38
  SINCE JAN 1     13.10                     12.90   0.20    13.07

SNOWFALL (IN)
  TODAY            0.0           0.5  1920   0.0    0.0      0.0
  MONTH TO DATE    0.0                       0.1   -0.1      0.0
  SINCE MAR 1      5.1                       1.2    3.9      2.5
  SINCE JUL 1     10.4                       9.0    1.4      3.8
  SNOW DEPTH       0

DEGREE DAYS
 HEATING
  TODAY            6                        11     -5        0
  MONTH TO DATE   47                        80    -33      103
  SINCE MAR 1    700                       600    100      780
  SINCE JUL 1   4309                      3798    511     3675

 COOLING
  TODAY            0                         1     -1        2
  MONTH TO DATE    3                         6     -3        2
  SINCE MAR 1      3                        11     -8        2
  SINCE JAN 1      3                        11     -8        2
..................................................................


WIND (MPH)
  HIGHEST WIND SPEED    20   HIGHEST WIND DIRECTION     S (190)
  HIGHEST GUST SPEED    31   HIGHEST GUST DIRECTION    SW (230)
  AVERAGE WIND SPEED    12.7


SKY COVER
  POSSIBLE SUNSHINE  MM
  AVERAGE SKY COVER 0.9


WEATHER CONDITIONS
 THE FOLLOWING WEATHER WAS RECORDED TODAY.
  LIGHT RAIN
  FOG


RELATIVE HUMIDITY (PERCENT)
 HIGHEST    96           200 AM
 LOWEST     78          1100 AM
 AVERAGE    87

..........................................................


THE BOWLING GREEN CLIMATE NORMALS FOR TOMORROW
                         NORMAL    RECORD    YEAR
 MAXIMUM TEMPERATURE (F)   68        86      1922
                                             1978
 MINIMUM TEMPERATURE (F)   43        23      2007


SUNRISE AND SUNSET
APRIL  7 2014.........SUNRISE   623 AM CDT   SUNSET   713 PM CDT
APRIL  8 2014.........SUNRISE   621 AM CDT   SUNSET   714 PM CDT


-  INDICATES NEGATIVE NUMBERS.
R  INDICATES RECORD WAS SET OR TIED.
MM INDICATES DATA IS MISSING.
T  INDICATES TRACE AMOUNT.




$$
