000
CDUS43 KLMK 200633
CLIBWG


CLIMATE REPORT
NATIONAL WEATHER SERVICE LOUISVILLE KY
227 AM EDT MON MAR 20 2017


...................................

...THE BOWLING GREEN KY CLIMATE SUMMARY FOR MARCH 19 2017...

CLIMATE NORMAL PERIOD 1981 TO 2010
CLIMATE RECORD PERIOD 1870 TO 2017


WEATHER ITEM   OBSERVED TIME   RECORD YEAR NORMAL DEPARTURE LAST
                VALUE   (LST)  VALUE       VALUE  FROM      YEAR
                                                  NORMAL
..................................................................
TEMPERATURE (F)
 YESTERDAY
  MAXIMUM         57    441 PM  86    1907  61     -4       55
  MINIMUM         30    620 AM   8    1892  38     -8       43
  AVERAGE         44                        49     -5       49

PRECIPITATION (IN)
  YESTERDAY        0.00          2.60 1943   0.15  -0.15      T
  MONTH TO DATE    2.40                      2.63  -0.23     1.74
  SINCE MAR 1      2.40                      2.63  -0.23     1.74
  SINCE JAN 1      8.98                     10.20  -1.22     8.32

SNOWFALL (IN)
  YESTERDAY        0.0           2.0  1990   0.1   -0.1      0.0
  MONTH TO DATE    T                         0.7   -0.7      0.0
  SINCE MAR 1      T                         0.7   -0.7      0.0
  SINCE JUL 1      0.7                       8.5   -7.8     24.0
  SNOW DEPTH       0

DEGREE DAYS
 HEATING
  YESTERDAY       21                        16      5       16
  MONTH TO DATE  376                       353     23      204
  SINCE MAR 1    376                       353     23      204
  SINCE JUL 1   2757                      3551   -794     2804

 COOLING
  YESTERDAY        0                         0      0        0
  MONTH TO DATE    0                         0      0        0
  SINCE MAR 1      0                         0      0        0
  SINCE JAN 1      4                         0      4        0
..................................................................


WIND (MPH)
  HIGHEST WIND SPEED    12   HIGHEST WIND DIRECTION    NE (60)
  HIGHEST GUST SPEED    15   HIGHEST GUST DIRECTION    NE (50)
  AVERAGE WIND SPEED     1.8


SKY COVER
  POSSIBLE SUNSHINE  MM
  AVERAGE SKY COVER 0.0


WEATHER CONDITIONS
 THE FOLLOWING WEATHER WAS RECORDED YESTERDAY.
  NO SIGNIFICANT WEATHER WAS OBSERVED.


RELATIVE HUMIDITY (PERCENT)
 HIGHEST    89           700 AM
 LOWEST     36           400 PM
 AVERAGE    63

..........................................................


THE BOWLING GREEN KY CLIMATE NORMALS FOR TODAY
                         NORMAL    RECORD    YEAR
 MAXIMUM TEMPERATURE (F)   61        85      2012
                                             1921
 MINIMUM TEMPERATURE (F)   38        16      1914


SUNRISE AND SUNSET
MARCH 20 2017.........SUNRISE   649 AM CDT   SUNSET   658 PM CDT
MARCH 21 2017.........SUNRISE   647 AM CDT   SUNSET   659 PM CDT


-  INDICATES NEGATIVE NUMBERS.
R  INDICATES RECORD WAS SET OR TIED.
MM INDICATES DATA IS MISSING.
T  INDICATES TRACE AMOUNT.




$$
