113
CDUS43 KLMK 080627
CLIBWG


CLIMATE REPORT
NATIONAL WEATHER SERVICE LOUISVILLE KY
127 AM EST FRI DEC 8 2017


...................................

...THE BOWLING GREEN KY CLIMATE SUMMARY FOR DECEMBER 7 2017...

CLIMATE NORMAL PERIOD 1981 TO 2010
CLIMATE RECORD PERIOD 1870 TO 2017


WEATHER ITEM   OBSERVED TIME   RECORD YEAR NORMAL DEPARTURE LAST
                VALUE   (LST)  VALUE       VALUE  FROM      YEAR
                                                  NORMAL
..................................................................
TEMPERATURE (F)
 YESTERDAY
  MAXIMUM         40   1025 AM  70    1951  50    -10       50
                                      1916
  MINIMUM         25   1152 PM   7    1977  31     -6       31
  AVERAGE         33                        41     -8       41

PRECIPITATION (IN)
  YESTERDAY        0.00          6.15 1924   0.16  -0.16     0.00
  MONTH TO DATE    0.57                      1.12  -0.55     0.93
  SINCE DEC 1      0.57                      1.12  -0.55     0.93
  SINCE JAN 1     49.55                     46.21   3.34    42.89

SNOWFALL (IN)
  YESTERDAY        0.0           0.4  1950   0.0    0.0      0.0
  MONTH TO DATE    0.0                       0.1   -0.1      0.0
  SINCE DEC 1      0.0                       0.1   -0.1      0.0
  SINCE JUL 1      T                         0.1   -0.1      0.0
  SNOW DEPTH       0

DEGREE DAYS
 HEATING
  YESTERDAY       32                        24      8       24
  MONTH TO DATE  140                       163    -23      162
  SINCE DEC 1    140                       163    -23      162
  SINCE JUL 1    841                       926    -85      648

 COOLING
  YESTERDAY        0                         0      0        0
  MONTH TO DATE    0                         0      0        0
  SINCE DEC 1      0                         0      0        0
  SINCE JAN 1   1600                      1491    109     1979
..................................................................


WIND (MPH)
  HIGHEST WIND SPEED    14   HIGHEST WIND DIRECTION     W (290)
  HIGHEST GUST SPEED    21   HIGHEST GUST DIRECTION    NW (330)
  AVERAGE WIND SPEED     4.9


SKY COVER
  POSSIBLE SUNSHINE  MM
  AVERAGE SKY COVER 0.2


WEATHER CONDITIONS
 THE FOLLOWING WEATHER WAS RECORDED YESTERDAY.
  NO SIGNIFICANT WEATHER WAS OBSERVED.


RELATIVE HUMIDITY (PERCENT)
 HIGHEST    85           100 AM
 LOWEST     48           200 PM
 AVERAGE    67

..........................................................


THE BOWLING GREEN KY CLIMATE NORMALS FOR TODAY
                         NORMAL    RECORD    YEAR
 MAXIMUM TEMPERATURE (F)   50        76      1894
 MINIMUM TEMPERATURE (F)   31         2      1882


SUNRISE AND SUNSET
DECEMBER  8 2017......SUNRISE   647 AM CST   SUNSET   429 PM CST
DECEMBER  9 2017......SUNRISE   647 AM CST   SUNSET   429 PM CST


-  INDICATES NEGATIVE NUMBERS.
R  INDICATES RECORD WAS SET OR TIED.
MM INDICATES DATA IS MISSING.
T  INDICATES TRACE AMOUNT.




$$
