000
CDUS43 KLMK 202132
CLIBWG


CLIMATE REPORT
NATIONAL WEATHER SERVICE LOUISVILLE KY
430 PM EST FRI FEB 20 2015


...................................

...THE BOWLING GREEN CLIMATE SUMMARY FOR FEBRUARY 20 2015...
VALID TODAY AS OF 0400 PM LOCAL TIME.

CLIMATE NORMAL PERIOD 1981 TO 2010
CLIMATE RECORD PERIOD 1870 TO 2015


WEATHER ITEM   OBSERVED TIME   RECORD YEAR NORMAL DEPARTURE LAST
                VALUE   (LST)  VALUE       VALUE  FROM      YEAR
                                                  NORMAL
..................................................................
TEMPERATURE (F)
 TODAY
  MAXIMUM         25    300 PM  75    2014  51    -26       75
                                      1997
  MINIMUM         -4R   102 AM  -3    1885  31    -35       43
  AVERAGE         11                        41    -30       59

PRECIPITATION (IN)
  TODAY            0.00          1.81 1989   0.14  -0.14     0.49
  MONTH TO DATE    1.74                      2.85  -1.11     5.34
  SINCE DEC 1      5.31                     11.26  -5.95    12.10
  SINCE JAN 1      3.62                      6.46  -2.84     7.09

SNOWFALL (IN)
  TODAY            0.0           6.0  1921   0.1   -0.1      0.0
  MONTH TO DATE   11.6                       2.7    8.9      2.0
  SINCE DEC 1     15.0                       7.2    7.8      4.2
  SINCE JUL 1     15.3                       7.2    8.1      5.3
  SNOW DEPTH       7

DEGREE DAYS
 HEATING
  TODAY           54                        24     30        6
  MONTH TO DATE  708                       524    184      599
  SINCE DEC 1   2356                      2253    103     2502
  SINCE JUL 1   3253                      3016    237     3382

 COOLING
  TODAY            0                         0      0        0
  MONTH TO DATE    0                         0      0        0
  SINCE DEC 1      0                         1     -1        2
  SINCE JAN 1      0                         0      0        0
..................................................................


WIND (MPH)
  HIGHEST WIND SPEED    12   HIGHEST WIND DIRECTION     S (170)
  HIGHEST GUST SPEED    14   HIGHEST GUST DIRECTION     S (170)
  AVERAGE WIND SPEED     4.2


SKY COVER
  POSSIBLE SUNSHINE   0 PERCENT
  AVERAGE SKY COVER 0.0


WEATHER CONDITIONS
 THE FOLLOWING WEATHER WAS RECORDED TODAY.
  NO SIGNIFICANT WEATHER WAS OBSERVED.


RELATIVE HUMIDITY (PERCENT)
 HIGHEST     0          1200 AM
 LOWEST      0          1200 AM
 AVERAGE     0

..........................................................


THE BOWLING GREEN CLIMATE NORMALS FOR TOMORROW
                         NORMAL    RECORD    YEAR
 MAXIMUM TEMPERATURE (F)   52        75      1930
                                             1897
 MINIMUM TEMPERATURE (F)   31        -2      1870


SUNRISE AND SUNSET
FEBRUARY 20 2015......SUNRISE   629 AM CST   SUNSET   531 PM CST
FEBRUARY 21 2015......SUNRISE   627 AM CST   SUNSET   532 PM CST


-  INDICATES NEGATIVE NUMBERS.
R  INDICATES RECORD WAS SET OR TIED.
MM INDICATES DATA IS MISSING.
T  INDICATES TRACE AMOUNT.




$$
