000
CDUS43 KLMK 062032
CLIBWG


CLIMATE REPORT
NATIONAL WEATHER SERVICE LOUISVILLE KY
431 PM EDT WED SEP 6 2017


...................................

...THE BOWLING GREEN CLIMATE SUMMARY FOR SEPTEMBER 6 2017...
VALID TODAY AS OF 0400 PM LOCAL TIME.

CLIMATE NORMAL PERIOD 1981 TO 2010
CLIMATE RECORD PERIOD 1870 TO 2017


WEATHER ITEM   OBSERVED TIME   RECORD YEAR NORMAL DEPARTURE LAST
                VALUE   (LST)  VALUE       VALUE  FROM      YEAR
                                                  NORMAL
..................................................................
TEMPERATURE (F)
 TODAY
  MAXIMUM         72    122 PM 104    1954  86    -14       93
                                      1925
  MINIMUM         50    540 AM  46    1988  62    -12       65
  AVERAGE         61                        74    -13       79

PRECIPITATION (IN)
  TODAY            0.00          1.45 1977   0.13  -0.13     0.00
  MONTH TO DATE    5.18                      0.74   4.44     0.00
  SINCE SEP 1      5.18                      0.74   4.44     0.00
  SINCE JAN 1     42.26                     34.30   7.96    37.92

SNOWFALL (IN)
  TODAY            0.0           0.0    MM   0.0    0.0      0.0
  MONTH TO DATE    0.0                       0.0    0.0      0.0
  SINCE SEP 1      0.0                       0.0    0.0      0.0
  SINCE JUL 1      0.0                       0.0    0.0      0.0
  SNOW DEPTH       0

DEGREE DAYS
 HEATING
  TODAY            4                         0      4        0
  MONTH TO DATE    6                         0      6        0
  SINCE SEP 1      6                         0      6        0
  SINCE JUL 1      6                         1      5        0

 COOLING
  TODAY            0                         9     -9       14
  MONTH TO DATE   17                        57    -40       65
  SINCE SEP 1     17                        57    -40       65
  SINCE JAN 1   1369                      1326     43     1624
..................................................................


WIND (MPH)
  HIGHEST WIND SPEED    14   HIGHEST WIND DIRECTION     W (290)
  HIGHEST GUST SPEED    19   HIGHEST GUST DIRECTION     W (280)
  AVERAGE WIND SPEED     3.1


SKY COVER
  POSSIBLE SUNSHINE  MM
  AVERAGE SKY COVER 0.1


WEATHER CONDITIONS
 THE FOLLOWING WEATHER WAS RECORDED TODAY.
  FOG


RELATIVE HUMIDITY (PERCENT)
 HIGHEST    93          1200 AM
 LOWEST     40          1100 AM
 AVERAGE    67

..........................................................


THE BOWLING GREEN CLIMATE NORMALS FOR TOMORROW
                         NORMAL    RECORD    YEAR
 MAXIMUM TEMPERATURE (F)   85       105      1925
 MINIMUM TEMPERATURE (F)   62        43      1988


SUNRISE AND SUNSET
SEPTEMBER  6 2017.....SUNRISE   621 AM CDT   SUNSET   706 PM CDT
SEPTEMBER  7 2017.....SUNRISE   622 AM CDT   SUNSET   705 PM CDT


-  INDICATES NEGATIVE NUMBERS.
R  INDICATES RECORD WAS SET OR TIED.
MM INDICATES DATA IS MISSING.
T  INDICATES TRACE AMOUNT.




$$
