000
CDUS43 KLMK 210629
CLIBWG


CLIMATE REPORT
NATIONAL WEATHER SERVICE LOUISVILLE KY
228 AM EDT THU APR 21 2016


...................................

...THE BOWLING GREEN KY CLIMATE SUMMARY FOR APRIL 20 2016...

CLIMATE NORMAL PERIOD 1981 TO 2010
CLIMATE RECORD PERIOD 1870 TO 2016


WEATHER ITEM   OBSERVED TIME   RECORD YEAR NORMAL DEPARTURE LAST
                VALUE   (LST)  VALUE       VALUE  FROM      YEAR
                                                  NORMAL
..................................................................
TEMPERATURE (F)
 YESTERDAY
  MAXIMUM         84    224 PM  87    1964  71     13       64
  MINIMUM         57    449 AM  28    1983  47     10       52
                                      1926
  AVERAGE         71                        59     12       58

PRECIPITATION (IN)
  YESTERDAY        0.00          1.86 1995   0.16  -0.16     0.48
  MONTH TO DATE    0.59                      2.76  -2.17     8.73
  SINCE MAR 1      4.41                      7.17  -2.76    15.00
  SINCE JAN 1     10.99                     14.74  -3.75    20.88

SNOWFALL (IN)
  YESTERDAY        0.0           5.0  1904   0.0    0.0      0.0
  MONTH TO DATE    0.0                       0.2   -0.2      0.0
  SINCE MAR 1      T                         1.3   -1.3      7.2
  SINCE JUL 1     24.0                       9.1   14.9     23.5
  SNOW DEPTH       0

DEGREE DAYS
 HEATING
  YESTERDAY        0                         7     -7        7
  MONTH TO DATE  181                       193    -12       81
  SINCE MAR 1    530                       713   -183      621
  SINCE JUL 1   3130                      3911   -781     4156

 COOLING
  YESTERDAY        6                         1      5        0
  MONTH TO DATE   10                        19     -9       31
  SINCE MAR 1     11                        24    -13       31
  SINCE JAN 1     11                        24    -13       31
..................................................................


WIND (MPH)
  HIGHEST WIND SPEED    17   HIGHEST WIND DIRECTION     S (190)
  HIGHEST GUST SPEED    21   HIGHEST GUST DIRECTION     S (190)
  AVERAGE WIND SPEED     5.5


SKY COVER
  POSSIBLE SUNSHINE  MM
  AVERAGE SKY COVER 0.2


WEATHER CONDITIONS
 THE FOLLOWING WEATHER WAS RECORDED YESTERDAY.
  NO SIGNIFICANT WEATHER WAS OBSERVED.


RELATIVE HUMIDITY (PERCENT)
 HIGHEST    78           600 AM
 LOWEST     26           100 PM
 AVERAGE    52

..........................................................


THE BOWLING GREEN KY CLIMATE NORMALS FOR TODAY
                         NORMAL    RECORD    YEAR
 MAXIMUM TEMPERATURE (F)   71        89      1963
 MINIMUM TEMPERATURE (F)   47        24      1888


SUNRISE AND SUNSET
APRIL 21 2016.........SUNRISE   603 AM CDT   SUNSET   726 PM CDT
APRIL 22 2016.........SUNRISE   602 AM CDT   SUNSET   727 PM CDT


-  INDICATES NEGATIVE NUMBERS.
R  INDICATES RECORD WAS SET OR TIED.
MM INDICATES DATA IS MISSING.
T  INDICATES TRACE AMOUNT.




$$
