000
CDUS43 KLMK 090633
CLIBWG


CLIMATE REPORT
NATIONAL WEATHER SERVICE LOUISVILLE KY
132 AM EST THU FEB 9 2017


...................................

...THE BOWLING GREEN KY CLIMATE SUMMARY FOR FEBRUARY 8 2017...

CLIMATE NORMAL PERIOD 1981 TO 2010
CLIMATE RECORD PERIOD 1870 TO 2017


WEATHER ITEM   OBSERVED TIME   RECORD YEAR NORMAL DEPARTURE LAST
                VALUE   (LST)  VALUE       VALUE  FROM      YEAR
                                                  NORMAL
..................................................................
TEMPERATURE (F)
 YESTERDAY
  MAXIMUM         55   1216 AM  75    1937  48      7       48
  MINIMUM         35   1159 PM  -5    1895  28      7       24
  AVERAGE         45                        38      7       36

PRECIPITATION (IN)
  YESTERDAY        0.17          1.24 1982   0.15   0.02     0.05
  MONTH TO DATE    1.68                      1.17   0.51     1.82
  SINCE DEC 1     11.48                      9.58   1.90     8.86
  SINCE JAN 1      5.84                      4.78   1.06     3.63

SNOWFALL (IN)
  YESTERDAY        0.0           5.3  1971   0.2   -0.2      1.3
  MONTH TO DATE    0.0                       1.2   -1.2      1.3
  SINCE DEC 1      0.7                       5.7   -5.0     16.1
  SINCE JUL 1      0.7                       5.7   -5.0     16.1
  SNOW DEPTH       0

DEGREE DAYS
 HEATING
  YESTERDAY       20                        27     -7       29
  MONTH TO DATE  174                       220    -46      178
  SINCE DEC 1   1609                      1949   -340     1563
  SINCE JUL 1   2095                      2712   -617     2101

 COOLING
  YESTERDAY        0                         0      0        0
  MONTH TO DATE    0                         0      0        0
  SINCE DEC 1      0                         1     -1        2
  SINCE JAN 1      0                         0      0        0
..................................................................


WIND (MPH)
  HIGHEST WIND SPEED    18   HIGHEST WIND DIRECTION    NW (300)
  HIGHEST GUST SPEED    29   HIGHEST GUST DIRECTION    NW (330)
  AVERAGE WIND SPEED     6.9


SKY COVER
  POSSIBLE SUNSHINE  MM
  AVERAGE SKY COVER 0.7


WEATHER CONDITIONS
 THE FOLLOWING WEATHER WAS RECORDED YESTERDAY.
  THUNDERSTORM
  HEAVY RAIN
  LIGHT RAIN
  FOG
  HAZE


RELATIVE HUMIDITY (PERCENT)
 HIGHEST   100           200 AM
 LOWEST     77          1200 PM
 AVERAGE    89

..........................................................


THE BOWLING GREEN KY CLIMATE NORMALS FOR TODAY
                         NORMAL    RECORD    YEAR
 MAXIMUM TEMPERATURE (F)   48        74      1894
 MINIMUM TEMPERATURE (F)   28       -11      1899


SUNRISE AND SUNSET
FEBRUARY  9 2017......SUNRISE   640 AM CST   SUNSET   520 PM CST
FEBRUARY 10 2017......SUNRISE   639 AM CST   SUNSET   521 PM CST


-  INDICATES NEGATIVE NUMBERS.
R  INDICATES RECORD WAS SET OR TIED.
MM INDICATES DATA IS MISSING.
T  INDICATES TRACE AMOUNT.




$$
