000
CDUS43 KLMK 102031
CLIBWG


CLIMATE REPORT
NATIONAL WEATHER SERVICE LOUISVILLE KY
430 PM EDT WED SEP 10 2014


...................................

...THE BOWLING GREEN CLIMATE SUMMARY FOR SEPTEMBER 10 2014...
VALID TODAY AS OF 0400 PM LOCAL TIME.

CLIMATE NORMAL PERIOD 1981 TO 2010
CLIMATE RECORD PERIOD 1870 TO 2014


WEATHER ITEM   OBSERVED TIME   RECORD YEAR NORMAL DEPARTURE LAST
                VALUE   (LST)  VALUE       VALUE  FROM      YEAR
                                                  NORMAL
..................................................................
TEMPERATURE (F)
 TODAY
  MAXIMUM         86    152 PM 100    1919  84      2       92
                                      1912
  MINIMUM         74    620 AM  42    1924  60     14       70
  AVERAGE         80                        72      8       81

PRECIPITATION (IN)
  TODAY            0.00          1.43 1905   0.14  -0.14      T
  MONTH TO DATE    0.13                      1.28  -1.15     0.84
  SINCE SEP 1      0.13                      1.28  -1.15     0.84
  SINCE JAN 1     36.29                     34.84   1.45    43.54

SNOWFALL (IN)
  TODAY            0.0           0.0    MM   0.0    0.0      0.0
  MONTH TO DATE    0.0                       0.0    0.0      0.0
  SINCE SEP 1      0.0                       0.0    0.0      0.0
  SINCE JUL 1      0.0                       0.0    0.0      0.0
  SNOW DEPTH       0

DEGREE DAYS
 HEATING
  TODAY            0                         0      0        0
  MONTH TO DATE    0                         0      0        0
  SINCE SEP 1      0                         0      0        0
  SINCE JUL 1      0                         1     -1        0

 COOLING
  TODAY           15                         8      7       16
  MONTH TO DATE  118                        90     28      111
  SINCE SEP 1    118                        90     28      111
  SINCE JAN 1   1395                      1359     36     1371
..................................................................


WIND (MPH)
  HIGHEST WIND SPEED    23   HIGHEST WIND DIRECTION     S (180)
  HIGHEST GUST SPEED    29   HIGHEST GUST DIRECTION    SW (210)
  AVERAGE WIND SPEED    14.0


SKY COVER
  POSSIBLE SUNSHINE  MM
  AVERAGE SKY COVER 0.4


WEATHER CONDITIONS
 THE FOLLOWING WEATHER WAS RECORDED TODAY.
  NO SIGNIFICANT WEATHER WAS OBSERVED.


RELATIVE HUMIDITY (PERCENT)
 HIGHEST    87          1200 AM
 LOWEST     65          1200 PM
 AVERAGE    76

..........................................................


THE BOWLING GREEN CLIMATE NORMALS FOR TOMORROW
                         NORMAL    RECORD    YEAR
 MAXIMUM TEMPERATURE (F)   84        98      1915
                                             1912
                                             1904
 MINIMUM TEMPERATURE (F)   60        42      1969
                                             1917


SUNRISE AND SUNSET
SEPTEMBER 10 2014.....SUNRISE   624 AM CDT   SUNSET   701 PM CDT
SEPTEMBER 11 2014.....SUNRISE   625 AM CDT   SUNSET   659 PM CDT


-  INDICATES NEGATIVE NUMBERS.
R  INDICATES RECORD WAS SET OR TIED.
MM INDICATES DATA IS MISSING.
T  INDICATES TRACE AMOUNT.




$$
