000
CDUS43 KLMK 242034
CLIBWG


CLIMATE REPORT
NATIONAL WEATHER SERVICE LOUISVILLE KY
433 PM EDT WED JUN 24 2015


...................................

...THE BOWLING GREEN CLIMATE SUMMARY FOR JUNE 24 2015...
VALID TODAY AS OF 0400 PM LOCAL TIME.

CLIMATE NORMAL PERIOD 1981 TO 2010
CLIMATE RECORD PERIOD 1870 TO 2015


WEATHER ITEM   OBSERVED TIME   RECORD YEAR NORMAL DEPARTURE LAST
                VALUE   (LST)  VALUE       VALUE  FROM      YEAR
                                                  NORMAL
..................................................................
TEMPERATURE (F)
 TODAY
  MAXIMUM         90    211 PM 103    1914  88      2       86
                                      1901
  MINIMUM         75    550 AM  45    1887  66      9       72
  AVERAGE         83                        77      6       79

PRECIPITATION (IN)
  TODAY            0.00          2.65 1959   0.13  -0.13     0.12
  MONTH TO DATE    1.16                      3.41  -2.25     1.58
  SINCE JUN 1      1.16                      3.41  -2.25     1.58
  SINCE JAN 1     25.35                     25.34   0.01    22.16

SNOWFALL (IN)
  TODAY            0.0           0.0    MM   0.0    0.0      0.0
  MONTH TO DATE    0.0                       0.0    0.0      0.0
  SINCE JUN 1      0.0                       0.0    0.0      0.0
  SINCE JUL 1     23.5                       9.1   14.4     10.4
  SNOW DEPTH       0

DEGREE DAYS
 HEATING
  TODAY            0                         0      0        0
  MONTH TO DATE    3                         3      0        0
  SINCE JUN 1      3                         3      0        0
  SINCE JUL 1   4288                      4046    242     4533

 COOLING
  TODAY           18                        12      6       14
  MONTH TO DATE  310                       229     81      259
  SINCE JUN 1    310                       229     81      259
  SINCE JAN 1    513                       382    131      456
..................................................................


WIND (MPH)
  HIGHEST WIND SPEED     9   HIGHEST WIND DIRECTION     N (20)
  HIGHEST GUST SPEED    14   HIGHEST GUST DIRECTION     N (360)
  AVERAGE WIND SPEED     4.1


SKY COVER
  POSSIBLE SUNSHINE   0 PERCENT
  AVERAGE SKY COVER 0.0


WEATHER CONDITIONS
 THE FOLLOWING WEATHER WAS RECORDED TODAY.
  NO SIGNIFICANT WEATHER WAS OBSERVED.


RELATIVE HUMIDITY (PERCENT)
 HIGHEST    MM
 LOWEST     MM
 AVERAGE    MM

..........................................................


THE BOWLING GREEN CLIMATE NORMALS FOR TOMORROW
                         NORMAL    RECORD    YEAR
 MAXIMUM TEMPERATURE (F)   88       104      1914
 MINIMUM TEMPERATURE (F)   66        50      1979
                                             1915


SUNRISE AND SUNSET
JUNE 24 2015..........SUNRISE   527 AM CDT   SUNSET   809 PM CDT
JUNE 25 2015..........SUNRISE   527 AM CDT   SUNSET   809 PM CDT


-  INDICATES NEGATIVE NUMBERS.
R  INDICATES RECORD WAS SET OR TIED.
MM INDICATES DATA IS MISSING.
T  INDICATES TRACE AMOUNT.




$$
