000
CDUS43 KLMK 150629
CLIBWG


CLIMATE REPORT
NATIONAL WEATHER SERVICE LOUISVILLE KY
228 AM EDT FRI MAY 15 2015


...................................

...THE BOWLING GREEN KY CLIMATE SUMMARY FOR MAY 14 2015...

CLIMATE NORMAL PERIOD 1981 TO 2010
CLIMATE RECORD PERIOD 1870 TO 2015


WEATHER ITEM   OBSERVED TIME   RECORD YEAR NORMAL DEPARTURE LAST
                VALUE   (LST)  VALUE       VALUE  FROM      YEAR
                                                  NORMAL
..................................................................
TEMPERATURE (F)
 YESTERDAY
  MAXIMUM         79    143 PM  96    1916  77      2       72
  MINIMUM         50    334 AM  37    1910  54     -4       54
  AVERAGE         65                        66     -1       63

PRECIPITATION (IN)
  YESTERDAY        0.00          2.98 1967   0.20  -0.20     1.62
  MONTH TO DATE    0.08                      2.62  -2.54     2.90
  SINCE MAR 1     15.43                     11.37   4.06    13.20
  SINCE JAN 1     21.31                     18.94   2.37    20.37

SNOWFALL (IN)
  YESTERDAY        0.0           0.0    MM   0.0    0.0      0.0
  MONTH TO DATE    0.0                       0.0    0.0      0.0
  SINCE MAR 1      7.2                       1.3    5.9      5.1
  SINCE JUL 1     23.5                       9.1   14.4     10.4
  SNOW DEPTH       0

DEGREE DAYS
 HEATING
  YESTERDAY        0                         3     -3        2
  MONTH TO DATE   19                        49    -30       30
  SINCE MAR 1    731                       820    -89      878
  SINCE JUL 1   4266                      4018    248     4487

 COOLING
  YESTERDAY        0                         3     -3        0
  MONTH TO DATE   63                        34     29       74
  SINCE MAR 1     98                        70     28       88
  SINCE JAN 1     98                        70     28       88
..................................................................


WIND (MPH)
  HIGHEST WIND SPEED     9   HIGHEST WIND DIRECTION     E (70)
  HIGHEST GUST SPEED    12   HIGHEST GUST DIRECTION     E (70)
  AVERAGE WIND SPEED     3.4


SKY COVER
  POSSIBLE SUNSHINE  MM
  AVERAGE SKY COVER 0.2


WEATHER CONDITIONS
 THE FOLLOWING WEATHER WAS RECORDED YESTERDAY.
  NO SIGNIFICANT WEATHER WAS OBSERVED.


RELATIVE HUMIDITY (PERCENT)
 HIGHEST    77           100 AM
 LOWEST     39           200 PM
 AVERAGE    58

..........................................................


THE BOWLING GREEN KY CLIMATE NORMALS FOR TODAY
                         NORMAL    RECORD    YEAR
 MAXIMUM TEMPERATURE (F)   77        92      1962
                                             1900
 MINIMUM TEMPERATURE (F)   55        36      1904


SUNRISE AND SUNSET
MAY 15 2015...........SUNRISE   538 AM CDT   SUNSET   747 PM CDT
MAY 16 2015...........SUNRISE   537 AM CDT   SUNSET   747 PM CDT


-  INDICATES NEGATIVE NUMBERS.
R  INDICATES RECORD WAS SET OR TIED.
MM INDICATES DATA IS MISSING.
T  INDICATES TRACE AMOUNT.

$$

SCHOETTMER
