000
CDUS43 KLMK 032129
CLIBWG


CLIMATE REPORT
NATIONAL WEATHER SERVICE LOUISVILLE KY
428 PM EST TUE JAN 3 2017


...................................

...THE BOWLING GREEN CLIMATE SUMMARY FOR JANUARY 3 2017...
VALID TODAY AS OF 0400 PM LOCAL TIME.

CLIMATE NORMAL PERIOD 1981 TO 2010
CLIMATE RECORD PERIOD 1870 TO 2017


WEATHER ITEM   OBSERVED TIME   RECORD YEAR NORMAL DEPARTURE LAST
                VALUE   (LST)  VALUE       VALUE  FROM      YEAR
                                                  NORMAL
..................................................................
TEMPERATURE (F)
 TODAY
  MAXIMUM         62    123 PM  71    2004  45     17       50
                                      1907
  MINIMUM         56    625 AM -11    1879  27     29       30
  AVERAGE         59                        36     23       40

PRECIPITATION (IN)
  TODAY            0.46          1.86 1944   0.12   0.34     0.00
  MONTH TO DATE    0.92                      0.36   0.56     0.00
  SINCE DEC 1      5.66                      5.16   0.50     5.23
  SINCE JAN 1      0.92                      0.36   0.56     0.00

SNOWFALL (IN)
  TODAY            0.0           3.0  1977   0.0    0.0      0.0
                                      1895
  MONTH TO DATE    0.0                       0.2   -0.2      0.0
  SINCE DEC 1      T                         1.4   -1.4       T
  SINCE JUL 1      T                         1.4   -1.4       T
  SNOW DEPTH       0

DEGREE DAYS
 HEATING
  TODAY            6                        29    -23       25
  MONTH TO DATE   31                        87    -56       81
  SINCE DEC 1    826                       908    -82      522
  SINCE JUL 1   1312                      1671   -359     1060

 COOLING
  TODAY            0                         0      0        0
  MONTH TO DATE    0                         0      0        0
  SINCE DEC 1      0                         1     -1        2
  SINCE JAN 1      0                         0      0        0
..................................................................


WIND (MPH)
  HIGHEST WIND SPEED    13   HIGHEST WIND DIRECTION     W (270)
  HIGHEST GUST SPEED    16   HIGHEST GUST DIRECTION     W (270)
  AVERAGE WIND SPEED     5.6


SKY COVER
  POSSIBLE SUNSHINE  MM
  AVERAGE SKY COVER 1.0


WEATHER CONDITIONS
 THE FOLLOWING WEATHER WAS RECORDED TODAY.
  HEAVY RAIN
  RAIN
  LIGHT RAIN
  FOG


RELATIVE HUMIDITY (PERCENT)
 HIGHEST   100           300 AM
 LOWEST     84           100 PM
 AVERAGE    92

..........................................................


THE BOWLING GREEN CLIMATE NORMALS FOR TOMORROW
                         NORMAL    RECORD    YEAR
 MAXIMUM TEMPERATURE (F)   45        71      2004
 MINIMUM TEMPERATURE (F)   27       -12      1879


SUNRISE AND SUNSET
JANUARY  3 2017.......SUNRISE   659 AM CST   SUNSET   442 PM CST
JANUARY  4 2017.......SUNRISE   659 AM CST   SUNSET   443 PM CST


-  INDICATES NEGATIVE NUMBERS.
R  INDICATES RECORD WAS SET OR TIED.
MM INDICATES DATA IS MISSING.
T  INDICATES TRACE AMOUNT.




$$
