000
CDUS43 KLMK 102126
CLIBWG


CLIMATE REPORT
NATIONAL WEATHER SERVICE LOUISVILLE KY
426 PM EST FRI MAR 10 2017


...................................

...THE BOWLING GREEN CLIMATE SUMMARY FOR MARCH 10 2017...
VALID TODAY AS OF 0400 PM LOCAL TIME.

CLIMATE NORMAL PERIOD 1981 TO 2010
CLIMATE RECORD PERIOD 1870 TO 2017


WEATHER ITEM   OBSERVED TIME   RECORD YEAR NORMAL DEPARTURE LAST
                VALUE   (LST)  VALUE       VALUE  FROM      YEAR
                                                  NORMAL
..................................................................
TEMPERATURE (F)
 TODAY
  MAXIMUM         56    114 AM  82    1990  58     -2       68
  MINIMUM         44    613 AM  12    1877  35      9       57
  AVERAGE         50                        46      4       63

PRECIPITATION (IN)
  TODAY            T             1.65 1952   0.13  -0.13     0.60
  MONTH TO DATE    1.85                      1.35   0.50     1.19
  SINCE MAR 1      1.85                      1.35   0.50     1.19
  SINCE JAN 1      8.43                      8.92  -0.49     7.77

SNOWFALL (IN)
  TODAY            0.0           2.0  1960   0.1   -0.1      0.0
  MONTH TO DATE    0.0                       0.4   -0.4      0.0
  SINCE MAR 1      0.0                       0.4   -0.4      0.0
  SINCE JUL 1      0.7                       8.2   -7.5     24.0
  SNOW DEPTH       0

DEGREE DAYS
 HEATING
  TODAY           15                        19     -4        2
  MONTH TO DATE  140                       200    -60      149
  SINCE MAR 1    140                       200    -60      149
  SINCE JUL 1   2521                      3398   -877     2749

 COOLING
  TODAY            0                         0      0        0
  MONTH TO DATE    0                         0      0        0
  SINCE MAR 1      0                         0      0        0
  SINCE JAN 1      4                         0      4        0
..................................................................


WIND (MPH)
  HIGHEST WIND SPEED    14   HIGHEST WIND DIRECTION    NW (310)
  HIGHEST GUST SPEED    40   HIGHEST GUST DIRECTION    SW (230)
  AVERAGE WIND SPEED    10.5


SKY COVER
  POSSIBLE SUNSHINE  MM
  AVERAGE SKY COVER 0.4


WEATHER CONDITIONS
 THE FOLLOWING WEATHER WAS RECORDED TODAY.
  LIGHT RAIN


RELATIVE HUMIDITY (PERCENT)
 HIGHEST    93          1200 AM
 LOWEST     29           300 PM
 AVERAGE    61

..........................................................


THE BOWLING GREEN CLIMATE NORMALS FOR TOMORROW
                         NORMAL    RECORD    YEAR
 MAXIMUM TEMPERATURE (F)   58        84      1911
 MINIMUM TEMPERATURE (F)   36        15      1934


SUNRISE AND SUNSET
MARCH 10 2017.........SUNRISE   604 AM CST   SUNSET   549 PM CST
MARCH 11 2017.........SUNRISE   602 AM CST   SUNSET   550 PM CST


-  INDICATES NEGATIVE NUMBERS.
R  INDICATES RECORD WAS SET OR TIED.
MM INDICATES DATA IS MISSING.
T  INDICATES TRACE AMOUNT.




$$
