796
CDUS43 KLMK 270645
CLIBWG


CLIMATE REPORT
NATIONAL WEATHER SERVICE LOUISVILLE KY
245 AM EDT WED APR 27 2016


...................................

...THE BOWLING GREEN KY CLIMATE SUMMARY FOR APRIL 26 2016...

CLIMATE NORMAL PERIOD 1981 TO 2010
CLIMATE RECORD PERIOD 1870 TO 2016


WEATHER ITEM   OBSERVED TIME   RECORD YEAR NORMAL DEPARTURE LAST
                VALUE   (LST)  VALUE       VALUE  FROM      YEAR
                                                  NORMAL
..................................................................
TEMPERATURE (F)
 YESTERDAY
  MAXIMUM         87    232 PM  91    1915  73     14       66
  MINIMUM         64   1040 PM  25    1873  49     15       49
  AVERAGE         76                        61     15       58

PRECIPITATION (IN)
  YESTERDAY        0.19          2.25 1914   0.16   0.03      T
  MONTH TO DATE    1.02                      3.71  -2.69     9.08
  SINCE MAR 1      4.84                      8.12  -3.28    15.35
  SINCE JAN 1     11.42                     15.69  -4.27    21.23

SNOWFALL (IN)
  YESTERDAY        0.0           0.0    MM   0.0    0.0      0.0
  MONTH TO DATE    0.0                       0.2   -0.2      0.0
  SINCE MAR 1      T                         1.3   -1.3      7.2
  SINCE JUL 1     24.0                       9.1   14.9     23.5
  SNOW DEPTH       0

DEGREE DAYS
 HEATING
  YESTERDAY        0                         6     -6        7
  MONTH TO DATE  187                       231    -44      136
  SINCE MAR 1    536                       751   -215      676
  SINCE JUL 1   3136                      3949   -813     4211

 COOLING
  YESTERDAY       11                         1     10        0
  MONTH TO DATE   30                        25      5       35
  SINCE MAR 1     31                        30      1       35
  SINCE JAN 1     31                        30      1       35
..................................................................


WIND (MPH)
  HIGHEST WIND SPEED    25   HIGHEST WIND DIRECTION    NW (300)
  HIGHEST GUST SPEED    35   HIGHEST GUST DIRECTION    NW (300)
  AVERAGE WIND SPEED     8.6


SKY COVER
  POSSIBLE SUNSHINE  MM
  AVERAGE SKY COVER 0.3


WEATHER CONDITIONS
 THE FOLLOWING WEATHER WAS RECORDED YESTERDAY.
  THUNDERSTORM
  RAIN
  LIGHT RAIN
  FOG


RELATIVE HUMIDITY (PERCENT)
 HIGHEST    93          1100 PM
 LOWEST     42           300 PM
 AVERAGE    68

..........................................................


THE BOWLING GREEN KY CLIMATE NORMALS FOR TODAY
                         NORMAL    RECORD    YEAR
 MAXIMUM TEMPERATURE (F)   73        90      1989
 MINIMUM TEMPERATURE (F)   49        31      1946


SUNRISE AND SUNSET
APRIL 27 2016.........SUNRISE   556 AM CDT   SUNSET   732 PM CDT
APRIL 28 2016.........SUNRISE   554 AM CDT   SUNSET   732 PM CDT


-  INDICATES NEGATIVE NUMBERS.
R  INDICATES RECORD WAS SET OR TIED.
MM INDICATES DATA IS MISSING.
T  INDICATES TRACE AMOUNT.




$$
