000
CDUS43 KLMK 112026
CLIBWG


CLIMATE REPORT
NATIONAL WEATHER SERVICE LOUISVILLE KY
426 PM EDT TUE APR 11 2017


...................................

...THE BOWLING GREEN CLIMATE SUMMARY FOR APRIL 11 2017...
VALID TODAY AS OF 0400 PM LOCAL TIME.

CLIMATE NORMAL PERIOD 1981 TO 2010
CLIMATE RECORD PERIOD 1870 TO 2017


WEATHER ITEM   OBSERVED TIME   RECORD YEAR NORMAL DEPARTURE LAST
                VALUE   (LST)  VALUE       VALUE  FROM      YEAR
                                                  NORMAL
..................................................................
TEMPERATURE (F)
 TODAY
  MAXIMUM         74   1213 PM  92    1930  69      5       71
  MINIMUM         62    711 AM  24    1989  44     18       49
                                      1973
  AVERAGE         68                        56     12       60

PRECIPITATION (IN)
  TODAY            0.03          2.41 2011   0.14  -0.11     0.42
  MONTH TO DATE    0.92                      1.48  -0.56     0.51
  SINCE MAR 1      4.71                      5.89  -1.18     4.33
  SINCE JAN 1     11.29                     13.46  -2.17    10.91

SNOWFALL (IN)
  TODAY            0.0           0.0    MM   0.0    0.0      0.0
  MONTH TO DATE    0.0                       0.1   -0.1      0.0
  SINCE MAR 1      T                         1.2   -1.2       T
  SINCE JUL 1      0.7                       9.0   -8.3     24.0
  SNOW DEPTH       0

DEGREE DAYS
 HEATING
  TODAY            0                        10    -10        5
  MONTH TO DATE   72                       120    -48      147
  SINCE MAR 1    511                       640   -129      496
  SINCE JUL 1   2892                      3838   -946     3096

 COOLING
  TODAY            3                         1      2        0
  MONTH TO DATE   14                        10      4        0
  SINCE MAR 1     20                        15      5        1
  SINCE JAN 1     24                        15      9        1
..................................................................


WIND (MPH)
  HIGHEST WIND SPEED    12   HIGHEST WIND DIRECTION     W (280)
  HIGHEST GUST SPEED    16   HIGHEST GUST DIRECTION    SW (210)
  AVERAGE WIND SPEED     7.6


SKY COVER
  POSSIBLE SUNSHINE  MM
  AVERAGE SKY COVER 0.7


WEATHER CONDITIONS
 THE FOLLOWING WEATHER WAS RECORDED TODAY.
  LIGHT RAIN


RELATIVE HUMIDITY (PERCENT)
 HIGHEST    78           700 AM
 LOWEST     45          1200 AM
 AVERAGE    62

..........................................................


THE BOWLING GREEN CLIMATE NORMALS FOR TOMORROW
                         NORMAL    RECORD    YEAR
 MAXIMUM TEMPERATURE (F)   69        94      1906
 MINIMUM TEMPERATURE (F)   45        26      1940


SUNRISE AND SUNSET
APRIL 11 2017.........SUNRISE   617 AM CDT   SUNSET   717 PM CDT
APRIL 12 2017.........SUNRISE   615 AM CDT   SUNSET   718 PM CDT


-  INDICATES NEGATIVE NUMBERS.
R  INDICATES RECORD WAS SET OR TIED.
MM INDICATES DATA IS MISSING.
T  INDICATES TRACE AMOUNT.




$$
