000
CDUS43 KLMK 110629
CLIBWG


CLIMATE REPORT
NATIONAL WEATHER SERVICE LOUISVILLE KY
128 AM EST WED JAN 11 2017


...................................

...THE BOWLING GREEN KY CLIMATE SUMMARY FOR JANUARY 10 2017...

CLIMATE NORMAL PERIOD 1981 TO 2010
CLIMATE RECORD PERIOD 1870 TO 2017


WEATHER ITEM   OBSERVED TIME   RECORD YEAR NORMAL DEPARTURE LAST
                VALUE   (LST)  VALUE       VALUE  FROM      YEAR
                                                  NORMAL
..................................................................
TEMPERATURE (F)
 YESTERDAY
  MAXIMUM         58    924 PM  70    1949  45     13       40
  MINIMUM         44   1236 AM -19    1879  26     18       14
  AVERAGE         51                        35     16       27

PRECIPITATION (IN)
  YESTERDAY        0.34          4.38 1974   0.11   0.23     0.01
  MONTH TO DATE    1.30                      1.16   0.14     0.25
  SINCE DEC 1      6.04                      5.96   0.08     5.48
  SINCE JAN 1      1.30                      1.16   0.14     0.25

SNOWFALL (IN)
  YESTERDAY        0.0           3.0  1954   0.1   -0.1      0.1
  MONTH TO DATE    0.7                       0.9   -0.2      0.1
  SINCE DEC 1      0.7                       2.1   -1.4      0.1
  SINCE JUL 1      0.7                       2.1   -1.4      0.1
  SNOW DEPTH       0

DEGREE DAYS
 HEATING
  YESTERDAY       14                        30    -16       38
  MONTH TO DATE  298                       295      3      270
  SINCE DEC 1   1093                      1116    -23      711
  SINCE JUL 1   1579                      1879   -300     1249

 COOLING
  YESTERDAY        0                         0      0        0
  MONTH TO DATE    0                         0      0        0
  SINCE DEC 1      0                         1     -1        2
  SINCE JAN 1      0                         0      0        0
..................................................................


WIND (MPH)
  HIGHEST WIND SPEED    35   HIGHEST WIND DIRECTION     S (190)
  HIGHEST GUST SPEED    48   HIGHEST GUST DIRECTION     S (200)
  AVERAGE WIND SPEED    20.3


SKY COVER
  POSSIBLE SUNSHINE  MM
  AVERAGE SKY COVER 1.0


WEATHER CONDITIONS
 THE FOLLOWING WEATHER WAS RECORDED YESTERDAY.
  HEAVY RAIN
  RAIN
  LIGHT RAIN
  FOG


RELATIVE HUMIDITY (PERCENT)
 HIGHEST    86          1100 PM
 LOWEST     37          1200 AM
 AVERAGE    62

..........................................................


THE BOWLING GREEN KY CLIMATE NORMALS FOR TODAY
                         NORMAL    RECORD    YEAR
 MAXIMUM TEMPERATURE (F)   45        70      2013
 MINIMUM TEMPERATURE (F)   26       -18      1886


SUNRISE AND SUNSET
JANUARY 11 2017.......SUNRISE   659 AM CST   SUNSET   449 PM CST
JANUARY 12 2017.......SUNRISE   659 AM CST   SUNSET   450 PM CST


-  INDICATES NEGATIVE NUMBERS.
R  INDICATES RECORD WAS SET OR TIED.
MM INDICATES DATA IS MISSING.
T  INDICATES TRACE AMOUNT.

$$

SCHOETTMER
