000
CDUS43 KLMK 032137
CLIBWG


CLIMATE REPORT
NATIONAL WEATHER SERVICE LOUISVILLE KY
436 PM EST WED JAN 3 2018


...................................

...THE BOWLING GREEN CLIMATE SUMMARY FOR JANUARY 3 2018...
VALID TODAY AS OF 0400 PM LOCAL TIME.

CLIMATE NORMAL PERIOD 1981 TO 2010
CLIMATE RECORD PERIOD 1870 TO 2018


WEATHER ITEM   OBSERVED TIME   RECORD YEAR NORMAL DEPARTURE LAST
                VALUE   (LST)  VALUE       VALUE  FROM      YEAR
                                                  NORMAL
..................................................................
TEMPERATURE (F)
 TODAY
  MAXIMUM         33    259 PM  71    2004  45    -12       62
                                      1907
  MINIMUM         11   1244 AM -11    1879  27    -16       40
  AVERAGE         22                        36    -14       51

PRECIPITATION (IN)
  TODAY            0.00          1.86 1944   0.12  -0.12     0.47
  MONTH TO DATE    0.00                      0.36  -0.36     0.93
  SINCE DEC 1      3.49                      5.16  -1.67     6.57
  SINCE JAN 1      0.00                      0.36  -0.36     0.93

SNOWFALL (IN)
  TODAY            0.0           3.0  1977   0.0    0.0      0.0
                                      1895
  MONTH TO DATE    0.0                       0.2   -0.2      0.0
  SINCE DEC 1      T                         1.4   -1.4       T
  SINCE JUL 1      T                         1.4   -1.4       T
  SNOW DEPTH       0

DEGREE DAYS
 HEATING
  TODAY           43                        29     14       14
  MONTH TO DATE  148                        87     61       39
  SINCE DEC 1    985                       908     77      834
  SINCE JUL 1   1686                      1671     15     1320

 COOLING
  TODAY            0                         0      0        0
  MONTH TO DATE    0                         0      0        0
  SINCE DEC 1      0                         1     -1        0
  SINCE JAN 1      0                         0      0        0
..................................................................


WIND (MPH)
  HIGHEST WIND SPEED    15   HIGHEST WIND DIRECTION     W (270)
  HIGHEST GUST SPEED    22   HIGHEST GUST DIRECTION     W (260)
  AVERAGE WIND SPEED     5.8


SKY COVER
  POSSIBLE SUNSHINE  MM
  AVERAGE SKY COVER 0.4


WEATHER CONDITIONS
 THE FOLLOWING WEATHER WAS RECORDED TODAY.
  NO SIGNIFICANT WEATHER WAS OBSERVED.


RELATIVE HUMIDITY (PERCENT)
 HIGHEST    83          1200 AM
 LOWEST     29           100 PM
 AVERAGE    56

..........................................................


THE BOWLING GREEN CLIMATE NORMALS FOR TOMORROW
                         NORMAL    RECORD    YEAR
 MAXIMUM TEMPERATURE (F)   45        71      2004
 MINIMUM TEMPERATURE (F)   27       -12      1879


SUNRISE AND SUNSET
JANUARY  3 2018.......SUNRISE   659 AM CST   SUNSET   442 PM CST
JANUARY  4 2018.......SUNRISE   659 AM CST   SUNSET   442 PM CST


-  INDICATES NEGATIVE NUMBERS.
R  INDICATES RECORD WAS SET OR TIED.
MM INDICATES DATA IS MISSING.
T  INDICATES TRACE AMOUNT.




$$
