980
CDUS43 KLMK 200627
CLIBWG


CLIMATE REPORT
NATIONAL WEATHER SERVICE LOUISVILLE KY
227 AM EDT THU APR 20 2017


...................................

...THE BOWLING GREEN KY CLIMATE SUMMARY FOR APRIL 19 2017...

CLIMATE NORMAL PERIOD 1981 TO 2010
CLIMATE RECORD PERIOD 1870 TO 2017


WEATHER ITEM   OBSERVED TIME   RECORD YEAR NORMAL DEPARTURE LAST
                VALUE   (LST)  VALUE       VALUE  FROM      YEAR
                                                  NORMAL
..................................................................
TEMPERATURE (F)
 YESTERDAY
  MAXIMUM         83    227 PM  87    2011  71     12       82
  MINIMUM         64    512 AM  25    1887  47     17       52
  AVERAGE         74                        59     15       67

PRECIPITATION (IN)
  YESTERDAY        T             1.74 1973   0.15  -0.15     0.00
  MONTH TO DATE    2.37                      2.60  -0.23     0.59
  SINCE MAR 1      6.16                      7.01  -0.85     4.41
  SINCE JAN 1     12.74                     14.58  -1.84    10.99

SNOWFALL (IN)
  YESTERDAY        0.0           0.0    MM   0.0    0.0      0.0
  MONTH TO DATE    0.0                       0.2   -0.2      0.0
  SINCE MAR 1      T                         1.3   -1.3       T
  SINCE JUL 1      0.7                       9.1   -8.4     24.0
  SNOW DEPTH       0

DEGREE DAYS
 HEATING
  YESTERDAY        0                         7     -7        0
  MONTH TO DATE   78                       186   -108      181
  SINCE MAR 1    517                       706   -189      530
  SINCE JUL 1   2898                      3904  -1006     3130

 COOLING
  YESTERDAY        9                         1      8        2
  MONTH TO DATE   45                        18     27        4
  SINCE MAR 1     51                        23     28        5
  SINCE JAN 1     55                        23     32        5
..................................................................


WIND (MPH)
  HIGHEST WIND SPEED    24   HIGHEST WIND DIRECTION     S (190)
  HIGHEST GUST SPEED    33   HIGHEST GUST DIRECTION     S (190)
  AVERAGE WIND SPEED     8.2


SKY COVER
  POSSIBLE SUNSHINE  MM
  AVERAGE SKY COVER 0.3


WEATHER CONDITIONS
 THE FOLLOWING WEATHER WAS RECORDED YESTERDAY.
  LIGHT RAIN


RELATIVE HUMIDITY (PERCENT)
 HIGHEST    93           300 AM
 LOWEST     51           300 PM
 AVERAGE    72

..........................................................


THE BOWLING GREEN KY CLIMATE NORMALS FOR TODAY
                         NORMAL    RECORD    YEAR
 MAXIMUM TEMPERATURE (F)   71        87      1964
 MINIMUM TEMPERATURE (F)   47        28      1983
                                             1926


SUNRISE AND SUNSET
APRIL 20 2017.........SUNRISE   605 AM CDT   SUNSET   725 PM CDT
APRIL 21 2017.........SUNRISE   603 AM CDT   SUNSET   726 PM CDT


-  INDICATES NEGATIVE NUMBERS.
R  INDICATES RECORD WAS SET OR TIED.
MM INDICATES DATA IS MISSING.
T  INDICATES TRACE AMOUNT.




$$
