000
CDUS43 KLMK 212029
CLIBWG


CLIMATE REPORT
NATIONAL WEATHER SERVICE LOUISVILLE KY
428 PM EDT SUN JUN 21 2015


...................................

...THE BOWLING GREEN CLIMATE SUMMARY FOR JUNE 21 2015...
VALID TODAY AS OF 0400 PM LOCAL TIME.

CLIMATE NORMAL PERIOD 1981 TO 2010
CLIMATE RECORD PERIOD 1870 TO 2015


WEATHER ITEM   OBSERVED TIME   RECORD YEAR NORMAL DEPARTURE LAST
                VALUE   (LST)  VALUE       VALUE  FROM      YEAR
                                                  NORMAL
..................................................................
TEMPERATURE (F)
 TODAY
  MAXIMUM         93    112 PM 102    1933  88      5       91
  MINIMUM         68   1257 AM  52    2003  66      2       69
  AVERAGE         81                        76      5       80

PRECIPITATION (IN)
  TODAY            0.00          4.20 1935   0.14  -0.14     0.00
  MONTH TO DATE    1.00                      3.00  -2.00     1.46
  SINCE JUN 1      1.00                      3.00  -2.00     1.46
  SINCE JAN 1     25.19                     24.93   0.26    22.04

SNOWFALL (IN)
  TODAY            0.0           0.0    MM   0.0    0.0      0.0
  MONTH TO DATE    0.0                       0.0    0.0      0.0
  SINCE JUN 1      0.0                       0.0    0.0      0.0
  SINCE JUL 1     23.5                       9.1   14.4     10.4
  SNOW DEPTH       0

DEGREE DAYS
 HEATING
  TODAY            0                         0      0        0
  MONTH TO DATE    3                         3      0        0
  SINCE JUN 1      3                         3      0        0
  SINCE JUL 1   4288                      4046    242     4533

 COOLING
  TODAY           16                        12      4       15
  MONTH TO DATE  255                       193     62      214
  SINCE JUN 1    255                       193     62      214
  SINCE JAN 1    458                       346    112      411
..................................................................


WIND (MPH)
  HIGHEST WIND SPEED    22   HIGHEST WIND DIRECTION    SW (210)
  HIGHEST GUST SPEED    27   HIGHEST GUST DIRECTION     S (200)
  AVERAGE WIND SPEED     7.7


SKY COVER
  POSSIBLE SUNSHINE  MM
  AVERAGE SKY COVER 0.0


WEATHER CONDITIONS
 THE FOLLOWING WEATHER WAS RECORDED TODAY.
  NO SIGNIFICANT WEATHER WAS OBSERVED.


RELATIVE HUMIDITY (PERCENT)
 HIGHEST    87           100 AM
 LOWEST     52           100 PM
 AVERAGE    70

..........................................................


THE BOWLING GREEN CLIMATE NORMALS FOR TOMORROW
                         NORMAL    RECORD    YEAR
 MAXIMUM TEMPERATURE (F)   88       102      1901
 MINIMUM TEMPERATURE (F)   66        47      1992


SUNRISE AND SUNSET
JUNE 21 2015..........SUNRISE   526 AM CDT   SUNSET   809 PM CDT
JUNE 22 2015..........SUNRISE   527 AM CDT   SUNSET   809 PM CDT


-  INDICATES NEGATIVE NUMBERS.
R  INDICATES RECORD WAS SET OR TIED.
MM INDICATES DATA IS MISSING.
T  INDICATES TRACE AMOUNT.




$$
