000
CDUS43 KLMK 050657 CCA
CLIBWG

CLIMATE REPORT...CORRECTED SNOWFALL
NATIONAL WEATHER SERVICE LOUISVILLE KY
154 AM EST FRI JAN 5 2018


...................................

...THE BOWLING GREEN KY CLIMATE SUMMARY FOR JANUARY 4 2018...

CLIMATE NORMAL PERIOD 1981 TO 2010
CLIMATE RECORD PERIOD 1870 TO 2018


WEATHER ITEM   OBSERVED TIME   RECORD YEAR NORMAL DEPARTURE LAST
                VALUE   (LST)  VALUE       VALUE  FROM      YEAR
                                                  NORMAL
..................................................................
TEMPERATURE (F)
 YESTERDAY
  MAXIMUM         23   1205 AM  71    2004  45    -22       41
  MINIMUM          9    805 AM -12    1879  27    -18       25
  AVERAGE         16                        36    -20       33

PRECIPITATION (IN)
  YESTERDAY        T             1.28 1972   0.12  -0.12     0.00
  MONTH TO DATE    T                         0.48  -0.48     0.93
  SINCE DEC 1      3.49                      5.28  -1.79     6.57
  SINCE JAN 1      T                         0.48  -0.48     0.93

SNOWFALL (IN)
  YESTERDAY        T             5.0  1942   0.1   MM        0.0
  MONTH TO DATE    T                         0.3   -0.3      0.0
  SINCE DEC 1      T                         1.5   -1.5       T
  SINCE JUL 1      T                         1.5   -1.5       T
  SNOW DEPTH       T

DEGREE DAYS
 HEATING
  YESTERDAY       49                        29     20       32
  MONTH TO DATE  197                       116     81       71
  SINCE DEC 1   1034                       937     97      866
  SINCE JUL 1   1735                      1700     35     1352

 COOLING
  YESTERDAY        0                         0      0        0
  MONTH TO DATE    0                         0      0        0
  SINCE DEC 1      0                         1     -1        0
  SINCE JAN 1      0                         0      0        0
..................................................................


WIND (MPH)
  HIGHEST WIND SPEED    14   HIGHEST WIND DIRECTION    NW (320)
  HIGHEST GUST SPEED    22   HIGHEST GUST DIRECTION    NW (320)
  AVERAGE WIND SPEED     6.9


SKY COVER
  POSSIBLE SUNSHINE  MM
  AVERAGE SKY COVER 0.4


WEATHER CONDITIONS
 THE FOLLOWING WEATHER WAS RECORDED YESTERDAY.
  LIGHT SNOW
  HAZE


RELATIVE HUMIDITY (PERCENT)
 HIGHEST    83           700 AM
 LOWEST     41           100 PM
 AVERAGE    62

..........................................................


THE BOWLING GREEN KY CLIMATE NORMALS FOR TODAY
                         NORMAL    RECORD    YEAR
 MAXIMUM TEMPERATURE (F)   45        68      2007
                                             1955
                                             1998
 MINIMUM TEMPERATURE (F)   27       -20      1884


SUNRISE AND SUNSET
JANUARY  5 2018.......SUNRISE   659 AM CST   SUNSET   443 PM CST
JANUARY  6 2018.......SUNRISE   659 AM CST   SUNSET   444 PM CST


-  INDICATES NEGATIVE NUMBERS.
R  INDICATES RECORD WAS SET OR TIED.
MM INDICATES DATA IS MISSING.
T  INDICATES TRACE AMOUNT.




$$
