000
CDUS43 KLMK 071148
CLIBWG

CLIMATE REPORT...CORRECTED
NATIONAL WEATHER SERVICE LOUISVILLE KY
429 PM EDT TUE JUN 6 2017


...................................

...THE BOWLING GREEN CLIMATE SUMMARY FOR JUNE 6 2017...
VALID TODAY AS OF 0400 PM LOCAL TIME.

CLIMATE NORMAL PERIOD 1981 TO 2010
CLIMATE RECORD PERIOD 1870 TO 2017


WEATHER ITEM   OBSERVED TIME   RECORD YEAR NORMAL DEPARTURE LAST
                VALUE   (LST)  VALUE       VALUE  FROM      YEAR
                                                  NORMAL
..................................................................
TEMPERATURE (F)
 TODAY
  MAXIMUM         81    210 PM 100    1936  84     -3       86
  MINIMUM         64    317 AM  44    1889  61      3       61
  AVERAGE         73                        73      0       74

PRECIPITATION (IN)
  TODAY            0.00          3.28 1981   0.15  -0.15     0.00
  MONTH TO DATE    3.77                      0.92   2.85     0.48
  SINCE JUN 1      3.77                      0.92   2.85     0.48
  SINCE JAN 1     24.07                     22.85   1.22    19.65

SNOWFALL (IN)
  TODAY            0.0           0.0    MM   0.0    0.0      0.0
  MONTH TO DATE    0.0                       0.0    0.0      0.0
  SINCE JUN 1      0.0                       0.0    0.0      0.0
  SINCE JUL 1      0.7                       9.1   -8.4     24.0
  SNOW DEPTH       0

DEGREE DAYS
 HEATING
  TODAY            0                         0      0        0
  MONTH TO DATE    0                         3     -3        0
  SINCE JUN 1      0                         3     -3        0
  SINCE JUL 1   2989                      4046  -1057     3230

 COOLING
  TODAY            8                         8      0        9
  MONTH TO DATE   51                        44      7       68
  SINCE JUN 1     51                        44      7       68
  SINCE JAN 1    300                       197    103      234
..................................................................


WIND (MPH)
  HIGHEST WIND SPEED    15   HIGHEST WIND DIRECTION    NE (40)
  HIGHEST GUST SPEED    21   HIGHEST GUST DIRECTION    NE (30)
  AVERAGE WIND SPEED     5.5


SKY COVER
  POSSIBLE SUNSHINE  MM
  AVERAGE SKY COVER 0.8


WEATHER CONDITIONS
 THE FOLLOWING WEATHER WAS RECORDED TODAY.
  FOG
  FOG W/VISIBILITY <= 1/4 MILE


RELATIVE HUMIDITY (PERCENT)
 HIGHEST   100          1200 AM
 LOWEST     54           200 PM
 AVERAGE    77

..........................................................


THE BOWLING GREEN CLIMATE NORMALS FOR TOMORROW
                         NORMAL    RECORD    YEAR
 MAXIMUM TEMPERATURE (F)   84       102      1933
 MINIMUM TEMPERATURE (F)   62        46      2000


SUNRISE AND SUNSET
JUNE  6 2017..........SUNRISE   526 AM CDT   SUNSET   803 PM CDT
JUNE  7 2017..........SUNRISE   526 AM CDT   SUNSET   803 PM CDT


-  INDICATES NEGATIVE NUMBERS.
R  INDICATES RECORD WAS SET OR TIED.
MM INDICATES DATA IS MISSING.
T  INDICATES TRACE AMOUNT.

CORRECTED FASTEST 2MIN WIND SPEED AND DIRECTION.


$$
