000
CDUS43 KLMK 250630
CLIBWG


CLIMATE REPORT
NATIONAL WEATHER SERVICE LOUISVILLE KY
129 AM EST FRI NOV 25 2016


...................................

...THE BOWLING GREEN KY CLIMATE SUMMARY FOR NOVEMBER 24 2016...

CLIMATE NORMAL PERIOD 1981 TO 2010
CLIMATE RECORD PERIOD 1870 TO 2016


WEATHER ITEM   OBSERVED TIME   RECORD YEAR NORMAL DEPARTURE LAST
                VALUE   (LST)  VALUE       VALUE  FROM      YEAR
                                                  NORMAL
..................................................................
TEMPERATURE (F)
 YESTERDAY
  MAXIMUM         56    548 AM  75    1931  56      0       60
  MINIMUM         44    610 PM   2    1950  35      9       28
  AVERAGE         50                        45      5       44

PRECIPITATION (IN)
  YESTERDAY        T             5.15 1900   0.15  -0.15     0.00
  MONTH TO DATE    0.46                      3.28  -2.82     3.03
  SINCE SEP 1      2.59                     10.59  -8.00    11.78
  SINCE JAN 1     40.51                     44.15  -3.64    46.82

SNOWFALL (IN)
  YESTERDAY        0.0           2.0  1938   0.0    0.0      0.0
  MONTH TO DATE    0.0                       0.0    0.0      0.0
  SINCE SEP 1      0.0                       T      0.0      0.0
  SINCE JUL 1      0.0                       T      0.0      0.0
  SNOW DEPTH       0

DEGREE DAYS
 HEATING
  YESTERDAY       15                        20     -5       21
  MONTH TO DATE  292                       373    -81      296
  SINCE SEP 1    378                       635   -257      482
  SINCE JUL 1    378                       636   -258      482

 COOLING
  YESTERDAY        0                         0      0        0
  MONTH TO DATE   15                         0     15        9
  SINCE SEP 1    420                       219    201      290
  SINCE JAN 1   1979                      1488    491     1671
..................................................................


WIND (MPH)
  HIGHEST WIND SPEED    13   HIGHEST WIND DIRECTION     W (290)
  HIGHEST GUST SPEED    16   HIGHEST GUST DIRECTION    NW (310)
  AVERAGE WIND SPEED     3.5


SKY COVER
  POSSIBLE SUNSHINE  MM
  AVERAGE SKY COVER 1.0


WEATHER CONDITIONS
 THE FOLLOWING WEATHER WAS RECORDED YESTERDAY.
  LIGHT RAIN
  FOG
  HAZE


RELATIVE HUMIDITY (PERCENT)
 HIGHEST   100           500 AM
 LOWEST     77           200 PM
 AVERAGE    89

..........................................................


THE BOWLING GREEN KY CLIMATE NORMALS FOR TODAY
                         NORMAL    RECORD    YEAR
 MAXIMUM TEMPERATURE (F)   55        74      1896
 MINIMUM TEMPERATURE (F)   35        -7      1950


SUNRISE AND SUNSET
NOVEMBER 25 2016......SUNRISE   635 AM CST   SUNSET   431 PM CST
NOVEMBER 26 2016......SUNRISE   636 AM CST   SUNSET   430 PM CST


-  INDICATES NEGATIVE NUMBERS.
R  INDICATES RECORD WAS SET OR TIED.
MM INDICATES DATA IS MISSING.
T  INDICATES TRACE AMOUNT.




$$
