000
CDUS43 KLMK 240632
CLIBWG


CLIMATE REPORT
NATIONAL WEATHER SERVICE LOUISVILLE KY
130 AM EST TUE FEB 24 2015
...................................

...THE BOWLING GREEN KY CLIMATE SUMMARY FOR FEBRUARY 23 2015...

CLIMATE NORMAL PERIOD 1981 TO 2010
CLIMATE RECORD PERIOD 1870 TO 2015


WEATHER ITEM   OBSERVED TIME   RECORD YEAR NORMAL DEPARTURE LAST
                VALUE   (LST)  VALUE       VALUE  FROM      YEAR
                                                  NORMAL
..................................................................
TEMPERATURE (F)
 YESTERDAY
  MAXIMUM         27    207 PM  79    1982  52    -25       57
  MINIMUM         20   1159 PM   4    1929  32    -12       31
  AVERAGE         24                        42    -18       44

PRECIPITATION (IN)
  YESTERDAY        0.00          3.74 1975   0.15  -0.15     0.08
  MONTH TO DATE    4.00                      3.28   0.72     5.42
  SINCE DEC 1      7.57                     11.69  -4.12    12.18
  SINCE JAN 1      5.88                      6.89  -1.01     7.17

SNOWFALL (IN)
  YESTERDAY        0.0           4.0  1907   0.1   -0.1      0.0
  MONTH TO DATE   12.6                       3.0    9.6      2.0
  SINCE DEC 1     16.0                       7.5    8.5      4.2
  SINCE JUL 1     16.3                       7.5    8.8      5.3
  SNOW DEPTH       4

DEGREE DAYS
 HEATING
  YESTERDAY       41                        23     18       21
  MONTH TO DATE  805                       594    211      658
  SINCE DEC 1   2453                      2323    130     2561
  SINCE JUL 1   3350                      3086    264     3441

 COOLING
  YESTERDAY        0                         0      0        0
  MONTH TO DATE    0                         0      0        0
  SINCE DEC 1      0                         1     -1        2
  SINCE JAN 1      0                         0      0        0
..................................................................


WIND (MPH)
  HIGHEST WIND SPEED    15   HIGHEST WIND DIRECTION    NE (40)
  HIGHEST GUST SPEED    21   HIGHEST GUST DIRECTION     N (350)
  AVERAGE WIND SPEED     8.3


SKY COVER
  POSSIBLE SUNSHINE  MM
  AVERAGE SKY COVER 0.5


WEATHER CONDITIONS
 THE FOLLOWING WEATHER WAS RECORDED YESTERDAY.
  NO SIGNIFICANT WEATHER WAS OBSERVED.


RELATIVE HUMIDITY (PERCENT)
 HIGHEST    68           200 AM
 LOWEST     38           300 PM
 AVERAGE    53

..........................................................


THE BOWLING GREEN KY CLIMATE NORMALS FOR TODAY
                         NORMAL    RECORD    YEAR
 MAXIMUM TEMPERATURE (F)   53        74      1875
 MINIMUM TEMPERATURE (F)   32         7      1914


SUNRISE AND SUNSET
FEBRUARY 24 2015......SUNRISE   624 AM CST   SUNSET   535 PM CST
FEBRUARY 25 2015......SUNRISE   622 AM CST   SUNSET   536 PM CST


-  INDICATES NEGATIVE NUMBERS.
R  INDICATES RECORD WAS SET OR TIED.
MM INDICATES DATA IS MISSING.
T  INDICATES TRACE AMOUNT.

$$
04
