000
CDUS43 KLMK 160627
CLIBWG


CLIMATE REPORT
NATIONAL WEATHER SERVICE LOUISVILLE KY
227 AM EDT THU OCT 16 2014


...................................

...THE BOWLING GREEN KY CLIMATE SUMMARY FOR OCTOBER 15 2014...

CLIMATE NORMAL PERIOD 1981 TO 2010
CLIMATE RECORD PERIOD 1870 TO 2014


WEATHER ITEM   OBSERVED TIME   RECORD YEAR NORMAL DEPARTURE LAST
                VALUE   (LST)  VALUE       VALUE  FROM      YEAR
                                                  NORMAL
..................................................................
TEMPERATURE (F)
 YESTERDAY
  MAXIMUM         58    122 PM  87    1924  72    -14       75
                                      1920
                                      1897
  MINIMUM         54   1159 PM  28    1901  46      8       55
  AVERAGE         56                        59     -3       65

PRECIPITATION (IN)
  YESTERDAY        0.55          1.15 1974   0.11   0.44      T
  MONTH TO DATE    4.98                      1.63   3.35     2.07
  SINCE SEP 1      5.35                      5.56  -0.21     7.16
  SINCE JAN 1     41.51                     39.12   2.39    49.86

SNOWFALL (IN)
  YESTERDAY        0.0           0.0    MM   0.0    0.0      0.0
  MONTH TO DATE    0.0                       0.0    0.0      0.0
  SINCE SEP 1      0.0                       0.0    0.0      0.0
  SINCE JUL 1      0.0                       0.0    0.0      0.0
  SNOW DEPTH       0

DEGREE DAYS
 HEATING
  YESTERDAY        9                         7      2        0
  MONTH TO DATE   49                        80    -31       28
  SINCE SEP 1     73                       115    -42       40
  SINCE JUL 1     73                       116    -43       40

 COOLING
  YESTERDAY        0                         1     -1        0
  MONTH TO DATE   29                        24      5       43
  SINCE SEP 1    208                       210     -2      235
  SINCE JAN 1   1485                      1479      6     1495
..................................................................


WIND (MPH)
  HIGHEST WIND SPEED    16   HIGHEST WIND DIRECTION    SW (240)
  HIGHEST GUST SPEED    21   HIGHEST GUST DIRECTION     W (250)
  AVERAGE WIND SPEED     8.5


SKY COVER
  POSSIBLE SUNSHINE  MM
  AVERAGE SKY COVER 1.0


WEATHER CONDITIONS
 THE FOLLOWING WEATHER WAS RECORDED YESTERDAY.
  RAIN
  LIGHT RAIN
  FOG
  HAZE


RELATIVE HUMIDITY (PERCENT)
 HIGHEST    93          1000 AM
 LOWEST     77          1200 AM
 AVERAGE    85

..........................................................


THE BOWLING GREEN KY CLIMATE NORMALS FOR TODAY
                         NORMAL    RECORD    YEAR
 MAXIMUM TEMPERATURE (F)   71        89      1947
                                             1920
 MINIMUM TEMPERATURE (F)   46        30      1945


SUNRISE AND SUNSET
OCTOBER 16 2014.......SUNRISE   654 AM CDT   SUNSET   608 PM CDT
OCTOBER 17 2014.......SUNRISE   655 AM CDT   SUNSET   606 PM CDT


-  INDICATES NEGATIVE NUMBERS.
R  INDICATES RECORD WAS SET OR TIED.
MM INDICATES DATA IS MISSING.
T  INDICATES TRACE AMOUNT.




$$
