000
CDUS43 KLMK 122027
CLIBWG


CLIMATE REPORT
NATIONAL WEATHER SERVICE LOUISVILLE KY
427 PM EDT WED APR 12 2017


...................................

...THE BOWLING GREEN CLIMATE SUMMARY FOR APRIL 12 2017...
VALID TODAY AS OF 0400 PM LOCAL TIME.

CLIMATE NORMAL PERIOD 1981 TO 2010
CLIMATE RECORD PERIOD 1870 TO 2017


WEATHER ITEM   OBSERVED TIME   RECORD YEAR NORMAL DEPARTURE LAST
                VALUE   (LST)  VALUE       VALUE  FROM      YEAR
                                                  NORMAL
..................................................................
TEMPERATURE (F)
 TODAY
  MAXIMUM         75    200 PM  94    1906  69      6       62
  MINIMUM         46    611 AM  26    1940  45      1       39
  AVERAGE         61                        57      4       51

PRECIPITATION (IN)
  TODAY            0.00          3.01 1948   0.14  -0.14     0.00
  MONTH TO DATE    1.24                      1.62  -0.38     0.51
  SINCE MAR 1      5.03                      6.03  -1.00     4.33
  SINCE JAN 1     11.61                     13.60  -1.99    10.91

SNOWFALL (IN)
  TODAY            0.0           0.0    MM   0.1   -0.1      0.0
  MONTH TO DATE    0.0                       0.2   -0.2      0.0
  SINCE MAR 1      T                         1.3   -1.3       T
  SINCE JUL 1      0.7                       9.1   -8.4     24.0
  SNOW DEPTH       0

DEGREE DAYS
 HEATING
  TODAY            4                         9     -5       14
  MONTH TO DATE   76                       129    -53      161
  SINCE MAR 1    515                       649   -134      510
  SINCE JUL 1   2896                      3847   -951     3110

 COOLING
  TODAY            0                         1     -1        0
  MONTH TO DATE   12                        11      1        0
  SINCE MAR 1     18                        16      2        1
  SINCE JAN 1     22                        16      6        1
..................................................................


WIND (MPH)
  HIGHEST WIND SPEED     9   HIGHEST WIND DIRECTION    NE (40)
  HIGHEST GUST SPEED    12   HIGHEST GUST DIRECTION     N (340)
  AVERAGE WIND SPEED     3.8


SKY COVER
  POSSIBLE SUNSHINE  MM
  AVERAGE SKY COVER 0.0


WEATHER CONDITIONS
 THE FOLLOWING WEATHER WAS RECORDED TODAY.
  FOG
  FOG W/VISIBILITY <= 1/4 MILE


RELATIVE HUMIDITY (PERCENT)
 HIGHEST    93          1200 AM
 LOWEST     36           200 PM
 AVERAGE    65

..........................................................


THE BOWLING GREEN CLIMATE NORMALS FOR TOMORROW
                         NORMAL    RECORD    YEAR
 MAXIMUM TEMPERATURE (F)   69        91      1930
 MINIMUM TEMPERATURE (F)   45        24      1950


SUNRISE AND SUNSET
APRIL 12 2017.........SUNRISE   615 AM CDT   SUNSET   718 PM CDT
APRIL 13 2017.........SUNRISE   614 AM CDT   SUNSET   719 PM CDT


-  INDICATES NEGATIVE NUMBERS.
R  INDICATES RECORD WAS SET OR TIED.
MM INDICATES DATA IS MISSING.
T  INDICATES TRACE AMOUNT.




$$
