000
CDUS43 KLMK 192128
CLIBWG


CLIMATE REPORT
NATIONAL WEATHER SERVICE LOUISVILLE KY
428 PM EST MON JAN 19 2015


...................................

...THE BOWLING GREEN CLIMATE SUMMARY FOR JANUARY 19 2015...
VALID TODAY AS OF 0400 PM LOCAL TIME.

CLIMATE NORMAL PERIOD 1981 TO 2010
CLIMATE RECORD PERIOD 1870 TO 2015


WEATHER ITEM   OBSERVED TIME   RECORD YEAR NORMAL DEPARTURE LAST
                VALUE   (LST)  VALUE       VALUE  FROM      YEAR
                                                  NORMAL
..................................................................
TEMPERATURE (F)
 TODAY
  MAXIMUM         61    256 PM  75    1907  45     16       44
  MINIMUM         26    709 AM -11    1994  26      0       30
  AVERAGE         44                        36      8       37

PRECIPITATION (IN)
  TODAY            0.00          2.83 1935   0.12  -0.12     0.00
  MONTH TO DATE    1.25                      2.17  -0.92     1.66
  SINCE DEC 1      2.94                      6.97  -4.03     6.67
  SINCE JAN 1      1.25                      2.17  -0.92     1.66

SNOWFALL (IN)
  TODAY            0.0           6.0  1978   0.1   -0.1      0.0
  MONTH TO DATE    0.6                       1.8   -1.2      1.0
  SINCE DEC 1      0.6                       3.0   -2.4      1.1
  SINCE JUL 1      0.9                       3.0   -2.1      2.2
  SNOW DEPTH       0

DEGREE DAYS
 HEATING
  TODAY           21                        29     -8       28
  MONTH TO DATE  610                       564     46      620
  SINCE DEC 1   1326                      1385    -59     1427
  SINCE JUL 1   2223                      2148     75     2307

 COOLING
  TODAY            0                         0      0        0
  MONTH TO DATE    0                         0      0        0
  SINCE DEC 1      0                         1     -1        2
  SINCE JAN 1      0                         0      0        0
..................................................................


WIND (MPH)
  HIGHEST WIND SPEED    14   HIGHEST WIND DIRECTION    SW (220)
  HIGHEST GUST SPEED    17   HIGHEST GUST DIRECTION    SW (230)
  AVERAGE WIND SPEED     3.6


SKY COVER
  POSSIBLE SUNSHINE   0 PERCENT
  AVERAGE SKY COVER 0.0


WEATHER CONDITIONS
 THE FOLLOWING WEATHER WAS RECORDED TODAY.
  NO SIGNIFICANT WEATHER WAS OBSERVED.


RELATIVE HUMIDITY (PERCENT)
 HIGHEST     0          1200 AM
 LOWEST      0          1200 AM
 AVERAGE     0

..........................................................


THE BOWLING GREEN CLIMATE NORMALS FOR TOMORROW
                         NORMAL    RECORD    YEAR
 MAXIMUM TEMPERATURE (F)   45        72      1906
 MINIMUM TEMPERATURE (F)   26       -14      1985


SUNRISE AND SUNSET
JANUARY 19 2015.......SUNRISE   657 AM CST   SUNSET   457 PM CST
JANUARY 20 2015.......SUNRISE   656 AM CST   SUNSET   458 PM CST


-  INDICATES NEGATIVE NUMBERS.
R  INDICATES RECORD WAS SET OR TIED.
MM INDICATES DATA IS MISSING.
T  INDICATES TRACE AMOUNT.




$$
