000
CDUS43 KLMK 112135
CLIBWG


CLIMATE REPORT
NATIONAL WEATHER SERVICE LOUISVILLE KY
434 PM EST SAT FEB 11 2017


...................................

...THE BOWLING GREEN CLIMATE SUMMARY FOR FEBRUARY 11 2017...
VALID TODAY AS OF 0400 PM LOCAL TIME.

CLIMATE NORMAL PERIOD 1981 TO 2010
CLIMATE RECORD PERIOD 1870 TO 2017


WEATHER ITEM   OBSERVED TIME   RECORD YEAR NORMAL DEPARTURE LAST
                VALUE   (LST)  VALUE       VALUE  FROM      YEAR
                                                  NORMAL
..................................................................
TEMPERATURE (F)
 TODAY
  MAXIMUM         67    231 PM  72    1999  49     18       39
                                      1938
  MINIMUM         51   1214 AM  -4    1885  29     22       24
  AVERAGE         59                        39     20       32

PRECIPITATION (IN)
  TODAY            0.00          2.06 1965   0.14  -0.14     0.00
  MONTH TO DATE    1.68                      1.60   0.08     1.83
  SINCE DEC 1     11.48                     10.01   1.47     8.87
  SINCE JAN 1      5.84                      5.21   0.63     3.64

SNOWFALL (IN)
  TODAY            0.0           4.0  1988   0.1   -0.1      0.0
                                      1933
  MONTH TO DATE    0.0                       1.6   -1.6      2.0
  SINCE DEC 1      0.7                       6.1   -5.4     16.8
  SINCE JUL 1      0.7                       6.1   -5.4     16.8
  SNOW DEPTH       0

DEGREE DAYS
 HEATING
  TODAY            6                        26    -20       33
  MONTH TO DATE  235                       299    -64      295
  SINCE DEC 1   1670                      2028   -358     1680
  SINCE JUL 1   2156                      2791   -635     2218

 COOLING
  TODAY            0                         0      0        0
  MONTH TO DATE    0                         0      0        0
  SINCE DEC 1      0                         1     -1        2
  SINCE JAN 1      0                         0      0        0
..................................................................


WIND (MPH)
  HIGHEST WIND SPEED    18   HIGHEST WIND DIRECTION     S (190)
  HIGHEST GUST SPEED    23   HIGHEST GUST DIRECTION     S (190)
  AVERAGE WIND SPEED    10.9


SKY COVER
  POSSIBLE SUNSHINE  MM
  AVERAGE SKY COVER 0.9


WEATHER CONDITIONS
 THE FOLLOWING WEATHER WAS RECORDED TODAY.
  NO SIGNIFICANT WEATHER WAS OBSERVED.


RELATIVE HUMIDITY (PERCENT)
 HIGHEST    78           100 PM
 LOWEST     43           100 AM
 AVERAGE    61

..........................................................


THE BOWLING GREEN CLIMATE NORMALS FOR TOMORROW
                         NORMAL    RECORD    YEAR
 MAXIMUM TEMPERATURE (F)   49        76      1938
 MINIMUM TEMPERATURE (F)   29        -9      1899


SUNRISE AND SUNSET
FEBRUARY 11 2017......SUNRISE   638 AM CST   SUNSET   522 PM CST
FEBRUARY 12 2017......SUNRISE   637 AM CST   SUNSET   523 PM CST


-  INDICATES NEGATIVE NUMBERS.
R  INDICATES RECORD WAS SET OR TIED.
MM INDICATES DATA IS MISSING.
T  INDICATES TRACE AMOUNT.




$$
