677
CDUS43 KLMK 132039
CLIBWG


CLIMATE REPORT
NATIONAL WEATHER SERVICE LOUISVILLE KY
439 PM EDT FRI OCT 13 2017


...................................

...THE BOWLING GREEN CLIMATE SUMMARY FOR OCTOBER 13 2017...
VALID TODAY AS OF 0400 PM LOCAL TIME.

CLIMATE NORMAL PERIOD 1981 TO 2010
CLIMATE RECORD PERIOD 1870 TO 2017


WEATHER ITEM   OBSERVED TIME   RECORD YEAR NORMAL DEPARTURE LAST
                VALUE   (LST)  VALUE       VALUE  FROM      YEAR
                                                  NORMAL
..................................................................
TEMPERATURE (F)
 TODAY
  MAXIMUM         75    212 PM  92    1928  72      3       69
  MINIMUM         47    546 AM  26    1909  47      0       57
  AVERAGE         61                        60      1       63

PRECIPITATION (IN)
  TODAY            0.00          1.58 2014   0.11  -0.11     0.16
  MONTH TO DATE    1.12                      1.42  -0.30     0.16
  SINCE SEP 1      7.59                      5.35   2.24     1.73
  SINCE JAN 1     44.67                     38.91   5.76    39.65

SNOWFALL (IN)
  TODAY            0.0           0.0    MM   0.0    0.0      0.0
  MONTH TO DATE    0.0                       0.0    0.0      0.0
  SINCE SEP 1      0.0                       0.0    0.0      0.0
  SINCE JUL 1      0.0                       0.0    0.0      0.0
  SNOW DEPTH       0

DEGREE DAYS
 HEATING
  TODAY            4                         6     -2        2
  MONTH TO DATE   10                        66    -56       15
  SINCE SEP 1     29                       101    -72       34
  SINCE JUL 1     29                       102    -73       34

 COOLING
  TODAY            0                         1     -1        0
  MONTH TO DATE   56                        22     34       35
  SINCE SEP 1    226                       208     18      340
  SINCE JAN 1   1578                      1477    101     1899
..................................................................


WIND (MPH)
  HIGHEST WIND SPEED     6   HIGHEST WIND DIRECTION     S (160)
  HIGHEST GUST SPEED    11   HIGHEST GUST DIRECTION     S (160)
  AVERAGE WIND SPEED     1.2


SKY COVER
  POSSIBLE SUNSHINE  MM
  AVERAGE SKY COVER 0.2


WEATHER CONDITIONS
 THE FOLLOWING WEATHER WAS RECORDED TODAY.
  FOG
  FOG W/VISIBILITY <= 1/4 MILE


RELATIVE HUMIDITY (PERCENT)
 HIGHEST   100          1200 AM
 LOWEST     57           200 PM
 AVERAGE    79

..........................................................


THE BOWLING GREEN CLIMATE NORMALS FOR TOMORROW
                         NORMAL    RECORD    YEAR
 MAXIMUM TEMPERATURE (F)   72        94      1928
 MINIMUM TEMPERATURE (F)   47        29      1987


SUNRISE AND SUNSET
OCTOBER 13 2017.......SUNRISE   652 AM CDT   SUNSET   611 PM CDT
OCTOBER 14 2017.......SUNRISE   653 AM CDT   SUNSET   610 PM CDT


-  INDICATES NEGATIVE NUMBERS.
R  INDICATES RECORD WAS SET OR TIED.
MM INDICATES DATA IS MISSING.
T  INDICATES TRACE AMOUNT.




$$
