000
CDUS43 KLMK 212032
CLIBWG


CLIMATE REPORT
NATIONAL WEATHER SERVICE LOUISVILLE KY
432 PM EDT SAT MAR 21 2015


...................................

...THE BOWLING GREEN CLIMATE SUMMARY FOR MARCH 21 2015...
VALID TODAY AS OF 0400 PM LOCAL TIME.

CLIMATE NORMAL PERIOD 1981 TO 2010
CLIMATE RECORD PERIOD 1870 TO 2015


WEATHER ITEM   OBSERVED TIME   RECORD YEAR NORMAL DEPARTURE LAST
                VALUE   (LST)  VALUE       VALUE  FROM      YEAR
                                                  NORMAL
..................................................................
TEMPERATURE (F)
 TODAY
  MAXIMUM         64    215 PM  91    1907  62      2       69
  MINIMUM         36    630 AM  20    2013  38     -2       31
  AVERAGE         50                        50      0       50

PRECIPITATION (IN)
  TODAY            0.00          1.40 1913   0.15  -0.15     0.00
  MONTH TO DATE    5.92                      2.92   3.00     2.93
  SINCE MAR 1      5.92                      2.92   3.00     2.93
  SINCE JAN 1     11.80                     10.49   1.31    10.10

SNOWFALL (IN)
  TODAY            0.0           0.1  1914   0.1   -0.1      0.0
  MONTH TO DATE    7.2                       0.8    6.4      4.8
  SINCE MAR 1      7.2                       0.8    6.4      4.8
  SINCE JUL 1     23.5                       8.6   14.9     10.1
  SNOW DEPTH       0

DEGREE DAYS
 HEATING
  TODAY           15                        15      0       15
  MONTH TO DATE  401                       384     17      464
  SINCE MAR 1    401                       384     17      464
  SINCE JUL 1   3936                      3582    354     4073

 COOLING
  TODAY            0                         0      0        0
  MONTH TO DATE    0                         0      0        0
  SINCE MAR 1      0                         0      0        0
  SINCE JAN 1      0                         0      0        0
..................................................................


WIND (MPH)
  HIGHEST WIND SPEED     9   HIGHEST WIND DIRECTION     S (180)
  HIGHEST GUST SPEED    13   HIGHEST GUST DIRECTION     S (170)
  AVERAGE WIND SPEED     2.5


SKY COVER
  POSSIBLE SUNSHINE  MM
  AVERAGE SKY COVER 0.1


WEATHER CONDITIONS
 THE FOLLOWING WEATHER WAS RECORDED TODAY.
  FOG
  FOG W/VISIBILITY <= 1/4 MILE
  HAZE


RELATIVE HUMIDITY (PERCENT)
 HIGHEST   100           700 AM
 LOWEST     48           100 PM
 AVERAGE    74

..........................................................


THE BOWLING GREEN CLIMATE NORMALS FOR TOMORROW
                         NORMAL    RECORD    YEAR
 MAXIMUM TEMPERATURE (F)   62        90      1907
 MINIMUM TEMPERATURE (F)   39        20      2002


SUNRISE AND SUNSET
MARCH 21 2015.........SUNRISE   648 AM CDT   SUNSET   658 PM CDT
MARCH 22 2015.........SUNRISE   647 AM CDT   SUNSET   659 PM CDT


-  INDICATES NEGATIVE NUMBERS.
R  INDICATES RECORD WAS SET OR TIED.
MM INDICATES DATA IS MISSING.
T  INDICATES TRACE AMOUNT.




$$
