000
CDUS43 KLMK 300630
CLIBWG


CLIMATE REPORT
NATIONAL WEATHER SERVICE LOUISVILLE KY
130 AM EST FRI DEC 30 2016


...................................

...THE BOWLING GREEN KY CLIMATE SUMMARY FOR DECEMBER 29 2016...

CLIMATE NORMAL PERIOD 1981 TO 2010
CLIMATE RECORD PERIOD 1870 TO 2016


WEATHER ITEM   OBSERVED TIME   RECORD YEAR NORMAL DEPARTURE LAST
                VALUE   (LST)  VALUE       VALUE  FROM      YEAR
                                                  NORMAL
..................................................................
TEMPERATURE (F)
 YESTERDAY
  MAXIMUM         50    308 PM  69    1907  45      5       51
  MINIMUM         37    728 AM  -5    1880  27     10       41
  AVERAGE         44                        36      8       46

PRECIPITATION (IN)
  YESTERDAY        0.00          2.29 1969   0.14  -0.14     0.00
  MONTH TO DATE    4.50                      4.54  -0.04     5.23
  SINCE DEC 1      4.50                      4.54  -0.04     5.23
  SINCE JAN 1     46.46                     49.63  -3.17    54.48

SNOWFALL (IN)
  YESTERDAY        0.0           8.0  1935   0.1   -0.1      0.0
  MONTH TO DATE    T                         1.1   -1.1       T
  SINCE DEC 1      T                         1.1   -1.1       T
  SINCE JUL 1      T                         1.1   -1.1       T
  SNOW DEPTH       0

DEGREE DAYS
 HEATING
  YESTERDAY       21                        29     -8       19
  MONTH TO DATE  744                       761    -17      392
  SINCE DEC 1    744                       761    -17      392
  SINCE JUL 1   1230                      1524   -294      930

 COOLING
  YESTERDAY        0                         0      0        0
  MONTH TO DATE    0                         0      0        2
  SINCE DEC 1      0                         0      0        2
  SINCE JAN 1   1979                      1491    488     1673
..................................................................


WIND (MPH)
  HIGHEST WIND SPEED    24   HIGHEST WIND DIRECTION     W (280)
  HIGHEST GUST SPEED    38   HIGHEST GUST DIRECTION    NW (310)
  AVERAGE WIND SPEED    10.7


SKY COVER
  POSSIBLE SUNSHINE  MM
  AVERAGE SKY COVER 0.2


WEATHER CONDITIONS
 THE FOLLOWING WEATHER WAS RECORDED YESTERDAY.
  NO SIGNIFICANT WEATHER WAS OBSERVED.


RELATIVE HUMIDITY (PERCENT)
 HIGHEST    89           200 AM
 LOWEST     29           400 PM
 AVERAGE    59

..........................................................


THE BOWLING GREEN KY CLIMATE NORMALS FOR TODAY
                         NORMAL    RECORD    YEAR
 MAXIMUM TEMPERATURE (F)   45        71      1923
 MINIMUM TEMPERATURE (F)   27       -12      1880


SUNRISE AND SUNSET
DECEMBER 30 2016......SUNRISE   659 AM CST   SUNSET   439 PM CST
DECEMBER 31 2016......SUNRISE   659 AM CST   SUNSET   439 PM CST


-  INDICATES NEGATIVE NUMBERS.
R  INDICATES RECORD WAS SET OR TIED.
MM INDICATES DATA IS MISSING.
T  INDICATES TRACE AMOUNT.




$$
