000
CDUS43 KLMK 100633
CLIBWG

CLIMATE REPORT
NATIONAL WEATHER SERVICE LOUISVILLE KY
232 AM EDT TUE MAY 10 2016

...................................

...THE BOWLING GREEN KY CLIMATE SUMMARY FOR MAY 9 2016...

CLIMATE NORMAL PERIOD 1981 TO 2010
CLIMATE RECORD PERIOD 1870 TO 2016


WEATHER ITEM   OBSERVED TIME   RECORD YEAR NORMAL DEPARTURE LAST
                VALUE   (LST)  VALUE       VALUE  FROM      YEAR
                                                  NORMAL
..................................................................
TEMPERATURE (F)
 YESTERDAY
  MAXIMUM         74    134 PM  95    1936  76     -2       87
  MINIMUM         64    551 AM  34    1960  53     11       66
  AVERAGE         69                        64      5       77

PRECIPITATION (IN)
  YESTERDAY        0.01          3.55 1919   0.19  -0.18     0.00
  MONTH TO DATE    0.55                      1.66  -1.11     0.00
  SINCE MAR 1      5.90                     10.41  -4.51    15.35
  SINCE JAN 1     12.48                     17.98  -5.50    21.23

SNOWFALL (IN)
  YESTERDAY        0.0           0.0    MM   0.0    0.0      0.0
  MONTH TO DATE    0.0                       0.0    0.0      0.0
  SINCE MAR 1      T                         1.3   -1.3      7.2
  SINCE JUL 1     24.0                       9.1   14.9     23.5
  SNOW DEPTH       0

DEGREE DAYS
 HEATING
  YESTERDAY        0                         3     -3        0
  MONTH TO DATE   32                        34     -2       16
  SINCE MAR 1    569                       805   -236      728
  SINCE JUL 1   3169                      4003   -834     4263

 COOLING
  YESTERDAY        4                         3      1       12
  MONTH TO DATE   23                        19      4       39
  SINCE MAR 1     67                        55     12       74
  SINCE JAN 1     67                        55     12       74
..................................................................


WIND (MPH)
  HIGHEST WIND SPEED    16   HIGHEST WIND DIRECTION     S (160)
  HIGHEST GUST SPEED    21   HIGHEST GUST DIRECTION     S (160)
  AVERAGE WIND SPEED     7.0


SKY COVER
  POSSIBLE SUNSHINE  MM
  AVERAGE SKY COVER 0.4


WEATHER CONDITIONS
 THE FOLLOWING WEATHER WAS RECORDED YESTERDAY.
  LIGHT RAIN


RELATIVE HUMIDITY (PERCENT)
 HIGHEST    78          1200 AM
 LOWEST     57           400 PM
 AVERAGE    68

..........................................................


THE BOWLING GREEN KY CLIMATE NORMALS FOR TODAY
                         NORMAL    RECORD    YEAR
 MAXIMUM TEMPERATURE (F)   76        96      1936
 MINIMUM TEMPERATURE (F)   53        32      1885


SUNRISE AND SUNSET
MAY 10 2016...........SUNRISE   542 AM CDT   SUNSET   743 PM CDT
MAY 11 2016...........SUNRISE   541 AM CDT   SUNSET   744 PM CDT


-  INDICATES NEGATIVE NUMBERS.
R  INDICATES RECORD WAS SET OR TIED.
MM INDICATES DATA IS MISSING.
T  INDICATES TRACE AMOUNT.

$$
04
