000
CDUS43 KLMK 260627
CLIBWG


CLIMATE REPORT
NATIONAL WEATHER SERVICE LOUISVILLE KY
226 AM EDT FRI JUN 26 2015


...................................

...THE BOWLING GREEN KY CLIMATE SUMMARY FOR JUNE 25 2015...

CLIMATE NORMAL PERIOD 1981 TO 2010
CLIMATE RECORD PERIOD 1870 TO 2015


WEATHER ITEM   OBSERVED TIME   RECORD YEAR NORMAL DEPARTURE LAST
                VALUE   (LST)  VALUE       VALUE  FROM      YEAR
                                                  NORMAL
..................................................................
TEMPERATURE (F)
 YESTERDAY
  MAXIMUM         96    314 PM 104    1914  88      8       88
  MINIMUM         67    429 AM  50    1979  66      1       70
                                      1915
  AVERAGE         82                        77      5       79

PRECIPITATION (IN)
  YESTERDAY        0.00          1.48 1991   0.14  -0.14     0.00
  MONTH TO DATE    1.16                      3.55  -2.39     1.58
  SINCE JUN 1      1.16                      3.55  -2.39     1.58
  SINCE JAN 1     25.35                     25.48  -0.13    22.16

SNOWFALL (IN)
  YESTERDAY        0.0           0.0    MM   0.0    0.0      0.0
  MONTH TO DATE    0.0                       0.0    0.0      0.0
  SINCE JUN 1      0.0                       0.0    0.0      0.0
  SINCE JUL 1     23.5                       9.1   14.4     10.4
  SNOW DEPTH       0

DEGREE DAYS
 HEATING
  YESTERDAY        0                         0      0        0
  MONTH TO DATE    3                         3      0        0
  SINCE JUN 1      3                         3      0        0
  SINCE JUL 1   4288                      4046    242     4533

 COOLING
  YESTERDAY       17                        12      5       14
  MONTH TO DATE  325                       241     84      273
  SINCE JUN 1    325                       241     84      273
  SINCE JAN 1    528                       394    134      470
..................................................................


WIND (MPH)
  HIGHEST WIND SPEED    17   HIGHEST WIND DIRECTION    SW (220)
  HIGHEST GUST SPEED    24   HIGHEST GUST DIRECTION     S (180)
  AVERAGE WIND SPEED     6.5


SKY COVER
  POSSIBLE SUNSHINE  MM
  AVERAGE SKY COVER 0.1


WEATHER CONDITIONS
 THE FOLLOWING WEATHER WAS RECORDED YESTERDAY.
  FOG


RELATIVE HUMIDITY (PERCENT)
 HIGHEST    90           100 AM
 LOWEST     39           300 PM
 AVERAGE    65

..........................................................


THE BOWLING GREEN KY CLIMATE NORMALS FOR TODAY
                         NORMAL    RECORD    YEAR
 MAXIMUM TEMPERATURE (F)   88       105      1914
 MINIMUM TEMPERATURE (F)   67        51      1974


SUNRISE AND SUNSET
JUNE 26 2015..........SUNRISE   528 AM CDT   SUNSET   809 PM CDT
JUNE 27 2015..........SUNRISE   528 AM CDT   SUNSET   809 PM CDT


-  INDICATES NEGATIVE NUMBERS.
R  INDICATES RECORD WAS SET OR TIED.
MM INDICATES DATA IS MISSING.
T  INDICATES TRACE AMOUNT.




$$
