000
CDUS43 KLMK 182026
CLIBWG


CLIMATE REPORT
NATIONAL WEATHER SERVICE LOUISVILLE KY
426 PM EDT TUE AUG 18 2015


...................................

...THE BOWLING GREEN CLIMATE SUMMARY FOR AUGUST 18 2015...
VALID TODAY AS OF 0400 PM LOCAL TIME.

CLIMATE NORMAL PERIOD 1981 TO 2010
CLIMATE RECORD PERIOD 1870 TO 2015


WEATHER ITEM   OBSERVED TIME   RECORD YEAR NORMAL DEPARTURE LAST
                VALUE   (LST)  VALUE       VALUE  FROM      YEAR
                                                  NORMAL
..................................................................
TEMPERATURE (F)
 TODAY
  MAXIMUM         85   1218 PM 105    1936  89     -4       86
  MINIMUM         69    712 AM  54    1976  66      3       72
  AVERAGE         77                        78     -1       79

PRECIPITATION (IN)
  TODAY            0.00          3.23 2010   0.11  -0.11     0.00
  MONTH TO DATE    1.31                      1.83  -0.52     5.41
  SINCE JUN 1     10.59                     10.13   0.46     9.66
  SINCE JAN 1     34.78                     32.06   2.72    30.24

SNOWFALL (IN)
  TODAY            0.0           0.0    MM   0.0    0.0      0.0
  MONTH TO DATE    0.0                       0.0    0.0      0.0
  SINCE JUN 1      0.0                       0.0    0.0      0.0
  SINCE JUL 1      0.0                       0.0    0.0      0.0
  SNOW DEPTH       0

DEGREE DAYS
 HEATING
  TODAY            0                         0      0        0
  MONTH TO DATE    0                         0      0        0
  SINCE JUN 1      3                         5     -2        0
  SINCE JUL 1      0                         0      0        0

 COOLING
  TODAY           12                        13     -1       14
  MONTH TO DATE  214                       235    -21      209
  SINCE JUN 1   1075                       963    112      875
  SINCE JAN 1   1278                      1116    162     1072
..................................................................


WIND (MPH)
  HIGHEST WIND SPEED     6   HIGHEST WIND DIRECTION     E (110)
  HIGHEST GUST SPEED    32   HIGHEST GUST DIRECTION    NE (40)
  AVERAGE WIND SPEED     2.7


SKY COVER
  POSSIBLE SUNSHINE   0 PERCENT
  AVERAGE SKY COVER 0.0


WEATHER CONDITIONS
 THE FOLLOWING WEATHER WAS RECORDED TODAY.
  NO SIGNIFICANT WEATHER WAS OBSERVED.


RELATIVE HUMIDITY (PERCENT)
 HIGHEST     0          1200 AM
 LOWEST      0          1200 AM
 AVERAGE     0

..........................................................


THE BOWLING GREEN CLIMATE NORMALS FOR TOMORROW
                         NORMAL    RECORD    YEAR
 MAXIMUM TEMPERATURE (F)   89       105      1936
 MINIMUM TEMPERATURE (F)   66        50      1943


SUNRISE AND SUNSET
AUGUST 18 2015........SUNRISE   605 AM CDT   SUNSET   734 PM CDT
AUGUST 19 2015........SUNRISE   606 AM CDT   SUNSET   732 PM CDT


-  INDICATES NEGATIVE NUMBERS.
R  INDICATES RECORD WAS SET OR TIED.
MM INDICATES DATA IS MISSING.
T  INDICATES TRACE AMOUNT.




$$
