000
CDUS43 KLMK 102027 RRD
CLIBWG

CLIMATE REPORT
NATIONAL WEATHER SERVICE LOUISVILLE KY
426 PM EDT MON APR 10 2017


...................................

...THE BOWLING GREEN CLIMATE SUMMARY FOR APRIL 10 2017...
VALID TODAY AS OF 0400 PM LOCAL TIME.

CLIMATE NORMAL PERIOD 1981 TO 2010
CLIMATE RECORD PERIOD 1870 TO 2017


WEATHER ITEM   OBSERVED TIME   RECORD YEAR NORMAL DEPARTURE LAST
                VALUE   (LST)  VALUE       VALUE  FROM      YEAR
                                                  NORMAL
..................................................................
TEMPERATURE (F)
 TODAY
  MAXIMUM         79    222 PM  90    1995  68     11       68
  MINIMUM         60    722 AM  24    1966  44     16       34
                                      1892
  AVERAGE         70                        56     14       51

PRECIPITATION (IN)
  TODAY            0.00          1.45 1925   0.14  -0.14      T
  MONTH TO DATE    0.89                      1.34  -0.45     0.09
  SINCE MAR 1      4.68                      5.75  -1.07     3.91
  SINCE JAN 1     11.26                     13.32  -2.06    10.49

SNOWFALL (IN)
  TODAY            0.0           0.0    MM   0.0    0.0      0.0
  MONTH TO DATE    0.0                       0.1   -0.1      0.0
  SINCE MAR 1      T                         1.2   -1.2       T
  SINCE JUL 1      0.7                       9.0   -8.3     24.0
  SNOW DEPTH       0

DEGREE DAYS
 HEATING
  TODAY            0                        10    -10       14
  MONTH TO DATE   72                       110    -38      142
  SINCE MAR 1    511                       630   -119      491
  SINCE JUL 1   2892                      3828   -936     3091

 COOLING
  TODAY            5                         1      4        0
  MONTH TO DATE   11                         9      2        0
  SINCE MAR 1     17                        14      3        1
  SINCE JAN 1     21                        14      7        1
..................................................................


WIND (MPH)
  HIGHEST WIND SPEED    18   HIGHEST WIND DIRECTION     S (180)
  HIGHEST GUST SPEED    31   HIGHEST GUST DIRECTION     S (200)
  AVERAGE WIND SPEED    12.5


SKY COVER
  POSSIBLE SUNSHINE  MM
  AVERAGE SKY COVER 0.0


WEATHER CONDITIONS
 THE FOLLOWING WEATHER WAS RECORDED TODAY.
  NO SIGNIFICANT WEATHER WAS OBSERVED.


RELATIVE HUMIDITY (PERCENT)
 HIGHEST    51           600 AM
 LOWEST     27          1100 AM
 AVERAGE    39

..........................................................


THE BOWLING GREEN CLIMATE NORMALS FOR TOMORROW
                         NORMAL    RECORD    YEAR
 MAXIMUM TEMPERATURE (F)   69        92      1930
 MINIMUM TEMPERATURE (F)   44        24      1989
                                             1973


SUNRISE AND SUNSET
APRIL 10 2017.........SUNRISE   618 AM CDT   SUNSET   716 PM CDT
APRIL 11 2017.........SUNRISE   617 AM CDT   SUNSET   717 PM CDT


-  INDICATES NEGATIVE NUMBERS.
R  INDICATES RECORD WAS SET OR TIED.
MM INDICATES DATA IS MISSING.
T  INDICATES TRACE AMOUNT.




$$
