000
CDUS43 KLMK 172130
CLIBWG


CLIMATE REPORT
NATIONAL WEATHER SERVICE LOUISVILLE KY
430 PM EST TUE JAN 17 2017


...................................

...THE BOWLING GREEN CLIMATE SUMMARY FOR JANUARY 17 2017...
VALID TODAY AS OF 0400 PM LOCAL TIME.

CLIMATE NORMAL PERIOD 1981 TO 2010
CLIMATE RECORD PERIOD 1870 TO 2017


WEATHER ITEM   OBSERVED TIME   RECORD YEAR NORMAL DEPARTURE LAST
                VALUE   (LST)  VALUE       VALUE  FROM      YEAR
                                                  NORMAL
..................................................................
TEMPERATURE (F)
 TODAY
  MAXIMUM         65    942 AM  72    1894  45     20       40
  MINIMUM         59    126 AM -15    1982  26     33       14
  AVERAGE         62                        35     27       27

PRECIPITATION (IN)
  TODAY            0.63          1.37 2006   0.11   0.52      T
  MONTH TO DATE    3.14                      1.94   1.20     0.57
  SINCE DEC 1      8.78                      6.74   2.04     5.80
  SINCE JAN 1      3.14                      1.94   1.20     0.57

SNOWFALL (IN)
  TODAY            0.0           5.0  1994   0.1   -0.1       T
  MONTH TO DATE    0.7                       1.6   -0.9      0.1
  SINCE DEC 1      0.7                       2.8   -2.1      0.1
  SINCE JUL 1      0.7                       2.8   -2.1      0.1
  SNOW DEPTH       0

DEGREE DAYS
 HEATING
  TODAY            3                        30    -27       38
  MONTH TO DATE  385                       505   -120      485
  SINCE DEC 1   1180                      1326   -146      926
  SINCE JUL 1   1666                      2089   -423     1464

 COOLING
  TODAY            0                         0      0        0
  MONTH TO DATE    0                         0      0        0
  SINCE DEC 1      0                         1     -1        2
  SINCE JAN 1      0                         0      0        0
..................................................................


WIND (MPH)
  HIGHEST WIND SPEED    22   HIGHEST WIND DIRECTION    SW (240)
  HIGHEST GUST SPEED    33   HIGHEST GUST DIRECTION    SW (230)
  AVERAGE WIND SPEED    13.4


SKY COVER
  POSSIBLE SUNSHINE  MM
  AVERAGE SKY COVER 0.8


WEATHER CONDITIONS
 THE FOLLOWING WEATHER WAS RECORDED TODAY.
  HEAVY RAIN
  RAIN
  LIGHT RAIN
  FOG


RELATIVE HUMIDITY (PERCENT)
 HIGHEST    97           500 AM
 LOWEST     60           200 PM
 AVERAGE    79

..........................................................


THE BOWLING GREEN CLIMATE NORMALS FOR TOMORROW
                         NORMAL    RECORD    YEAR
 MAXIMUM TEMPERATURE (F)   45        74      1929
 MINIMUM TEMPERATURE (F)   26       -11      1948


SUNRISE AND SUNSET
JANUARY 17 2017.......SUNRISE   657 AM CST   SUNSET   455 PM CST
JANUARY 18 2017.......SUNRISE   657 AM CST   SUNSET   456 PM CST


-  INDICATES NEGATIVE NUMBERS.
R  INDICATES RECORD WAS SET OR TIED.
MM INDICATES DATA IS MISSING.
T  INDICATES TRACE AMOUNT.




$$
