000
CDUS43 KLMK 092128
CLIBWG


CLIMATE REPORT
NATIONAL WEATHER SERVICE LOUISVILLE KY
428 PM EST THU MAR 9 2017


...................................

...THE BOWLING GREEN CLIMATE SUMMARY FOR MARCH 9 2017...
VALID TODAY AS OF 0400 PM LOCAL TIME.

CLIMATE NORMAL PERIOD 1981 TO 2010
CLIMATE RECORD PERIOD 1870 TO 2017


WEATHER ITEM   OBSERVED TIME   RECORD YEAR NORMAL DEPARTURE LAST
                VALUE   (LST)  VALUE       VALUE  FROM      YEAR
                                                  NORMAL
..................................................................
TEMPERATURE (F)
 TODAY
  MAXIMUM         74    200 PM  81    1925  57     17       77
                                      1918
  MINIMUM         34    713 AM  10    1932  35     -1       53
  AVERAGE         54                        46      8       65

PRECIPITATION (IN)
  TODAY            0.00          2.21 1994   0.13  -0.13     0.01
  MONTH TO DATE    1.32                      1.22   0.10     0.59
  SINCE MAR 1      1.32                      1.22   0.10     0.59
  SINCE JAN 1      7.90                      8.79  -0.89     7.17

SNOWFALL (IN)
  TODAY            0.0          18.0  1960   0.0    0.0      0.0
  MONTH TO DATE    0.0                       0.3   -0.3      0.0
  SINCE MAR 1      0.0                       0.3   -0.3      0.0
  SINCE JUL 1      0.7                       8.1   -7.4     24.0
  SNOW DEPTH       0

DEGREE DAYS
 HEATING
  TODAY           11                        19     -8        0
  MONTH TO DATE  125                       181    -56      147
  SINCE MAR 1    125                       181    -56      147
  SINCE JUL 1   2506                      3379   -873     2747

 COOLING
  TODAY            0                         0      0        0
  MONTH TO DATE    0                         0      0        0
  SINCE MAR 1      0                         0      0        0
  SINCE JAN 1      4                         0      4        0
..................................................................


WIND (MPH)
  HIGHEST WIND SPEED    17   HIGHEST WIND DIRECTION    SW (220)
  HIGHEST GUST SPEED    35   HIGHEST GUST DIRECTION    SW (210)
  AVERAGE WIND SPEED     6.2


SKY COVER
  POSSIBLE SUNSHINE  MM
  AVERAGE SKY COVER 0.0


WEATHER CONDITIONS
 THE FOLLOWING WEATHER WAS RECORDED TODAY.
  NO SIGNIFICANT WEATHER WAS OBSERVED.


RELATIVE HUMIDITY (PERCENT)
 HIGHEST    89           500 AM
 LOWEST     23           300 PM
 AVERAGE    56

..........................................................


THE BOWLING GREEN CLIMATE NORMALS FOR TOMORROW
                         NORMAL    RECORD    YEAR
 MAXIMUM TEMPERATURE (F)   58        82      1990
 MINIMUM TEMPERATURE (F)   35        12      1877


SUNRISE AND SUNSET
MARCH  9 2017.........SUNRISE   605 AM CST   SUNSET   548 PM CST
MARCH 10 2017.........SUNRISE   604 AM CST   SUNSET   549 PM CST


-  INDICATES NEGATIVE NUMBERS.
R  INDICATES RECORD WAS SET OR TIED.
MM INDICATES DATA IS MISSING.
T  INDICATES TRACE AMOUNT.




$$
