000
CDUS43 KLMK 210628
CLIBWG


CLIMATE REPORT
NATIONAL WEATHER SERVICE LOUISVILLE KY
128 AM EST WED JAN 21 2015


...................................

...THE BOWLING GREEN KY CLIMATE SUMMARY FOR JANUARY 20 2015...

CLIMATE NORMAL PERIOD 1981 TO 2010
CLIMATE RECORD PERIOD 1870 TO 2015


WEATHER ITEM   OBSERVED TIME   RECORD YEAR NORMAL DEPARTURE LAST
                VALUE   (LST)  VALUE       VALUE  FROM      YEAR
                                                  NORMAL
..................................................................
TEMPERATURE (F)
 YESTERDAY
  MAXIMUM         59    140 PM  72    1906  45     14       56
  MINIMUM         28    636 AM -14    1985  26      2       35
  AVERAGE         44                        36      8       46

PRECIPITATION (IN)
  YESTERDAY        0.02          2.35 1927   0.12  -0.10     0.00
  MONTH TO DATE    1.27                      2.29  -1.02     1.66
  SINCE DEC 1      2.96                      7.09  -4.13     6.67
  SINCE JAN 1      1.27                      2.29  -1.02     1.66

SNOWFALL (IN)
  YESTERDAY        0.0           3.0  1977   0.1   -0.1      0.0
                                      1918
  MONTH TO DATE    0.6                       1.9   -1.3      1.0
  SINCE DEC 1      0.6                       3.1   -2.5      1.1
  SINCE JUL 1      0.9                       3.1   -2.2      2.2
  SNOW DEPTH       0

DEGREE DAYS
 HEATING
  YESTERDAY       21                        29     -8       19
  MONTH TO DATE  631                       593     38      639
  SINCE DEC 1   1347                      1414    -67     1446
  SINCE JUL 1   2244                      2177     67     2326

 COOLING
  YESTERDAY        0                         0      0        0
  MONTH TO DATE    0                         0      0        0
  SINCE DEC 1      0                         1     -1        2
  SINCE JAN 1      0                         0      0        0
..................................................................


WIND (MPH)
  HIGHEST WIND SPEED    12   HIGHEST WIND DIRECTION    NW (320)
  HIGHEST GUST SPEED    18   HIGHEST GUST DIRECTION    NW (310)
  AVERAGE WIND SPEED     3.2


SKY COVER
  POSSIBLE SUNSHINE  MM
  AVERAGE SKY COVER 0.1


WEATHER CONDITIONS
 THE FOLLOWING WEATHER WAS RECORDED YESTERDAY.
  LIGHT RAIN


RELATIVE HUMIDITY (PERCENT)
 HIGHEST    85           400 AM
 LOWEST     36           200 PM
 AVERAGE    61

..........................................................


THE BOWLING GREEN KY CLIMATE NORMALS FOR TODAY
                         NORMAL    RECORD    YEAR
 MAXIMUM TEMPERATURE (F)   45        71      1999
                                             1916
 MINIMUM TEMPERATURE (F)   26       -12      1985


SUNRISE AND SUNSET
JANUARY 21 2015.......SUNRISE   656 AM CST   SUNSET   459 PM CST
JANUARY 22 2015.......SUNRISE   655 AM CST   SUNSET   500 PM CST


-  INDICATES NEGATIVE NUMBERS.
R  INDICATES RECORD WAS SET OR TIED.
MM INDICATES DATA IS MISSING.
T  INDICATES TRACE AMOUNT.




$$
