000
CDUS43 KLMK 290630
CLIBWG


CLIMATE REPORT
NATIONAL WEATHER SERVICE LOUISVILLE KY
129 AM EST WED NOV 29 2017


...................................

...THE BOWLING GREEN KY CLIMATE SUMMARY FOR NOVEMBER 28 2017...

CLIMATE NORMAL PERIOD 1981 TO 2010
CLIMATE RECORD PERIOD 1870 TO 2017


WEATHER ITEM   OBSERVED TIME   RECORD YEAR NORMAL DEPARTURE LAST
                VALUE   (LST)  VALUE       VALUE  FROM      YEAR
                                                  NORMAL
..................................................................
TEMPERATURE (F)
 YESTERDAY
  MAXIMUM         66    244 PM  76    1927  54     12       59
                                      1909
  MINIMUM         31    642 AM   0    1887  34     -3       41
  AVERAGE         49                        44      5       50

PRECIPITATION (IN)
  YESTERDAY        0.00          1.63 1905   0.16  -0.16     1.05
  MONTH TO DATE    1.91                      3.90  -1.99     1.51
  SINCE SEP 1     11.85                     11.21   0.64     3.64
  SINCE JAN 1     48.93                     44.77   4.16    41.56

SNOWFALL (IN)
  YESTERDAY        0.0           1.0  1976   0.0    0.0      0.0
  MONTH TO DATE    0.0                       0.1   -0.1      0.0
  SINCE SEP 1      T                         0.1   -0.1      0.0
  SINCE JUL 1      T                         0.1   -0.1      0.0
  SNOW DEPTH       0

DEGREE DAYS
 HEATING
  YESTERDAY       16                        21     -5       15
  MONTH TO DATE  449                       456     -7      378
  SINCE SEP 1    669                       718    -49      464
  SINCE JUL 1    669                       719    -50      464

 COOLING
  YESTERDAY        0                         0      0        0
  MONTH TO DATE   12                         0     12       15
  SINCE SEP 1    248                       219     29      420
  SINCE JAN 1   1600                      1488    112     1979
..................................................................


WIND (MPH)
  HIGHEST WIND SPEED    18   HIGHEST WIND DIRECTION    SW (210)
  HIGHEST GUST SPEED    23   HIGHEST GUST DIRECTION    SW (210)
  AVERAGE WIND SPEED     4.8


SKY COVER
  POSSIBLE SUNSHINE  MM
  AVERAGE SKY COVER 0.0


WEATHER CONDITIONS
 THE FOLLOWING WEATHER WAS RECORDED YESTERDAY.
  NO SIGNIFICANT WEATHER WAS OBSERVED.


RELATIVE HUMIDITY (PERCENT)
 HIGHEST   100           200 AM
 LOWEST     28           300 PM
 AVERAGE    64

..........................................................


THE BOWLING GREEN KY CLIMATE NORMALS FOR TODAY
                         NORMAL    RECORD    YEAR
 MAXIMUM TEMPERATURE (F)   53        77      1927
 MINIMUM TEMPERATURE (F)   33         9      1887


SUNRISE AND SUNSET
NOVEMBER 29 2017......SUNRISE   639 AM CST   SUNSET   430 PM CST
NOVEMBER 30 2017......SUNRISE   639 AM CST   SUNSET   429 PM CST


-  INDICATES NEGATIVE NUMBERS.
R  INDICATES RECORD WAS SET OR TIED.
MM INDICATES DATA IS MISSING.
T  INDICATES TRACE AMOUNT.

$$

SCHOETTMER
