000
CDUS43 KLMK 160630
CLIBWG


CLIMATE REPORT
NATIONAL WEATHER SERVICE LOUISVILLE KY
230 AM EDT TUE MAY 16 2017


...................................

...THE BOWLING GREEN KY CLIMATE SUMMARY FOR MAY 15 2017...

CLIMATE NORMAL PERIOD 1981 TO 2010
CLIMATE RECORD PERIOD 1870 TO 2017


WEATHER ITEM   OBSERVED TIME   RECORD YEAR NORMAL DEPARTURE LAST
                VALUE   (LST)  VALUE       VALUE  FROM      YEAR
                                                  NORMAL
..................................................................
TEMPERATURE (F)
 YESTERDAY
  MAXIMUM         85    358 PM  92    1962  77      8       66
                                      1900
  MINIMUM         56    520 AM  36    1904  55      1       41
  AVERAGE         71                        66      5       54

PRECIPITATION (IN)
  YESTERDAY        0.00          3.04 1983   0.19  -0.19     0.00
  MONTH TO DATE    1.75                      2.81  -1.06     2.30
  SINCE MAR 1     10.12                     11.56  -1.44     7.65
  SINCE JAN 1     16.70                     19.13  -2.43    14.23

SNOWFALL (IN)
  YESTERDAY        0.0           0.0    MM   0.0    0.0      0.0
  MONTH TO DATE    0.0                       0.0    0.0      0.0
  SINCE MAR 1      T                         1.3   -1.3       T
  SINCE JUL 1      0.7                       9.1   -8.4     24.0
  SNOW DEPTH       0

DEGREE DAYS
 HEATING
  YESTERDAY        0                         2     -2       11
  MONTH TO DATE   56                        51      5       55
  SINCE MAR 1    604                       822   -218      592
  SINCE JUL 1   2985                      4020  -1035     3192

 COOLING
  YESTERDAY        6                         3      3        0
  MONTH TO DATE   34                        37     -3       48
  SINCE MAR 1    124                        73     51       92
  SINCE JAN 1    128                        73     55       92
..................................................................


WIND (MPH)
  HIGHEST WIND SPEED    10   HIGHEST WIND DIRECTION     S (180)
  HIGHEST GUST SPEED    14   HIGHEST GUST DIRECTION     S (180)
  AVERAGE WIND SPEED     2.1


SKY COVER
  POSSIBLE SUNSHINE  MM
  AVERAGE SKY COVER 0.0


WEATHER CONDITIONS
 THE FOLLOWING WEATHER WAS RECORDED YESTERDAY.
  FOG


RELATIVE HUMIDITY (PERCENT)
 HIGHEST   100           200 AM
 LOWEST     40           200 PM
 AVERAGE    70

..........................................................


THE BOWLING GREEN KY CLIMATE NORMALS FOR TODAY
                         NORMAL    RECORD    YEAR
 MAXIMUM TEMPERATURE (F)   78        93      1911
 MINIMUM TEMPERATURE (F)   55        33      1997


SUNRISE AND SUNSET
MAY 16 2017...........SUNRISE   537 AM CDT   SUNSET   748 PM CDT
MAY 17 2017...........SUNRISE   536 AM CDT   SUNSET   749 PM CDT


-  INDICATES NEGATIVE NUMBERS.
R  INDICATES RECORD WAS SET OR TIED.
MM INDICATES DATA IS MISSING.
T  INDICATES TRACE AMOUNT.




$$
