000
CDUS43 KLMK 240627
CLIBWG


CLIMATE REPORT
NATIONAL WEATHER SERVICE LOUISVILLE KY
227 AM EDT FRI OCT 24 2014


...................................

...THE BOWLING GREEN KY CLIMATE SUMMARY FOR OCTOBER 23 2014...

CLIMATE NORMAL PERIOD 1981 TO 2010
CLIMATE RECORD PERIOD 1870 TO 2014


WEATHER ITEM   OBSERVED TIME   RECORD YEAR NORMAL DEPARTURE LAST
                VALUE   (LST)  VALUE       VALUE  FROM      YEAR
                                                  NORMAL
..................................................................
TEMPERATURE (F)
 YESTERDAY
  MAXIMUM         64    101 PM  88    1927  69     -5       51
  MINIMUM         35    443 AM  26    1952  44     -9       35
  AVERAGE         50                        56     -6       43

PRECIPITATION (IN)
  YESTERDAY        0.00          3.23 2007   0.11  -0.11     0.00
  MONTH TO DATE    4.98                      2.48   2.50     2.80
  SINCE SEP 1      5.35                      6.41  -1.06     7.89
  SINCE JAN 1     41.51                     39.97   1.54    50.59

SNOWFALL (IN)
  YESTERDAY        0.0           0.0    MM   0.0    0.0      0.0
  MONTH TO DATE    0.0                       0.0    0.0      0.0
  SINCE SEP 1      0.0                       0.0    0.0      0.0
  SINCE JUL 1      0.0                       0.0    0.0      0.0
  SNOW DEPTH       0

DEGREE DAYS
 HEATING
  YESTERDAY       15                         9      6       22
  MONTH TO DATE  129                       145    -16      136
  SINCE SEP 1    153                       180    -27      148
  SINCE JUL 1    153                       181    -28      148

 COOLING
  YESTERDAY        0                         1     -1        0
  MONTH TO DATE   29                        32     -3       43
  SINCE SEP 1    208                       218    -10      235
  SINCE JAN 1   1485                      1487     -2     1495
..................................................................


WIND (MPH)
  HIGHEST WIND SPEED    13   HIGHEST WIND DIRECTION     E (80)
  HIGHEST GUST SPEED    15   HIGHEST GUST DIRECTION     E (70)
  AVERAGE WIND SPEED     1.5


SKY COVER
  POSSIBLE SUNSHINE  MM
  AVERAGE SKY COVER 0.0


WEATHER CONDITIONS
 THE FOLLOWING WEATHER WAS RECORDED YESTERDAY.
  FOG
  FOG W/VISIBILITY <= 1/4 MILE


RELATIVE HUMIDITY (PERCENT)
 HIGHEST    93          1100 PM
 LOWEST     43           200 PM
 AVERAGE    68

..........................................................


THE BOWLING GREEN KY CLIMATE NORMALS FOR TODAY
                         NORMAL    RECORD    YEAR
 MAXIMUM TEMPERATURE (F)   69        87      1921
 MINIMUM TEMPERATURE (F)   44        24      1981


SUNRISE AND SUNSET
OCTOBER 24 2014.......SUNRISE   702 AM CDT   SUNSET   557 PM CDT
OCTOBER 25 2014.......SUNRISE   703 AM CDT   SUNSET   556 PM CDT


-  INDICATES NEGATIVE NUMBERS.
R  INDICATES RECORD WAS SET OR TIED.
MM INDICATES DATA IS MISSING.
T  INDICATES TRACE AMOUNT.




$$
