000
CDUS43 KLMK 012135
CLIBWG


CLIMATE REPORT
NATIONAL WEATHER SERVICE LOUISVILLE KY
433 PM EST SUN MAR 1 2015


...................................

...THE BOWLING GREEN CLIMATE SUMMARY FOR MARCH 1 2015...
VALID TODAY AS OF 0400 PM LOCAL TIME.

CLIMATE NORMAL PERIOD 1981 TO 2010
CLIMATE RECORD PERIOD 1870 TO 2015


WEATHER ITEM   OBSERVED TIME   RECORD YEAR NORMAL DEPARTURE LAST
                VALUE   (LST)  VALUE       VALUE  FROM      YEAR
                                                  NORMAL
..................................................................
TEMPERATURE (F)
 TODAY
  MAXIMUM         49    300 PM  76    2006  54     -5       58
                                      1976
  MINIMUM         35   1242 AM  11    1920  33      2       41
  AVERAGE         42                        44     -2       50

PRECIPITATION (IN)
  TODAY            0.09          5.08 1997   0.14  -0.05     0.00
  MONTH TO DATE    0.09                      0.14  -0.05     0.00
  SINCE MAR 1      0.09                      0.14  -0.05     0.00
  SINCE JAN 1      5.97                      7.71  -1.74     7.17

SNOWFALL (IN)
  TODAY            0.0           5.0  1980   0.0    0.0      0.0
  MONTH TO DATE    0.0                       0.0    0.0      0.0
  SINCE MAR 1      0.0                       0.0    0.0      0.0
  SINCE JUL 1     16.3                       7.8    8.5      5.3
  SNOW DEPTH       0

DEGREE DAYS
 HEATING
  TODAY           23                        21      2       15
  MONTH TO DATE   23                        21      2       15
  SINCE MAR 1     23                        21      2       15
  SINCE JUL 1   3558                      3219    339     3624

 COOLING
  TODAY            0                         0      0        0
  MONTH TO DATE    0                         0      0        0
  SINCE MAR 1      0                         0      0        0
  SINCE JAN 1      0                         0      0        0
..................................................................


WIND (MPH)
  HIGHEST WIND SPEED    12   HIGHEST WIND DIRECTION    SW (210)
  HIGHEST GUST SPEED    15   HIGHEST GUST DIRECTION     S (200)
  AVERAGE WIND SPEED     3.3


SKY COVER
  POSSIBLE SUNSHINE  MM
  AVERAGE SKY COVER 1.0


WEATHER CONDITIONS
 THE FOLLOWING WEATHER WAS RECORDED TODAY.
  RAIN
  LIGHT RAIN
  FOG
  HAZE


RELATIVE HUMIDITY (PERCENT)
 HIGHEST    86          1100 AM
 LOWEST     56          1200 AM
 AVERAGE    71

..........................................................


THE BOWLING GREEN CLIMATE NORMALS FOR TOMORROW
                         NORMAL    RECORD    YEAR
 MAXIMUM TEMPERATURE (F)   55        82      2012
 MINIMUM TEMPERATURE (F)   33         6      1980


SUNRISE AND SUNSET
MARCH  1 2015.........SUNRISE   617 AM CST   SUNSET   540 PM CST
MARCH  2 2015.........SUNRISE   616 AM CST   SUNSET   541 PM CST


-  INDICATES NEGATIVE NUMBERS.
R  INDICATES RECORD WAS SET OR TIED.
MM INDICATES DATA IS MISSING.
T  INDICATES TRACE AMOUNT.




$$
