000
CDUS43 KLMK 300630
CLIBWG


CLIMATE REPORT
NATIONAL WEATHER SERVICE LOUISVILLE KY
229 AM EDT MON MAR 30 2015


...................................

...THE BOWLING GREEN KY CLIMATE SUMMARY FOR MARCH 29 2015...

CLIMATE NORMAL PERIOD 1981 TO 2010
CLIMATE RECORD PERIOD 1870 TO 2015


WEATHER ITEM   OBSERVED TIME   RECORD YEAR NORMAL DEPARTURE LAST
                VALUE   (LST)  VALUE       VALUE  FROM      YEAR
                                                  NORMAL
..................................................................
TEMPERATURE (F)
 YESTERDAY
  MAXIMUM         63    334 PM  89    1910  64     -1       58
  MINIMUM         23    549 AM  15    1887  40    -17       41
  AVERAGE         43                        52     -9       50

PRECIPITATION (IN)
  YESTERDAY        0.05          4.03 1976   0.16  -0.11     0.47
  MONTH TO DATE    6.27                      4.11   2.16     3.73
  SINCE MAR 1      6.27                      4.11   2.16     3.73
  SINCE JAN 1     12.15                     11.68   0.47    10.90

SNOWFALL (IN)
  YESTERDAY        0.0           2.0  1894   0.0    0.0      0.0
  MONTH TO DATE    7.2                       1.0    6.2      5.1
  SINCE MAR 1      7.2                       1.0    6.2      5.1
  SINCE JUL 1     23.5                       8.8   14.7     10.4
  SNOW DEPTH       0

DEGREE DAYS
 HEATING
  YESTERDAY       22                        13      9       15
  MONTH TO DATE  522                       495     27      621
  SINCE MAR 1    522                       495     27      621
  SINCE JUL 1   4057                      3693    364     4230

 COOLING
  YESTERDAY        0                         0      0        0
  MONTH TO DATE    0                         0      0        0
  SINCE MAR 1      0                         0      0        0
  SINCE JAN 1      0                         0      0        0
..................................................................


WIND (MPH)
  HIGHEST WIND SPEED    24   HIGHEST WIND DIRECTION     S (190)
  HIGHEST GUST SPEED    32   HIGHEST GUST DIRECTION     S (180)
  AVERAGE WIND SPEED     8.8


SKY COVER
  POSSIBLE SUNSHINE  MM
  AVERAGE SKY COVER 0.1


WEATHER CONDITIONS
 THE FOLLOWING WEATHER WAS RECORDED YESTERDAY.
  LIGHT RAIN


RELATIVE HUMIDITY (PERCENT)
 HIGHEST    88           500 AM
 LOWEST     17           100 PM
 AVERAGE    53

..........................................................


THE BOWLING GREEN KY CLIMATE NORMALS FOR TODAY
                         NORMAL    RECORD    YEAR
 MAXIMUM TEMPERATURE (F)   65        87      1910
 MINIMUM TEMPERATURE (F)   41        22      1964


SUNRISE AND SUNSET
MARCH 30 2015.........SUNRISE   635 AM CDT   SUNSET   706 PM CDT
MARCH 31 2015.........SUNRISE   633 AM CDT   SUNSET   707 PM CDT


-  INDICATES NEGATIVE NUMBERS.
R  INDICATES RECORD WAS SET OR TIED.
MM INDICATES DATA IS MISSING.
T  INDICATES TRACE AMOUNT.

$$

SCHOETTMER
