000
CDUS43 KLMK 032036
CLIBWG


CLIMATE REPORT
NATIONAL WEATHER SERVICE LOUISVILLE KY
435 PM EDT THU APR 3 2014


...................................

...THE BOWLING GREEN CLIMATE SUMMARY FOR APRIL 3 2014...
VALID TODAY AS OF 0400 PM LOCAL TIME.

CLIMATE NORMAL PERIOD 1981 TO 2010
CLIMATE RECORD PERIOD 1870 TO 2014


WEATHER ITEM   OBSERVED TIME   RECORD YEAR NORMAL DEPARTURE LAST
                VALUE   (LST)  VALUE       VALUE  FROM      YEAR
                                                  NORMAL
..................................................................
TEMPERATURE (F)
 TODAY
  MAXIMUM         75   1125 AM  85    1934  66      9       55
                                      1940
  MINIMUM         61    336 AM  25    1992  42     19       31
  AVERAGE         68                        54     14       43

PRECIPITATION (IN)
  TODAY            0.63          1.80 2008   0.13   0.50     0.00
  MONTH TO DATE    1.31                      0.40   0.91     0.00
  SINCE MAR 1      5.04                      4.81   0.23     5.21
  SINCE JAN 1     12.21                     12.38  -0.17    12.90

SNOWFALL (IN)
  TODAY            0.0           0.3  1936   0.0    0.0      0.0
  MONTH TO DATE    0.0                       0.0    0.0      0.0
  SINCE MAR 1      5.1                       1.1    4.0      2.5
  SINCE JUL 1     10.4                       8.9    1.5      3.8
  SNOW DEPTH       0

DEGREE DAYS
 HEATING
  TODAY            0                        12    -12       22
  MONTH TO DATE    0                        36    -36       61
  SINCE MAR 1    653                       556     97      738
  SINCE JUL 1   4262                      3754    508     3633

 COOLING
  TODAY            3                         1      2        0
  MONTH TO DATE    3                         2      1        0
  SINCE MAR 1      3                         7     -4        0
  SINCE JAN 1      3                         7     -4        0
..................................................................


WIND (MPH)
  HIGHEST WIND SPEED    25   HIGHEST WIND DIRECTION     S (200)
  HIGHEST GUST SPEED    33   HIGHEST GUST DIRECTION    SW (210)
  AVERAGE WIND SPEED    16.1


SKY COVER
  POSSIBLE SUNSHINE  MM
  AVERAGE SKY COVER 0.8


WEATHER CONDITIONS
 THE FOLLOWING WEATHER WAS RECORDED TODAY.
  THUNDERSTORM
  HEAVY RAIN
  RAIN
  LIGHT RAIN
  FOG


RELATIVE HUMIDITY (PERCENT)
 HIGHEST    90          1200 AM
 LOWEST     64          1100 AM
 AVERAGE    77

..........................................................


THE BOWLING GREEN CLIMATE NORMALS FOR TOMORROW
                         NORMAL    RECORD    YEAR
 MAXIMUM TEMPERATURE (F)   66        86      1909
                                             1934
 MINIMUM TEMPERATURE (F)   42        26      1904


SUNRISE AND SUNSET
APRIL  3 2014.........SUNRISE   629 AM CDT   SUNSET   710 PM CDT
APRIL  4 2014.........SUNRISE   627 AM CDT   SUNSET   711 PM CDT


-  INDICATES NEGATIVE NUMBERS.
R  INDICATES RECORD WAS SET OR TIED.
MM INDICATES DATA IS MISSING.
T  INDICATES TRACE AMOUNT.




$$
