000
CDUS43 KLMK 092135
CLIBWG


CLIMATE REPORT
NATIONAL WEATHER SERVICE LOUISVILLE KY
435 PM EST THU FEB 9 2017


...................................

...THE BOWLING GREEN CLIMATE SUMMARY FOR FEBRUARY 9 2017...
VALID TODAY AS OF 0400 PM LOCAL TIME.

CLIMATE NORMAL PERIOD 1981 TO 2010
CLIMATE RECORD PERIOD 1870 TO 2017


WEATHER ITEM   OBSERVED TIME   RECORD YEAR NORMAL DEPARTURE LAST
                VALUE   (LST)  VALUE       VALUE  FROM      YEAR
                                                  NORMAL
..................................................................
TEMPERATURE (F)
 TODAY
  MAXIMUM         35    311 PM  74    1894  48    -13       27
  MINIMUM         29   1037 AM -11    1899  28      1       20
  AVERAGE         32                        38     -6       24

PRECIPITATION (IN)
  TODAY            0.00          2.03 1990   0.14  -0.14      T
  MONTH TO DATE    1.68                      1.31   0.37     1.82
  SINCE DEC 1     11.48                      9.72   1.76     8.86
  SINCE JAN 1      5.84                      4.92   0.92     3.63

SNOWFALL (IN)
  TODAY            0.0           4.5  1896   0.1   -0.1      0.3
  MONTH TO DATE    0.0                       1.3   -1.3      1.6
  SINCE DEC 1      0.7                       5.8   -5.1     16.4
  SINCE JUL 1      0.7                       5.8   -5.1     16.4
  SNOW DEPTH       0

DEGREE DAYS
 HEATING
  TODAY           33                        27      6       41
  MONTH TO DATE  207                       247    -40      219
  SINCE DEC 1   1642                      1976   -334     1604
  SINCE JUL 1   2128                      2739   -611     2142

 COOLING
  TODAY            0                         0      0        0
  MONTH TO DATE    0                         0      0        0
  SINCE DEC 1      0                         1     -1        2
  SINCE JAN 1      0                         0      0        0
..................................................................


WIND (MPH)
  HIGHEST WIND SPEED    17   HIGHEST WIND DIRECTION    NW (310)
  HIGHEST GUST SPEED    25   HIGHEST GUST DIRECTION    NW (330)
  AVERAGE WIND SPEED     9.7


SKY COVER
  POSSIBLE SUNSHINE  MM
  AVERAGE SKY COVER 0.6


WEATHER CONDITIONS
 THE FOLLOWING WEATHER WAS RECORDED TODAY.
  NO SIGNIFICANT WEATHER WAS OBSERVED.


RELATIVE HUMIDITY (PERCENT)
 HIGHEST    82          1200 AM
 LOWEST     40           200 PM
 AVERAGE    61

..........................................................


THE BOWLING GREEN CLIMATE NORMALS FOR TOMORROW
                         NORMAL    RECORD    YEAR
 MAXIMUM TEMPERATURE (F)   49        79      1932
 MINIMUM TEMPERATURE (F)   29       -16      1899


SUNRISE AND SUNSET
FEBRUARY  9 2017......SUNRISE   640 AM CST   SUNSET   520 PM CST
FEBRUARY 10 2017......SUNRISE   639 AM CST   SUNSET   521 PM CST


-  INDICATES NEGATIVE NUMBERS.
R  INDICATES RECORD WAS SET OR TIED.
MM INDICATES DATA IS MISSING.
T  INDICATES TRACE AMOUNT.




$$
