000
CDUS43 KLMK 170634
CLIBWG


CLIMATE REPORT
NATIONAL WEATHER SERVICE LOUISVILLE KY
233 AM EDT SUN MAY 17 2015


...................................

...THE BOWLING GREEN KY CLIMATE SUMMARY FOR MAY 16 2015...

CLIMATE NORMAL PERIOD 1981 TO 2010
CLIMATE RECORD PERIOD 1870 TO 2015


WEATHER ITEM   OBSERVED TIME   RECORD YEAR NORMAL DEPARTURE LAST
                VALUE   (LST)  VALUE       VALUE  FROM      YEAR
                                                  NORMAL
..................................................................
TEMPERATURE (F)
 YESTERDAY
  MAXIMUM         77    243 PM  93    1911  78     -1       62
  MINIMUM         68   1039 PM  33    1997  55     13       45
  AVERAGE         73                        66      7       54

PRECIPITATION (IN)
  YESTERDAY        1.46R         1.25 2010   0.19   1.27      T
                                      1916
  MONTH TO DATE    1.54                      3.00  -1.46     2.90
  SINCE MAR 1     16.89                     11.75   5.14    13.20
  SINCE JAN 1     22.77                     19.32   3.45    20.37

SNOWFALL (IN)
  YESTERDAY        0.0           0.0    MM   0.0    0.0      0.0
  MONTH TO DATE    0.0                       0.0    0.0      0.0
  SINCE MAR 1      7.2                       1.3    5.9      5.1
  SINCE JUL 1     23.5                       9.1   14.4     10.4
  SNOW DEPTH       0

DEGREE DAYS
 HEATING
  YESTERDAY        0                         2     -2       11
  MONTH TO DATE   19                        53    -34       52
  SINCE MAR 1    731                       824    -93      900
  SINCE JUL 1   4266                      4022    244     4509

 COOLING
  YESTERDAY        8                         4      4        0
  MONTH TO DATE   80                        41     39       74
  SINCE MAR 1    115                        77     38       88
  SINCE JAN 1    115                        77     38       88
..................................................................


WIND (MPH)
  HIGHEST WIND SPEED    16   HIGHEST WIND DIRECTION     S (190)
  HIGHEST GUST SPEED    20   HIGHEST GUST DIRECTION     S (190)
  AVERAGE WIND SPEED     6.1


SKY COVER
  POSSIBLE SUNSHINE  MM
  AVERAGE SKY COVER 0.8


WEATHER CONDITIONS
 THE FOLLOWING WEATHER WAS RECORDED YESTERDAY.
  HEAVY RAIN
  RAIN
  LIGHT RAIN
  FOG
  HAZE


RELATIVE HUMIDITY (PERCENT)
 HIGHEST    90           700 AM
 LOWEST     79           300 AM
 AVERAGE    85

..........................................................


THE BOWLING GREEN KY CLIMATE NORMALS FOR TODAY
                         NORMAL    RECORD    YEAR
 MAXIMUM TEMPERATURE (F)   78        94      1931
                                             1911
                                             1906
 MINIMUM TEMPERATURE (F)   55        40      1973
                                             1895


SUNRISE AND SUNSET
MAY 17 2015...........SUNRISE   536 AM CDT   SUNSET   748 PM CDT
MAY 18 2015...........SUNRISE   536 AM CDT   SUNSET   749 PM CDT


-  INDICATES NEGATIVE NUMBERS.
R  INDICATES RECORD WAS SET OR TIED.
MM INDICATES DATA IS MISSING.
T  INDICATES TRACE AMOUNT.




$$
