000
CDUS43 KLMK 140627
CLIBWG


CLIMATE REPORT
NATIONAL WEATHER SERVICE LOUISVILLE KY
227 AM EDT WED SEP 14 2016


...................................

...THE BOWLING GREEN KY CLIMATE SUMMARY FOR SEPTEMBER 13 2016...

CLIMATE NORMAL PERIOD 1981 TO 2010
CLIMATE RECORD PERIOD 1870 TO 2016


WEATHER ITEM   OBSERVED TIME   RECORD YEAR NORMAL DEPARTURE LAST
                VALUE   (LST)  VALUE       VALUE  FROM      YEAR
                                                  NORMAL
..................................................................
TEMPERATURE (F)
 YESTERDAY
  MAXIMUM         92   1246 PM 100    1939  83      9       72
                                      1927
  MINIMUM         61    347 AM  36    1902  59      2       50
  AVERAGE         77                        71      6       61

PRECIPITATION (IN)
  YESTERDAY        0.00          6.02 1979   0.14  -0.14     0.00
  MONTH TO DATE    0.03                      1.71  -1.68     0.71
  SINCE SEP 1      0.03                      1.71  -1.68     0.71
  SINCE JAN 1     37.95                     35.27   2.68    35.75

SNOWFALL (IN)
  YESTERDAY        0.0           0.0    MM   0.0    0.0      0.0
  MONTH TO DATE    0.0                       0.0    0.0      0.0
  SINCE SEP 1      0.0                       0.0    0.0      0.0
  SINCE JUL 1      0.0                       0.0    0.0      0.0
  SNOW DEPTH       0

DEGREE DAYS
 HEATING
  YESTERDAY        0                         0      0        4
  MONTH TO DATE    0                         0      0        5
  SINCE SEP 1      0                         0      0        5
  SINCE JUL 1      0                         1     -1        5

 COOLING
  YESTERDAY       12                         7      5        0
  MONTH TO DATE  153                       111     42      159
  SINCE SEP 1    153                       111     42      159
  SINCE JAN 1   1712                      1380    332     1540
..................................................................


WIND (MPH)
  HIGHEST WIND SPEED    10   HIGHEST WIND DIRECTION     N (340)
  HIGHEST GUST SPEED    13   HIGHEST GUST DIRECTION    NW (320)
  AVERAGE WIND SPEED     1.5


SKY COVER
  POSSIBLE SUNSHINE  MM
  AVERAGE SKY COVER 0.1


WEATHER CONDITIONS
 THE FOLLOWING WEATHER WAS RECORDED YESTERDAY.
  FOG


RELATIVE HUMIDITY (PERCENT)
 HIGHEST    93          1200 AM
 LOWEST     41          1100 AM
 AVERAGE    67

..........................................................


THE BOWLING GREEN KY CLIMATE NORMALS FOR TODAY
                         NORMAL    RECORD    YEAR
 MAXIMUM TEMPERATURE (F)   83       103      1939
 MINIMUM TEMPERATURE (F)   59        35      1902


SUNRISE AND SUNSET
SEPTEMBER 14 2016.....SUNRISE   627 AM CDT   SUNSET   654 PM CDT
SEPTEMBER 15 2016.....SUNRISE   628 AM CDT   SUNSET   653 PM CDT


-  INDICATES NEGATIVE NUMBERS.
R  INDICATES RECORD WAS SET OR TIED.
MM INDICATES DATA IS MISSING.
T  INDICATES TRACE AMOUNT.




$$
