000
CDUS43 KLMK 010626
CLIBWG


CLIMATE REPORT
NATIONAL WEATHER SERVICE LOUISVILLE KY
226 AM EDT SUN OCT 1 2017


...................................

...THE BOWLING GREEN KY CLIMATE SUMMARY FOR SEPTEMBER 30 2017...

CLIMATE NORMAL PERIOD 1981 TO 2010
CLIMATE RECORD PERIOD 1870 TO 2017


WEATHER ITEM   OBSERVED TIME   RECORD YEAR NORMAL DEPARTURE LAST
                VALUE   (LST)  VALUE       VALUE  FROM      YEAR
                                                  NORMAL
..................................................................
TEMPERATURE (F)
 YESTERDAY
  MAXIMUM         76    157 PM  95    1953  77     -1       65
  MINIMUM         51   1106 PM  33    1949  52     -1       50
  AVERAGE         64                        64      0       58

PRECIPITATION (IN)
  YESTERDAY        0.00          2.40 2015   0.13  -0.13     0.10
  MONTH TO DATE    6.47                      3.93   2.54     1.57
  SINCE SEP 1      6.47                      3.93   2.54     1.57
  SINCE JAN 1     43.55                     37.49   6.06    39.49

SNOWFALL (IN)
  YESTERDAY        0.0           0.0    MM   0.0    0.0      0.0
  MONTH TO DATE    0.0                       0.0    0.0      0.0
  SINCE SEP 1      0.0                       0.0    0.0      0.0
  SINCE JUL 1      0.0                       0.0    0.0      0.0
  SNOW DEPTH       0

DEGREE DAYS
 HEATING
  YESTERDAY        1                         3     -2        7
  MONTH TO DATE   19                        32    -13       19
  SINCE SEP 1     19                        35    -16       19
  SINCE JUL 1     19                        36    -17       19

 COOLING
  YESTERDAY        0                         3     -3        0
  MONTH TO DATE  170                       186    -16      305
  SINCE SEP 1    170                       186    -16      305
  SINCE JAN 1   1522                      1455     67     1864
..................................................................


WIND (MPH)
  HIGHEST WIND SPEED    18   HIGHEST WIND DIRECTION    NE (50)
  HIGHEST GUST SPEED    25   HIGHEST GUST DIRECTION    NE (50)
  AVERAGE WIND SPEED     8.7


SKY COVER
  POSSIBLE SUNSHINE  MM
  AVERAGE SKY COVER 0.0


WEATHER CONDITIONS
 THE FOLLOWING WEATHER WAS RECORDED YESTERDAY.
  NO SIGNIFICANT WEATHER WAS OBSERVED.


RELATIVE HUMIDITY (PERCENT)
 HIGHEST    86          1200 AM
 LOWEST     33           200 PM
 AVERAGE    60

..........................................................


THE BOWLING GREEN KY CLIMATE NORMALS FOR TODAY
                         NORMAL    RECORD    YEAR
 MAXIMUM TEMPERATURE (F)   76        93      1926
 MINIMUM TEMPERATURE (F)   51        32      1924


SUNRISE AND SUNSET
OCTOBER  1 2017.......SUNRISE   641 AM CDT   SUNSET   629 PM CDT
OCTOBER  2 2017.......SUNRISE   642 AM CDT   SUNSET   627 PM CDT


-  INDICATES NEGATIVE NUMBERS.
R  INDICATES RECORD WAS SET OR TIED.
MM INDICATES DATA IS MISSING.
T  INDICATES TRACE AMOUNT.




$$
