000
CDUS43 KLMK 290627
CLIBWG


CLIMATE REPORT
NATIONAL WEATHER SERVICE LOUISVILLE KY
126 AM EST THU DEC 29 2016


...................................

...THE BOWLING GREEN KY CLIMATE SUMMARY FOR DECEMBER 28 2016...

CLIMATE NORMAL PERIOD 1981 TO 2010
CLIMATE RECORD PERIOD 1870 TO 2016


WEATHER ITEM   OBSERVED TIME   RECORD YEAR NORMAL DEPARTURE LAST
                VALUE   (LST)  VALUE       VALUE  FROM      YEAR
                                                  NORMAL
..................................................................
TEMPERATURE (F)
 YESTERDAY
  MAXIMUM         58    226 PM  72    2015  45     13       72
  MINIMUM         25    626 AM  -1    1894  27     -2       50
  AVERAGE         42                        36      6       61

PRECIPITATION (IN)
  YESTERDAY        0.10          1.25 1916   0.13  -0.03     0.77
  MONTH TO DATE    4.50                      4.40   0.10     5.23
  SINCE DEC 1      4.50                      4.40   0.10     5.23
  SINCE JAN 1     46.46                     49.49  -3.03    54.48

SNOWFALL (IN)
  YESTERDAY        0.0           3.0  1967   0.1   -0.1      0.0
  MONTH TO DATE    T                         1.0   -1.0       T
  SINCE DEC 1      T                         1.0   -1.0       T
  SINCE JUL 1      T                         1.0   -1.0       T
  SNOW DEPTH       0

DEGREE DAYS
 HEATING
  YESTERDAY       23                        29     -6        4
  MONTH TO DATE  723                       732     -9      373
  SINCE DEC 1    723                       732     -9      373
  SINCE JUL 1   1209                      1495   -286      911

 COOLING
  YESTERDAY        0                         0      0        0
  MONTH TO DATE    0                         0      0        2
  SINCE DEC 1      0                         0      0        2
  SINCE JAN 1   1979                      1491    488     1673
..................................................................


WIND (MPH)
  HIGHEST WIND SPEED    17   HIGHEST WIND DIRECTION     W (290)
  HIGHEST GUST SPEED    25   HIGHEST GUST DIRECTION     W (280)
  AVERAGE WIND SPEED     5.7


SKY COVER
  POSSIBLE SUNSHINE  MM
  AVERAGE SKY COVER 0.4


WEATHER CONDITIONS
 THE FOLLOWING WEATHER WAS RECORDED YESTERDAY.
  THUNDERSTORM
  RAIN
  LIGHT RAIN
  FOG


RELATIVE HUMIDITY (PERCENT)
 HIGHEST    92           200 AM
 LOWEST     25           200 PM
 AVERAGE    59

..........................................................


THE BOWLING GREEN KY CLIMATE NORMALS FOR TODAY
                         NORMAL    RECORD    YEAR
 MAXIMUM TEMPERATURE (F)   45        69      1907
 MINIMUM TEMPERATURE (F)   27        -5      1880


SUNRISE AND SUNSET
DECEMBER 29 2016......SUNRISE   658 AM CST   SUNSET   438 PM CST
DECEMBER 30 2016......SUNRISE   659 AM CST   SUNSET   439 PM CST


-  INDICATES NEGATIVE NUMBERS.
R  INDICATES RECORD WAS SET OR TIED.
MM INDICATES DATA IS MISSING.
T  INDICATES TRACE AMOUNT.




$$
