000
CDUS43 KLMK 012134
CLIBWG


CLIMATE REPORT
NATIONAL WEATHER SERVICE LOUISVILLE KY
433 PM EST MON FEB 1 2016


...................................

...THE BOWLING GREEN CLIMATE SUMMARY FOR FEBRUARY 1 2016...
VALID TODAY AS OF 0400 PM LOCAL TIME.

CLIMATE NORMAL PERIOD 1981 TO 2010
CLIMATE RECORD PERIOD 1870 TO 2016


WEATHER ITEM   OBSERVED TIME   RECORD YEAR NORMAL DEPARTURE LAST
                VALUE   (LST)  VALUE       VALUE  FROM      YEAR
                                                  NORMAL
..................................................................
TEMPERATURE (F)
 TODAY
  MAXIMUM         60    132 AM  74    1911  47     13       53
  MINIMUM         48    837 AM  -9    1951  27     21       38
  AVERAGE         54                        37     17       46

PRECIPITATION (IN)
  TODAY            0.29          2.27 1981   0.15   0.14     0.97
  MONTH TO DATE    0.29                      0.15   0.14     0.97
  SINCE DEC 1      7.33                      8.56  -1.23     4.54
  SINCE JAN 1      2.10                      3.76  -1.66     2.85

SNOWFALL (IN)
  TODAY            0.0           4.8  1951   0.2   -0.2      0.0
  MONTH TO DATE    0.0                       0.2   -0.2      0.0
  SINCE DEC 1     14.8                       4.7   10.1      3.4
  SINCE JUL 1     14.8                       4.7   10.1      3.7
  SNOW DEPTH       0

DEGREE DAYS
 HEATING
  TODAY           11                        28    -17       19
  MONTH TO DATE   11                        28    -17       19
  SINCE DEC 1   1396                      1757   -361     1667
  SINCE JUL 1   1934                      2520   -586     2564

 COOLING
  TODAY            0                         0      0        0
  MONTH TO DATE    0                         0      0        0
  SINCE DEC 1      2                         1      1        0
  SINCE JAN 1      0                         0      0        0
..................................................................


WIND (MPH)
  HIGHEST WIND SPEED    13   HIGHEST WIND DIRECTION    NW (300)
  HIGHEST GUST SPEED    20   HIGHEST GUST DIRECTION     W (250)
  AVERAGE WIND SPEED     5.9


SKY COVER
  POSSIBLE SUNSHINE  MM
  AVERAGE SKY COVER 0.7


WEATHER CONDITIONS
 THE FOLLOWING WEATHER WAS RECORDED TODAY.
  HEAVY RAIN
  RAIN
  LIGHT RAIN
  FOG


RELATIVE HUMIDITY (PERCENT)
 HIGHEST    93           100 AM
 LOWEST     47           300 PM
 AVERAGE    70

..........................................................


THE BOWLING GREEN CLIMATE NORMALS FOR TOMORROW
                         NORMAL    RECORD    YEAR
 MAXIMUM TEMPERATURE (F)   47        71      1903
 MINIMUM TEMPERATURE (F)   27       -20      1951


SUNRISE AND SUNSET
FEBRUARY  1 2016......SUNRISE   649 AM CST   SUNSET   510 PM CST
FEBRUARY  2 2016......SUNRISE   648 AM CST   SUNSET   511 PM CST


-  INDICATES NEGATIVE NUMBERS.
R  INDICATES RECORD WAS SET OR TIED.
MM INDICATES DATA IS MISSING.
T  INDICATES TRACE AMOUNT.




$$
