000
CDUS43 KLMK 140629
CLIBWG


CLIMATE REPORT
NATIONAL WEATHER SERVICE LOUISVILLE KY
128 AM EST FRI NOV 14 2014


...................................

...THE BOWLING GREEN KY CLIMATE SUMMARY FOR NOVEMBER 13 2014...

CLIMATE NORMAL PERIOD 1981 TO 2010
CLIMATE RECORD PERIOD 1870 TO 2014


WEATHER ITEM   OBSERVED TIME   RECORD YEAR NORMAL DEPARTURE LAST
                VALUE   (LST)  VALUE       VALUE  FROM      YEAR
                                                  NORMAL
..................................................................
TEMPERATURE (F)
 YESTERDAY
  MAXIMUM         35   1149 AM  80    1909  61    -26       44
  MINIMUM         26   1159 PM  13    1911  38    -12       23
  AVERAGE         31                        50    -19       34

PRECIPITATION (IN)
  YESTERDAY        0.00          1.20 2007   0.13  -0.13     0.00
  MONTH TO DATE    0.92                      1.66  -0.74     0.73
  SINCE SEP 1      6.67                      8.97  -2.30     9.86
  SINCE JAN 1     42.83                     42.53   0.30    52.56

SNOWFALL (IN)
  YESTERDAY        0.0           T    1986   0.0    0.0      0.0
                                      1969
                                      1963
  MONTH TO DATE    0.0                       0.0    0.0       T
  SINCE SEP 1      0.0                       T      0.0       T
  SINCE JUL 1      0.0                       T      0.0       T
  SNOW DEPTH       0

DEGREE DAYS
 HEATING
  YESTERDAY       34                        16     18       31
  MONTH TO DATE  249                       177     72      224
  SINCE SEP 1    467                       439     28      474
  SINCE JUL 1    467                       440     27      474

 COOLING
  YESTERDAY        0                         0      0        0
  MONTH TO DATE    0                         0      0        0
  SINCE SEP 1    211                       219     -8      239
  SINCE JAN 1   1488                      1488      0     1499
..................................................................


WIND (MPH)
  HIGHEST WIND SPEED    15   HIGHEST WIND DIRECTION     W (290)
  HIGHEST GUST SPEED    21   HIGHEST GUST DIRECTION     W (290)
  AVERAGE WIND SPEED     8.0


SKY COVER
  POSSIBLE SUNSHINE  MM
  AVERAGE SKY COVER 0.6


WEATHER CONDITIONS
 THE FOLLOWING WEATHER WAS RECORDED YESTERDAY.
  NO SIGNIFICANT WEATHER WAS OBSERVED.


RELATIVE HUMIDITY (PERCENT)
 HIGHEST    69          1200 AM
 LOWEST     41          1200 PM
 AVERAGE    55

..........................................................


THE BOWLING GREEN KY CLIMATE NORMALS FOR TODAY
                         NORMAL    RECORD    YEAR
 MAXIMUM TEMPERATURE (F)   60        80      1964
 MINIMUM TEMPERATURE (F)   38        15      1986
                                             1886


SUNRISE AND SUNSET
NOVEMBER 14 2014......SUNRISE   623 AM CST   SUNSET   437 PM CST
NOVEMBER 15 2014......SUNRISE   624 AM CST   SUNSET   436 PM CST


-  INDICATES NEGATIVE NUMBERS.
R  INDICATES RECORD WAS SET OR TIED.
MM INDICATES DATA IS MISSING.
T  INDICATES TRACE AMOUNT.




$$
