000
CDUS43 KLMK 040637
CLIBWG


CLIMATE REPORT
NATIONAL WEATHER SERVICE LOUISVILLE KY
137 AM EST SAT FEB 4 2017


...................................

...THE BOWLING GREEN KY CLIMATE SUMMARY FOR FEBRUARY 3 2017...

CLIMATE NORMAL PERIOD 1981 TO 2010
CLIMATE RECORD PERIOD 1870 TO 2017


WEATHER ITEM   OBSERVED TIME   RECORD YEAR NORMAL DEPARTURE LAST
                VALUE   (LST)  VALUE       VALUE  FROM      YEAR
                                                  NORMAL
..................................................................
TEMPERATURE (F)
 YESTERDAY
  MAXIMUM         39    226 PM  71    1927  47     -8       63
                                      1924
  MINIMUM         21   1156 PM -18    1951  27     -6       39
  AVERAGE         30                        37     -7       51

PRECIPITATION (IN)
  YESTERDAY        0.00          2.50 1923   0.15  -0.15     0.08
  MONTH TO DATE    0.00                      0.44  -0.44     1.77
  SINCE DEC 1      9.80                      8.85   0.95     8.81
  SINCE JAN 1      4.16                      4.05   0.11     3.58

SNOWFALL (IN)
  YESTERDAY        0.0           3.0  1979   0.2   -0.2      0.0
  MONTH TO DATE    0.0                       0.5   -0.5      0.0
  SINCE DEC 1      0.7                       5.0   -4.3     14.8
  SINCE JUL 1      0.7                       5.0   -4.3     14.8
  SNOW DEPTH       0

DEGREE DAYS
 HEATING
  YESTERDAY       35                        28      7       14
  MONTH TO DATE   82                        84     -2       37
  SINCE DEC 1   1517                      1813   -296     1422
  SINCE JUL 1   2003                      2576   -573     1960

 COOLING
  YESTERDAY        0                         0      0        0
  MONTH TO DATE    0                         0      0        0
  SINCE DEC 1      0                         1     -1        2
  SINCE JAN 1      0                         0      0        0
..................................................................


WIND (MPH)
  HIGHEST WIND SPEED    15   HIGHEST WIND DIRECTION    NW (310)
  HIGHEST GUST SPEED    22   HIGHEST GUST DIRECTION    NW (310)
  AVERAGE WIND SPEED     6.2


SKY COVER
  POSSIBLE SUNSHINE  MM
  AVERAGE SKY COVER 0.4


WEATHER CONDITIONS
 THE FOLLOWING WEATHER WAS RECORDED YESTERDAY.
  NO SIGNIFICANT WEATHER WAS OBSERVED.


RELATIVE HUMIDITY (PERCENT)
 HIGHEST    54          1000 PM
 LOWEST     29          1200 PM
 AVERAGE    42

..........................................................


THE BOWLING GREEN KY CLIMATE NORMALS FOR TODAY
                         NORMAL    RECORD    YEAR
 MAXIMUM TEMPERATURE (F)   47        72      1962
 MINIMUM TEMPERATURE (F)   28       -10      1886


SUNRISE AND SUNSET
FEBRUARY  4 2017......SUNRISE   645 AM CST   SUNSET   514 PM CST
FEBRUARY  5 2017......SUNRISE   644 AM CST   SUNSET   516 PM CST


-  INDICATES NEGATIVE NUMBERS.
R  INDICATES RECORD WAS SET OR TIED.
MM INDICATES DATA IS MISSING.
T  INDICATES TRACE AMOUNT.




$$
