000
CDUS43 KLMK 260626
CLIBWG


CLIMATE REPORT
NATIONAL WEATHER SERVICE LOUISVILLE KY
126 AM EST SUN NOV 26 2017


...................................

...THE BOWLING GREEN KY CLIMATE SUMMARY FOR NOVEMBER 25 2017...

CLIMATE NORMAL PERIOD 1981 TO 2010
CLIMATE RECORD PERIOD 1870 TO 2017


WEATHER ITEM   OBSERVED TIME   RECORD YEAR NORMAL DEPARTURE LAST
                VALUE   (LST)  VALUE       VALUE  FROM      YEAR
                                                  NORMAL
..................................................................
TEMPERATURE (F)
 YESTERDAY
  MAXIMUM         64    110 PM  74    1896  55      9       48
  MINIMUM         46   1049 PM  -7    1950  35     11       43
  AVERAGE         55                        45     10       46

PRECIPITATION (IN)
  YESTERDAY        0.00          1.60 1964   0.15  -0.15     0.00
  MONTH TO DATE    1.91                      3.43  -1.52     0.46
  SINCE SEP 1     11.85                     10.74   1.11     2.59
  SINCE JAN 1     48.93                     44.30   4.63    40.51

SNOWFALL (IN)
  YESTERDAY        0.0           1.2  1903   0.0    0.0      0.0
  MONTH TO DATE    0.0                       0.0    0.0      0.0
  SINCE SEP 1      T                         T      0.0      0.0
  SINCE JUL 1      T                         T      0.0      0.0
  SNOW DEPTH       0

DEGREE DAYS
 HEATING
  YESTERDAY       10                        20    -10       19
  MONTH TO DATE  394                       393      1      311
  SINCE SEP 1    614                       655    -41      397
  SINCE JUL 1    614                       656    -42      397

 COOLING
  YESTERDAY        0                         0      0        0
  MONTH TO DATE   12                         0     12       15
  SINCE SEP 1    248                       219     29      420
  SINCE JAN 1   1600                      1488    112     1979
..................................................................


WIND (MPH)
  HIGHEST WIND SPEED    13   HIGHEST WIND DIRECTION    NW (330)
  HIGHEST GUST SPEED    20   HIGHEST GUST DIRECTION     N (340)
  AVERAGE WIND SPEED     6.1


SKY COVER
  POSSIBLE SUNSHINE  MM
  AVERAGE SKY COVER 0.0


WEATHER CONDITIONS
 THE FOLLOWING WEATHER WAS RECORDED YESTERDAY.
  NO SIGNIFICANT WEATHER WAS OBSERVED.


RELATIVE HUMIDITY (PERCENT)
 HIGHEST    53           100 AM
 LOWEST     23           400 PM
 AVERAGE    38

..........................................................


THE BOWLING GREEN KY CLIMATE NORMALS FOR TODAY
                         NORMAL    RECORD    YEAR
 MAXIMUM TEMPERATURE (F)   55        75      1935
                                             1927
                                             1921
 MINIMUM TEMPERATURE (F)   34        14      1898


SUNRISE AND SUNSET
NOVEMBER 26 2017......SUNRISE   636 AM CST   SUNSET   430 PM CST
NOVEMBER 27 2017......SUNRISE   637 AM CST   SUNSET   430 PM CST


-  INDICATES NEGATIVE NUMBERS.
R  INDICATES RECORD WAS SET OR TIED.
MM INDICATES DATA IS MISSING.
T  INDICATES TRACE AMOUNT.




$$
