000
CDUS43 KLMK 182035 RRC
CLIBWG

CLIMATE REPORT
NATIONAL WEATHER SERVICE LOUISVILLE KY
434 PM EDT MON APR 18 2016


...................................

...THE BOWLING GREEN CLIMATE SUMMARY FOR APRIL 18 2016...
VALID TODAY AS OF 0400 PM LOCAL TIME.

CLIMATE NORMAL PERIOD 1981 TO 2010
CLIMATE RECORD PERIOD 1870 TO 2016


WEATHER ITEM   OBSERVED TIME   RECORD YEAR NORMAL DEPARTURE LAST
                VALUE   (LST)  VALUE       VALUE  FROM      YEAR
                                                  NORMAL
..................................................................
TEMPERATURE (F)
 TODAY
  MAXIMUM         82    200 PM  90    1917  71     11       81
                                      1909
  MINIMUM         46    712 AM  20    1875  46      0       53
  AVERAGE         64                        58      6       67

PRECIPITATION (IN)
  TODAY            0.00          1.19 1969   0.15  -0.15     0.00
  MONTH TO DATE    0.59                      2.45  -1.86     7.16
  SINCE MAR 1      4.41                      6.86  -2.45    13.43
  SINCE JAN 1     10.99                     14.43  -3.44    19.31

SNOWFALL (IN)
  TODAY            0.0           2.1  1983   0.0    0.0      0.0
  MONTH TO DATE    0.0                       0.2   -0.2      0.0
  SINCE MAR 1      T                         1.3   -1.3      7.2
  SINCE JUL 1     24.0                       9.1   14.9     23.5
  SNOW DEPTH       0

DEGREE DAYS
 HEATING
  TODAY            1                         8     -7        0
  MONTH TO DATE  181                       179      2       74
  SINCE MAR 1    530                       699   -169      614
  SINCE JUL 1   3130                      3897   -767     4149

 COOLING
  TODAY            0                         1     -1        2
  MONTH TO DATE    2                        17    -15       30
  SINCE MAR 1      3                        22    -19       30
  SINCE JAN 1      3                        22    -19       30
..................................................................


WIND (MPH)
  HIGHEST WIND SPEED     7   HIGHEST WIND DIRECTION     S (160)
  HIGHEST GUST SPEED    12   HIGHEST GUST DIRECTION    NW (310)
  AVERAGE WIND SPEED     1.8


SKY COVER
  POSSIBLE SUNSHINE   0 PERCENT
  AVERAGE SKY COVER 0.0


WEATHER CONDITIONS
 THE FOLLOWING WEATHER WAS RECORDED TODAY.
  NO SIGNIFICANT WEATHER WAS OBSERVED.


RELATIVE HUMIDITY (PERCENT)
 HIGHEST     0          1200 AM
 LOWEST      0          1200 AM
 AVERAGE     0

..........................................................


THE BOWLING GREEN CLIMATE NORMALS FOR TOMORROW
                         NORMAL    RECORD    YEAR
 MAXIMUM TEMPERATURE (F)   71        87      2011
 MINIMUM TEMPERATURE (F)   47        25      1887


SUNRISE AND SUNSET
APRIL 18 2016.........SUNRISE   607 AM CDT   SUNSET   724 PM CDT
APRIL 19 2016.........SUNRISE   606 AM CDT   SUNSET   724 PM CDT


-  INDICATES NEGATIVE NUMBERS.
R  INDICATES RECORD WAS SET OR TIED.
MM INDICATES DATA IS MISSING.
T  INDICATES TRACE AMOUNT.




$$
