000
CDUS43 KLMK 112130
CLIBWG


CLIMATE REPORT
NATIONAL WEATHER SERVICE LOUISVILLE KY
429 PM EST THU DEC 11 2014


...................................

...THE BOWLING GREEN CLIMATE SUMMARY FOR DECEMBER 11 2014...
VALID TODAY AS OF 0400 PM LOCAL TIME.

CLIMATE NORMAL PERIOD 1981 TO 2010
CLIMATE RECORD PERIOD 1870 TO 2014


WEATHER ITEM   OBSERVED TIME   RECORD YEAR NORMAL DEPARTURE LAST
                VALUE   (LST)  VALUE       VALUE  FROM      YEAR
                                                  NORMAL
..................................................................
TEMPERATURE (F)
 TODAY
  MAXIMUM         42    300 PM  75    2007  49     -7       44
  MINIMUM         33    732 AM   0    1962  30      3       18
  AVERAGE         38                        39     -1       31

PRECIPITATION (IN)
  TODAY            0.00          2.84 1949   0.17  -0.17     0.00
  MONTH TO DATE    1.05                      1.80  -0.75     2.55
  SINCE DEC 1      1.05                      1.80  -0.75     2.55
  SINCE JAN 1     45.48                     46.89  -1.41    57.20

SNOWFALL (IN)
  TODAY            0.0           3.4  1898   0.0    0.0      0.0
  MONTH TO DATE    0.0                       0.2   -0.2      0.1
  SINCE DEC 1      0.0                       0.2   -0.2      0.1
  SINCE JUL 1      0.3                       0.2    0.1      1.2
  SNOW DEPTH       0

DEGREE DAYS
 HEATING
  TODAY           27                        26      1       34
  MONTH TO DATE  227                       264    -37      264
  SINCE DEC 1    227                       264    -37      264
  SINCE JUL 1   1124                      1027     97     1144

 COOLING
  TODAY            0                         0      0        0
  MONTH TO DATE    0                         0      0        0
  SINCE DEC 1      0                         0      0        0
  SINCE JAN 1   1488                      1491     -3     1499
..................................................................


WIND (MPH)
  HIGHEST WIND SPEED     7   HIGHEST WIND DIRECTION    NW (320)
  HIGHEST GUST SPEED    13   HIGHEST GUST DIRECTION     N (340)
  AVERAGE WIND SPEED     4.2


SKY COVER
  POSSIBLE SUNSHINE  MM
  AVERAGE SKY COVER 0.8


WEATHER CONDITIONS
 THE FOLLOWING WEATHER WAS RECORDED TODAY.
  NO SIGNIFICANT WEATHER WAS OBSERVED.


RELATIVE HUMIDITY (PERCENT)
 HIGHEST    69           300 AM
 LOWEST     49           300 PM
 AVERAGE    59

..........................................................


THE BOWLING GREEN CLIMATE NORMALS FOR TOMORROW
                         NORMAL    RECORD    YEAR
 MAXIMUM TEMPERATURE (F)   49        68      1972
                                             1929
                                             1896
 MINIMUM TEMPERATURE (F)   30        -5      1962


SUNRISE AND SUNSET
DECEMBER 11 2014......SUNRISE   649 AM CST   SUNSET   429 PM CST
DECEMBER 12 2014......SUNRISE   649 AM CST   SUNSET   429 PM CST


-  INDICATES NEGATIVE NUMBERS.
R  INDICATES RECORD WAS SET OR TIED.
MM INDICATES DATA IS MISSING.
T  INDICATES TRACE AMOUNT.




$$
