886
CDUS43 KLMK 032135
CLIBWG


CLIMATE REPORT
NATIONAL WEATHER SERVICE LOUISVILLE KY
434 PM EST WED FEB 3 2016


...................................

...THE BOWLING GREEN CLIMATE SUMMARY FOR FEBRUARY 3 2016...
VALID TODAY AS OF 0400 PM LOCAL TIME.

CLIMATE NORMAL PERIOD 1981 TO 2010
CLIMATE RECORD PERIOD 1870 TO 2016


WEATHER ITEM   OBSERVED TIME   RECORD YEAR NORMAL DEPARTURE LAST
                VALUE   (LST)  VALUE       VALUE  FROM      YEAR
                                                  NORMAL
..................................................................
TEMPERATURE (F)
 TODAY
  MAXIMUM         63   1202 AM  71    1927  47     16       42
                                      1924
  MINIMUM         52    308 PM -18    1951  27     25       21
  AVERAGE         58                        37     21       32

PRECIPITATION (IN)
  TODAY            0.08          2.50 1923   0.15  -0.07     0.00
  MONTH TO DATE    1.77                      0.44   1.33     1.00
  SINCE DEC 1      8.81                      8.85  -0.04     4.57
  SINCE JAN 1      3.58                      4.05  -0.47     2.88

SNOWFALL (IN)
  TODAY            0.0           3.0  1979   0.2   -0.2      0.0
  MONTH TO DATE    0.0                       0.5   -0.5       T
  SINCE DEC 1     14.8                       5.0    9.8      3.4
  SINCE JUL 1     14.8                       5.0    9.8      3.7
  SNOW DEPTH       0

DEGREE DAYS
 HEATING
  TODAY            7                        28    -21       33
  MONTH TO DATE   30                        84    -54       84
  SINCE DEC 1   1415                      1813   -398     1732
  SINCE JUL 1   1953                      2576   -623     2629

 COOLING
  TODAY            0                         0      0        0
  MONTH TO DATE    0                         0      0        0
  SINCE DEC 1      2                         1      1        0
  SINCE JAN 1      0                         0      0        0
..................................................................


WIND (MPH)
  HIGHEST WIND SPEED    20   HIGHEST WIND DIRECTION     W (260)
  HIGHEST GUST SPEED    28   HIGHEST GUST DIRECTION    SW (240)
  AVERAGE WIND SPEED    12.2


SKY COVER
  POSSIBLE SUNSHINE  MM
  AVERAGE SKY COVER 0.3


WEATHER CONDITIONS
 THE FOLLOWING WEATHER WAS RECORDED TODAY.
  RAIN
  LIGHT RAIN


RELATIVE HUMIDITY (PERCENT)
 HIGHEST    86           400 AM
 LOWEST     43           100 PM
 AVERAGE    65

..........................................................


THE BOWLING GREEN CLIMATE NORMALS FOR TOMORROW
                         NORMAL    RECORD    YEAR
 MAXIMUM TEMPERATURE (F)   47        72      1962
 MINIMUM TEMPERATURE (F)   28       -10      1886


SUNRISE AND SUNSET
FEBRUARY  3 2016......SUNRISE   647 AM CST   SUNSET   513 PM CST
FEBRUARY  4 2016......SUNRISE   646 AM CST   SUNSET   514 PM CST


-  INDICATES NEGATIVE NUMBERS.
R  INDICATES RECORD WAS SET OR TIED.
MM INDICATES DATA IS MISSING.
T  INDICATES TRACE AMOUNT.




$$
