439
CDUS43 KLMK 062131
CLIBWG


CLIMATE REPORT
NATIONAL WEATHER SERVICE LOUISVILLE KY
431 PM EST WED DEC 6 2017


...................................

...THE BOWLING GREEN CLIMATE SUMMARY FOR DECEMBER 6 2017...
VALID TODAY AS OF 0400 PM LOCAL TIME.

CLIMATE NORMAL PERIOD 1981 TO 2010
CLIMATE RECORD PERIOD 1870 TO 2017


WEATHER ITEM   OBSERVED TIME   RECORD YEAR NORMAL DEPARTURE LAST
                VALUE   (LST)  VALUE       VALUE  FROM      YEAR
                                                  NORMAL
..................................................................
TEMPERATURE (F)
 TODAY
  MAXIMUM         46    222 PM  75    1998  51     -5       50
  MINIMUM         31    704 AM   6    1886  31      0       40
  AVERAGE         39                        41     -2       45

PRECIPITATION (IN)
  TODAY            0.00          2.15 1924   0.16  -0.16     0.86
  MONTH TO DATE    0.57                      0.96  -0.39     0.93
  SINCE DEC 1      0.57                      0.96  -0.39     0.93
  SINCE JAN 1     49.55                     46.05   3.50    42.89

SNOWFALL (IN)
  TODAY            0.0           2.8  1910   0.0    0.0      0.0
  MONTH TO DATE    0.0                       0.1   -0.1      0.0
  SINCE DEC 1      0.0                       0.1   -0.1      0.0
  SINCE JUL 1      T                         0.1   -0.1      0.0
  SNOW DEPTH       0

DEGREE DAYS
 HEATING
  TODAY           26                        24      2       20
  MONTH TO DATE  108                       139    -31      138
  SINCE DEC 1    108                       139    -31      138
  SINCE JUL 1    809                       902    -93      624

 COOLING
  TODAY            0                         0      0        0
  MONTH TO DATE    0                         0      0        0
  SINCE DEC 1      0                         0      0        0
  SINCE JAN 1   1600                      1491    109     1979
..................................................................


WIND (MPH)
  HIGHEST WIND SPEED    14   HIGHEST WIND DIRECTION    SW (230)
  HIGHEST GUST SPEED    21   HIGHEST GUST DIRECTION    SW (230)
  AVERAGE WIND SPEED     7.0


SKY COVER
  POSSIBLE SUNSHINE  MM
  AVERAGE SKY COVER 0.0


WEATHER CONDITIONS
 THE FOLLOWING WEATHER WAS RECORDED TODAY.
  NO SIGNIFICANT WEATHER WAS OBSERVED.


RELATIVE HUMIDITY (PERCENT)
 HIGHEST    78           700 AM
 LOWEST     49          1200 PM
 AVERAGE    64

..........................................................


THE BOWLING GREEN CLIMATE NORMALS FOR TOMORROW
                         NORMAL    RECORD    YEAR
 MAXIMUM TEMPERATURE (F)   50        70      1951
                                             1916
 MINIMUM TEMPERATURE (F)   31         7      1977


SUNRISE AND SUNSET
DECEMBER  6 2017......SUNRISE   645 AM CST   SUNSET   429 PM CST
DECEMBER  7 2017......SUNRISE   646 AM CST   SUNSET   429 PM CST


-  INDICATES NEGATIVE NUMBERS.
R  INDICATES RECORD WAS SET OR TIED.
MM INDICATES DATA IS MISSING.
T  INDICATES TRACE AMOUNT.




$$
