000
CDUS43 KLMK 050630
CLIBWG


CLIMATE REPORT
NATIONAL WEATHER SERVICE LOUISVILLE KY
229 AM EDT FRI AUG 5 2016


...................................

...THE BOWLING GREEN KY CLIMATE SUMMARY FOR AUGUST 4 2016...

CLIMATE NORMAL PERIOD 1981 TO 2010
CLIMATE RECORD PERIOD 1870 TO 2016


WEATHER ITEM   OBSERVED TIME   RECORD YEAR NORMAL DEPARTURE LAST
                VALUE   (LST)  VALUE       VALUE  FROM      YEAR
                                                  NORMAL
..................................................................
TEMPERATURE (F)
 YESTERDAY
  MAXIMUM         91    202 PM 104    1930  90      1       95
  MINIMUM         74    406 AM  49    1912  67      7       72
  AVERAGE         83                        78      5       84

PRECIPITATION (IN)
  YESTERDAY        0.26          1.73 1980   0.10   0.16     0.00
  MONTH TO DATE    0.31                      0.39  -0.08     0.00
  SINCE JUN 1     13.90                      8.69   5.21     9.28
  SINCE JAN 1     33.07                     30.62   2.45    33.47

SNOWFALL (IN)
  YESTERDAY        0.0           0.0    MM   0.0    0.0      0.0
  MONTH TO DATE    0.0                       0.0    0.0      0.0
  SINCE JUN 1      0.0                       0.0    0.0      0.0
  SINCE JUL 1      0.0                       0.0    0.0      0.0
  SNOW DEPTH       0

DEGREE DAYS
 HEATING
  YESTERDAY        0                         0      0        0
  MONTH TO DATE    0                         0      0        0
  SINCE JUN 1      0                         5     -5        3
  SINCE JUL 1      0                         0      0        0

 COOLING
  YESTERDAY       18                        13      5       19
  MONTH TO DATE   69                        53     16       57
  SINCE JUN 1    970                       781    189      918
  SINCE JAN 1   1136                       934    202     1121
..................................................................


WIND (MPH)
  HIGHEST WIND SPEED    13   HIGHEST WIND DIRECTION     W (280)
  HIGHEST GUST SPEED    16   HIGHEST GUST DIRECTION    SW (240)
  AVERAGE WIND SPEED     3.4


SKY COVER
  POSSIBLE SUNSHINE  MM
  AVERAGE SKY COVER 0.5


WEATHER CONDITIONS
 THE FOLLOWING WEATHER WAS RECORDED YESTERDAY.
  THUNDERSTORM
  LIGHT RAIN
  FOG
  FOG W/VISIBILITY <= 1/4 MILE
  HAZE


RELATIVE HUMIDITY (PERCENT)
 HIGHEST   100           400 AM
 LOWEST     56           300 PM
 AVERAGE    78

..........................................................


THE BOWLING GREEN KY CLIMATE NORMALS FOR TODAY
                         NORMAL    RECORD    YEAR
 MAXIMUM TEMPERATURE (F)   90       105      1918
 MINIMUM TEMPERATURE (F)   67        49      1912


SUNRISE AND SUNSET
AUGUST  5 2016........SUNRISE   555 AM CDT   SUNSET   748 PM CDT
AUGUST  6 2016........SUNRISE   556 AM CDT   SUNSET   747 PM CDT


-  INDICATES NEGATIVE NUMBERS.
R  INDICATES RECORD WAS SET OR TIED.
MM INDICATES DATA IS MISSING.
T  INDICATES TRACE AMOUNT.

$$

SCHOETTMER
