000
CDUS43 KLMK 162137
CLIBWG


CLIMATE REPORT
NATIONAL WEATHER SERVICE LOUISVILLE KY
435 PM EST MON FEB 16 2015


...................................

...THE BOWLING GREEN CLIMATE SUMMARY FOR FEBRUARY 16 2015...
VALID TODAY AS OF 0400 PM LOCAL TIME.

CLIMATE NORMAL PERIOD 1981 TO 2010
CLIMATE RECORD PERIOD 1870 TO 2015


WEATHER ITEM   OBSERVED TIME   RECORD YEAR NORMAL DEPARTURE LAST
                VALUE   (LST)  VALUE       VALUE  FROM      YEAR
                                                  NORMAL
..................................................................
TEMPERATURE (F)
 TODAY
  MAXIMUM         23    236 AM  77    1911  50    -27       48
  MINIMUM         18    309 PM  -1    1958  30    -12       26
  AVERAGE         21                        40    -19       37

PRECIPITATION (IN)
  TODAY            0.70          1.40 1893   0.14   0.56     0.00
  MONTH TO DATE    1.70                      2.30  -0.60     4.54
  SINCE DEC 1      5.27                     10.71  -5.44    11.30
  SINCE JAN 1      3.58                      5.91  -2.33     6.29

SNOWFALL (IN)
  TODAY            8.6          11.0  1903   0.1    8.5      0.0
  MONTH TO DATE    8.6                       2.3    6.3      2.0
  SINCE DEC 1     12.0                       6.8    5.2      4.2
  SINCE JUL 1     12.3                       6.8    5.5      5.3
  SNOW DEPTH       4

DEGREE DAYS
 HEATING
  TODAY           44                        25     19       28
  MONTH TO DATE  488                       427     61      535
  SINCE DEC 1   2136                      2156    -20     2438
  SINCE JUL 1   3033                      2919    114     3318

 COOLING
  TODAY            0                         0      0        0
  MONTH TO DATE    0                         0      0        0
  SINCE DEC 1      0                         1     -1        2
  SINCE JAN 1      0                         0      0        0
..................................................................


WIND (MPH)
  HIGHEST WIND SPEED    16   HIGHEST WIND DIRECTION     E (70)
  HIGHEST GUST SPEED    22   HIGHEST GUST DIRECTION    NE (30)
  AVERAGE WIND SPEED    10.1


SKY COVER
  POSSIBLE SUNSHINE  MM
  AVERAGE SKY COVER 1.0


WEATHER CONDITIONS
 THE FOLLOWING WEATHER WAS RECORDED TODAY.
  HEAVY SNOW
  SNOW
  LIGHT SNOW
  FOG
  FOG W/VISIBILITY <= 1/4 MILE


RELATIVE HUMIDITY (PERCENT)
 HIGHEST    84           400 AM
 LOWEST     44           100 AM
 AVERAGE    64

..........................................................


THE BOWLING GREEN CLIMATE NORMALS FOR TOMORROW
                         NORMAL    RECORD    YEAR
 MAXIMUM TEMPERATURE (F)   51        79      1927
 MINIMUM TEMPERATURE (F)   30        -9      1958


SUNRISE AND SUNSET
FEBRUARY 16 2015......SUNRISE   633 AM CST   SUNSET   527 PM CST
FEBRUARY 17 2015......SUNRISE   632 AM CST   SUNSET   528 PM CST


-  INDICATES NEGATIVE NUMBERS.
R  INDICATES RECORD WAS SET OR TIED.
MM INDICATES DATA IS MISSING.
T  INDICATES TRACE AMOUNT.




$$
