939
CDUS43 KLMK 072129
CLIBWG


CLIMATE REPORT
NATIONAL WEATHER SERVICE LOUISVILLE KY
428 PM EST SUN FEB 7 2016


...................................

...THE BOWLING GREEN CLIMATE SUMMARY FOR FEBRUARY 7 2016...
VALID TODAY AS OF 0400 PM LOCAL TIME.

CLIMATE NORMAL PERIOD 1981 TO 2010
CLIMATE RECORD PERIOD 1870 TO 2016


WEATHER ITEM   OBSERVED TIME   RECORD YEAR NORMAL DEPARTURE LAST
                VALUE   (LST)  VALUE       VALUE  FROM      YEAR
                                                  NORMAL
..................................................................
TEMPERATURE (F)
 TODAY
  MAXIMUM         56    302 PM  71    1931  48      8       65
  MINIMUM         24    654 AM  -5    1984  28     -4       34
  AVERAGE         40                        38      2       50

PRECIPITATION (IN)
  TODAY            0.00          1.05 1933   0.14  -0.14     0.00
  MONTH TO DATE    1.77                      1.02   0.75     1.00
  SINCE DEC 1      8.81                      9.43  -0.62     4.57
  SINCE JAN 1      3.58                      4.63  -1.05     2.88

SNOWFALL (IN)
  TODAY            0.0           6.0  1979   0.1   -0.1      0.0
  MONTH TO DATE    0.0                       1.0   -1.0       T
  SINCE DEC 1     14.8                       5.5    9.3      3.4
  SINCE JUL 1     14.8                       5.5    9.3      3.7
  SNOW DEPTH       0

DEGREE DAYS
 HEATING
  TODAY           25                        27     -2       15
  MONTH TO DATE  149                       193    -44      194
  SINCE DEC 1   1534                      1922   -388     1842
  SINCE JUL 1   2072                      2685   -613     2739

 COOLING
  TODAY            0                         0      0        0
  MONTH TO DATE    0                         0      0        0
  SINCE DEC 1      2                         1      1        0
  SINCE JAN 1      0                         0      0        0
..................................................................


WIND (MPH)
  HIGHEST WIND SPEED    18   HIGHEST WIND DIRECTION    SW (220)
  HIGHEST GUST SPEED    25   HIGHEST GUST DIRECTION    SW (220)
  AVERAGE WIND SPEED     5.3


SKY COVER
  POSSIBLE SUNSHINE  MM
  AVERAGE SKY COVER 0.0


WEATHER CONDITIONS
 THE FOLLOWING WEATHER WAS RECORDED TODAY.
  NO SIGNIFICANT WEATHER WAS OBSERVED.


RELATIVE HUMIDITY (PERCENT)
 HIGHEST    92           400 AM
 LOWEST     22           200 PM
 AVERAGE    57

..........................................................


THE BOWLING GREEN CLIMATE NORMALS FOR TOMORROW
                         NORMAL    RECORD    YEAR
 MAXIMUM TEMPERATURE (F)   48        75      1937
 MINIMUM TEMPERATURE (F)   28        -5      1895


SUNRISE AND SUNSET
FEBRUARY  7 2016......SUNRISE   643 AM CST   SUNSET   517 PM CST
FEBRUARY  8 2016......SUNRISE   642 AM CST   SUNSET   518 PM CST


-  INDICATES NEGATIVE NUMBERS.
R  INDICATES RECORD WAS SET OR TIED.
MM INDICATES DATA IS MISSING.
T  INDICATES TRACE AMOUNT.




$$
