000
CDUS43 KLMK 142032
CLIBWG


CLIMATE REPORT
NATIONAL WEATHER SERVICE LOUISVILLE KY
430 PM EDT SAT MAY 14 2016


...................................

...THE BOWLING GREEN CLIMATE SUMMARY FOR MAY 14 2016...
VALID TODAY AS OF 0400 PM LOCAL TIME.

CLIMATE NORMAL PERIOD 1981 TO 2010
CLIMATE RECORD PERIOD 1870 TO 2016


WEATHER ITEM   OBSERVED TIME   RECORD YEAR NORMAL DEPARTURE LAST
                VALUE   (LST)  VALUE       VALUE  FROM      YEAR
                                                  NORMAL
..................................................................
TEMPERATURE (F)
 TODAY
  MAXIMUM         62    520 AM  96    1916  77    -15       79
  MINIMUM         51    742 AM  37    1910  54     -3       50
  AVERAGE         57                        66     -9       65

PRECIPITATION (IN)
  TODAY            T             2.98 1967   0.20  -0.20     0.00
  MONTH TO DATE    2.30                      2.62  -0.32     0.08
  SINCE MAR 1      7.65                     11.37  -3.72    15.43
  SINCE JAN 1     14.23                     18.94  -4.71    21.31

SNOWFALL (IN)
  TODAY            0.0           0.0    MM   0.0    0.0      0.0
  MONTH TO DATE    0.0                       0.0    0.0      0.0
  SINCE MAR 1      T                         1.3   -1.3      7.2
  SINCE JUL 1     24.0                       9.1   14.9     23.5
  SNOW DEPTH       0

DEGREE DAYS
 HEATING
  TODAY            8                         3      5        0
  MONTH TO DATE   40                        49     -9       19
  SINCE MAR 1    577                       820   -243      731
  SINCE JUL 1   3177                      4018   -841     4266

 COOLING
  TODAY            0                         3     -3        0
  MONTH TO DATE   48                        34     14       63
  SINCE MAR 1     92                        70     22       98
  SINCE JAN 1     92                        70     22       98
..................................................................


WIND (MPH)
  HIGHEST WIND SPEED    20   HIGHEST WIND DIRECTION    NW (320)
  HIGHEST GUST SPEED    29   HIGHEST GUST DIRECTION    NW (320)
  AVERAGE WIND SPEED     9.6


SKY COVER
  POSSIBLE SUNSHINE  MM
  AVERAGE SKY COVER 0.6


WEATHER CONDITIONS
 THE FOLLOWING WEATHER WAS RECORDED TODAY.
  LIGHT RAIN


RELATIVE HUMIDITY (PERCENT)
 HIGHEST    83           700 AM
 LOWEST     47           200 PM
 AVERAGE    65

..........................................................


THE BOWLING GREEN CLIMATE NORMALS FOR TOMORROW
                         NORMAL    RECORD    YEAR
 MAXIMUM TEMPERATURE (F)   77        92      1962
                                             1900
 MINIMUM TEMPERATURE (F)   55        36      1904


SUNRISE AND SUNSET
MAY 14 2016...........SUNRISE   538 AM CDT   SUNSET   746 PM CDT
MAY 15 2016...........SUNRISE   537 AM CDT   SUNSET   747 PM CDT


-  INDICATES NEGATIVE NUMBERS.
R  INDICATES RECORD WAS SET OR TIED.
MM INDICATES DATA IS MISSING.
T  INDICATES TRACE AMOUNT.




$$
