000
CDUS43 KLMK 082126
CLIBWG


CLIMATE REPORT
NATIONAL WEATHER SERVICE LOUISVILLE KY
426 PM EST WED MAR 8 2017


...................................

...THE BOWLING GREEN CLIMATE SUMMARY FOR MARCH 8 2017...
VALID TODAY AS OF 0400 PM LOCAL TIME.

CLIMATE NORMAL PERIOD 1981 TO 2010
CLIMATE RECORD PERIOD 1870 TO 2017


WEATHER ITEM   OBSERVED TIME   RECORD YEAR NORMAL DEPARTURE LAST
                VALUE   (LST)  VALUE       VALUE  FROM      YEAR
                                                  NORMAL
..................................................................
TEMPERATURE (F)
 TODAY
  MAXIMUM         66    300 PM  82    1974  57      9       76
  MINIMUM         39    611 AM  11    1943  35      4       54
  AVERAGE         53                        46      7       65

PRECIPITATION (IN)
  TODAY            0.00          2.63 1964   0.14  -0.14     0.00
  MONTH TO DATE    1.32                      1.09   0.23     0.58
  SINCE MAR 1      1.32                      1.09   0.23     0.58
  SINCE JAN 1      7.90                      8.66  -0.76     7.16

SNOWFALL (IN)
  TODAY            0.0           3.0  2008   0.1   -0.1      0.0
                                      1960
  MONTH TO DATE    0.0                       0.3   -0.3      0.0
  SINCE MAR 1      0.0                       0.3   -0.3      0.0
  SINCE JUL 1      0.7                       8.1   -7.4     24.0
  SNOW DEPTH       0

DEGREE DAYS
 HEATING
  TODAY           12                        19     -7        0
  MONTH TO DATE  114                       162    -48      147
  SINCE MAR 1    114                       162    -48      147
  SINCE JUL 1   2495                      3360   -865     2747

 COOLING
  TODAY            0                         0      0        0
  MONTH TO DATE    0                         0      0        0
  SINCE MAR 1      0                         0      0        0
  SINCE JAN 1      4                         0      4        0
..................................................................


WIND (MPH)
  HIGHEST WIND SPEED    17   HIGHEST WIND DIRECTION     W (250)
  HIGHEST GUST SPEED    23   HIGHEST GUST DIRECTION     W (280)
  AVERAGE WIND SPEED     8.2


SKY COVER
  POSSIBLE SUNSHINE  MM
  AVERAGE SKY COVER 0.0


WEATHER CONDITIONS
 THE FOLLOWING WEATHER WAS RECORDED TODAY.
  NO SIGNIFICANT WEATHER WAS OBSERVED.


RELATIVE HUMIDITY (PERCENT)
 HIGHEST    85           100 AM
 LOWEST     18           300 PM
 AVERAGE    52

..........................................................


THE BOWLING GREEN CLIMATE NORMALS FOR TOMORROW
                         NORMAL    RECORD    YEAR
 MAXIMUM TEMPERATURE (F)   57        81      1925
                                             1918
 MINIMUM TEMPERATURE (F)   35        10      1932


SUNRISE AND SUNSET
MARCH  8 2017.........SUNRISE   606 AM CST   SUNSET   547 PM CST
MARCH  9 2017.........SUNRISE   605 AM CST   SUNSET   548 PM CST


-  INDICATES NEGATIVE NUMBERS.
R  INDICATES RECORD WAS SET OR TIED.
MM INDICATES DATA IS MISSING.
T  INDICATES TRACE AMOUNT.




$$
