000
CDUS43 KLMK 060633
CLIBWG


CLIMATE REPORT
NATIONAL WEATHER SERVICE LOUISVILLE KY
233 AM EDT SAT MAY 6 2017


...................................

...THE BOWLING GREEN KY CLIMATE SUMMARY FOR MAY 5 2017...

CLIMATE NORMAL PERIOD 1981 TO 2010
CLIMATE RECORD PERIOD 1870 TO 2017


WEATHER ITEM   OBSERVED TIME   RECORD YEAR NORMAL DEPARTURE LAST
                VALUE   (LST)  VALUE       VALUE  FROM      YEAR
                                                  NORMAL
..................................................................
TEMPERATURE (F)
 YESTERDAY
  MAXIMUM         56    101 AM  94    1952  75    -19       61
  MINIMUM         44   1159 PM  35    1907  52     -8       47
                                      1903
  AVERAGE         50                        63    -13       54

PRECIPITATION (IN)
  YESTERDAY        0.29          3.85 1914   0.19   0.10     0.00
  MONTH TO DATE    1.11                      0.91   0.20     0.54
  SINCE MAR 1      9.48                      9.66  -0.18     5.89
  SINCE JAN 1     16.06                     17.23  -1.17    12.47

SNOWFALL (IN)
  YESTERDAY        0.0           0.0    MM   0.0    0.0      0.0
  MONTH TO DATE    0.0                       0.0    0.0      0.0
  SINCE MAR 1      T                         1.3   -1.3       T
  SINCE JUL 1      0.7                       9.1   -8.4     24.0
  SNOW DEPTH       0

DEGREE DAYS
 HEATING
  YESTERDAY       15                         4     11       11
  MONTH TO DATE   28                        21      7       28
  SINCE MAR 1    576                       792   -216      565
  SINCE JUL 1   2957                      3990  -1033     3165

 COOLING
  YESTERDAY        0                         2     -2        0
  MONTH TO DATE    0                        10    -10        8
  SINCE MAR 1     90                        46     44       52
  SINCE JAN 1     94                        46     48       52
..................................................................


WIND (MPH)
  HIGHEST WIND SPEED    14   HIGHEST WIND DIRECTION    NW (320)
  HIGHEST GUST SPEED    22   HIGHEST GUST DIRECTION    NW (330)
  AVERAGE WIND SPEED     6.1


SKY COVER
  POSSIBLE SUNSHINE  MM
  AVERAGE SKY COVER 0.9


WEATHER CONDITIONS
 THE FOLLOWING WEATHER WAS RECORDED YESTERDAY.
  LIGHT RAIN
  FOG


RELATIVE HUMIDITY (PERCENT)
 HIGHEST   100          1200 AM
 LOWEST     86          1100 AM
 AVERAGE    93

..........................................................


THE BOWLING GREEN KY CLIMATE NORMALS FOR TODAY
                         NORMAL    RECORD    YEAR
 MAXIMUM TEMPERATURE (F)   75        93      1930
                                             1916
 MINIMUM TEMPERATURE (F)   52        32      1891


SUNRISE AND SUNSET
MAY  6 2017...........SUNRISE   546 AM CDT   SUNSET   739 PM CDT
MAY  7 2017...........SUNRISE   545 AM CDT   SUNSET   740 PM CDT


-  INDICATES NEGATIVE NUMBERS.
R  INDICATES RECORD WAS SET OR TIED.
MM INDICATES DATA IS MISSING.
T  INDICATES TRACE AMOUNT.




$$
