000
CDUS43 KLMK 080634
CLIBWG


CLIMATE REPORT
NATIONAL WEATHER SERVICE LOUISVILLE KY
234 AM EDT SAT APR 8 2017


...................................

...THE BOWLING GREEN KY CLIMATE SUMMARY FOR APRIL 7 2017...

CLIMATE NORMAL PERIOD 1981 TO 2010
CLIMATE RECORD PERIOD 1870 TO 2017


WEATHER ITEM   OBSERVED TIME   RECORD YEAR NORMAL DEPARTURE LAST
                VALUE   (LST)  VALUE       VALUE  FROM      YEAR
                                                  NORMAL
..................................................................
TEMPERATURE (F)
 YESTERDAY
  MAXIMUM         60    338 PM  88    2001  67     -7       61
                                      1929
                                      1915
  MINIMUM         40   1159 PM  23    1982  43     -3       45
  AVERAGE         50                        55     -5       53

PRECIPITATION (IN)
  YESTERDAY        0.00          2.10 1909   0.14  -0.14     0.00
  MONTH TO DATE    0.89                      0.92  -0.03     0.09
  SINCE MAR 1      4.68                      5.33  -0.65     3.91
  SINCE JAN 1     11.26                     12.90  -1.64    10.49

SNOWFALL (IN)
  YESTERDAY        0.0           0.5  1920   0.0    0.0      0.0
  MONTH TO DATE    0.0                       0.1   -0.1      0.0
  SINCE MAR 1      T                         1.2   -1.2       T
  SINCE JUL 1      0.7                       9.0   -8.3     24.0
  SNOW DEPTH       0

DEGREE DAYS
 HEATING
  YESTERDAY       15                        11      4       12
  MONTH TO DATE   54                        80    -26       86
  SINCE MAR 1    493                       600   -107      435
  SINCE JUL 1   2874                      3798   -924     3035

 COOLING
  YESTERDAY        0                         1     -1        0
  MONTH TO DATE    6                         6      0        0
  SINCE MAR 1     12                        11      1        1
  SINCE JAN 1     16                        11      5        1
..................................................................


WIND (MPH)
  HIGHEST WIND SPEED    20   HIGHEST WIND DIRECTION    NW (310)
  HIGHEST GUST SPEED    26   HIGHEST GUST DIRECTION    NW (300)
  AVERAGE WIND SPEED     7.1


SKY COVER
  POSSIBLE SUNSHINE  MM
  AVERAGE SKY COVER 0.0


WEATHER CONDITIONS
 THE FOLLOWING WEATHER WAS RECORDED YESTERDAY.
  NO SIGNIFICANT WEATHER WAS OBSERVED.


RELATIVE HUMIDITY (PERCENT)
 HIGHEST    65           300 AM
 LOWEST     26           200 PM
 AVERAGE    46

..........................................................


THE BOWLING GREEN KY CLIMATE NORMALS FOR TODAY
                         NORMAL    RECORD    YEAR
 MAXIMUM TEMPERATURE (F)   68        86      1978
                                             1922
 MINIMUM TEMPERATURE (F)   43        23      2007


SUNRISE AND SUNSET
APRIL  8 2017.........SUNRISE   621 AM CDT   SUNSET   715 PM CDT
APRIL  9 2017.........SUNRISE   620 AM CDT   SUNSET   715 PM CDT


-  INDICATES NEGATIVE NUMBERS.
R  INDICATES RECORD WAS SET OR TIED.
MM INDICATES DATA IS MISSING.
T  INDICATES TRACE AMOUNT.




$$
