000
CDUS43 KLMK 170637
CLIBWG


CLIMATE REPORT
NATIONAL WEATHER SERVICE LOUISVILLE KY
137 AM EST TUE FEB 17 2015


...................................

...THE BOWLING GREEN KY CLIMATE SUMMARY FOR FEBRUARY 16 2015...

CLIMATE NORMAL PERIOD 1981 TO 2010
CLIMATE RECORD PERIOD 1870 TO 2015


WEATHER ITEM   OBSERVED TIME   RECORD YEAR NORMAL DEPARTURE LAST
                VALUE   (LST)  VALUE       VALUE  FROM      YEAR
                                                  NORMAL
..................................................................
TEMPERATURE (F)
 YESTERDAY
  MAXIMUM         23    236 AM  77    1911  50    -27       48
  MINIMUM         14   1159 PM  -1    1958  30    -16       26
  AVERAGE         19                        40    -21       37

PRECIPITATION (IN)
  YESTERDAY        0.71          1.40 1893   0.14   0.57     0.00
  MONTH TO DATE    1.71                      2.30  -0.59     4.54
  SINCE DEC 1      5.28                     10.71  -5.43    11.30
  SINCE JAN 1      3.59                      5.91  -2.32     6.29

SNOWFALL (IN)
  YESTERDAY        9.6          11.0  1903   0.1    9.5      0.0
  MONTH TO DATE    9.6                       2.3    7.3      2.0
  SINCE DEC 1     13.0                       6.8    6.2      4.2
  SINCE JUL 1     13.3                       6.8    6.5      5.3
  SNOW DEPTH       4

DEGREE DAYS
 HEATING
  YESTERDAY       46                        25     21       28
  MONTH TO DATE  490                       427     63      535
  SINCE DEC 1   2138                      2156    -18     2438
  SINCE JUL 1   3035                      2919    116     3318

 COOLING
  YESTERDAY        0                         0      0        0
  MONTH TO DATE    0                         0      0        0
  SINCE DEC 1      0                         1     -1        2
  SINCE JAN 1      0                         0      0        0
..................................................................


WIND (MPH)
  HIGHEST WIND SPEED    16   HIGHEST WIND DIRECTION     E (70)
  HIGHEST GUST SPEED    22   HIGHEST GUST DIRECTION    NE (30)
  AVERAGE WIND SPEED     8.0


SKY COVER
  POSSIBLE SUNSHINE  MM
  AVERAGE SKY COVER 1.0


WEATHER CONDITIONS
 THE FOLLOWING WEATHER WAS RECORDED YESTERDAY.
  HEAVY SNOW
  SNOW
  LIGHT SNOW
  FOG
  FOG W/VISIBILITY <= 1/4 MILE
  HAZE


RELATIVE HUMIDITY (PERCENT)
 HIGHEST    84           400 AM
 LOWEST     44           100 AM
 AVERAGE    64

..........................................................


THE BOWLING GREEN KY CLIMATE NORMALS FOR TODAY
                         NORMAL    RECORD    YEAR
 MAXIMUM TEMPERATURE (F)   51        79      1927
 MINIMUM TEMPERATURE (F)   30        -9      1958


SUNRISE AND SUNSET
FEBRUARY 17 2015......SUNRISE   632 AM CST   SUNSET   528 PM CST
FEBRUARY 18 2015......SUNRISE   631 AM CST   SUNSET   529 PM CST


-  INDICATES NEGATIVE NUMBERS.
R  INDICATES RECORD WAS SET OR TIED.
MM INDICATES DATA IS MISSING.
T  INDICATES TRACE AMOUNT.




$$
