000
CDUS43 KLMK 112029
CLIBWG

CLIMATE REPORT
NATIONAL WEATHER SERVICE LOUISVILLE KY
428 PM EDT WED MAY 11 2016


...................................

...THE BOWLING GREEN CLIMATE SUMMARY FOR MAY 11 2016...
VALID TODAY AS OF 0400 PM LOCAL TIME.

CLIMATE NORMAL PERIOD 1981 TO 2010
CLIMATE RECORD PERIOD 1870 TO 2016


WEATHER ITEM   OBSERVED TIME   RECORD YEAR NORMAL DEPARTURE LAST
                VALUE   (LST)  VALUE       VALUE  FROM      YEAR
                                                  NORMAL
..................................................................
TEMPERATURE (F)
 TODAY
  MAXIMUM         83    129 PM  94    1936  76      7       86
                                      1922
  MINIMUM         67    830 AM  32    1885  54     13       66
  AVERAGE         75                        65     10       76

PRECIPITATION (IN)
  TODAY            0.42          1.54 1894   0.18   0.24     0.08
  MONTH TO DATE    1.08                      2.03  -0.95     0.08
  SINCE MAR 1      6.43                     10.78  -4.35    15.43
  SINCE JAN 1     13.01                     18.35  -5.34    21.31

SNOWFALL (IN)
  TODAY           MM             0.0    MM   0.0   MM        0.0
  MONTH TO DATE    0.0                       0.0    0.0      0.0
  SINCE MAR 1      T                         1.3   -1.3      7.2
  SINCE JUL 1     24.0                       9.1   14.9     23.5
  SNOW DEPTH      MM

DEGREE DAYS
 HEATING
  TODAY            0                         3     -3        0
  MONTH TO DATE   32                        40     -8       16
  SINCE MAR 1    569                       811   -242      728
  SINCE JUL 1   3169                      4009   -840     4263

 COOLING
  TODAY           10                         3      7       11
  MONTH TO DATE   41                        25     16       62
  SINCE MAR 1     85                        61     24       97
  SINCE JAN 1     85                        61     24       97
..................................................................


WIND (MPH)
  HIGHEST WIND SPEED    12   HIGHEST WIND DIRECTION    SW (210)
  HIGHEST GUST SPEED    17   HIGHEST GUST DIRECTION    SW (210)
  AVERAGE WIND SPEED     7.4


SKY COVER
  POSSIBLE SUNSHINE  MM
  AVERAGE SKY COVER 0.4


WEATHER CONDITIONS
 THE FOLLOWING WEATHER WAS RECORDED TODAY.
  THUNDERSTORM
  HEAVY RAIN
  LIGHT RAIN
  FOG


RELATIVE HUMIDITY (PERCENT)
 HIGHEST    87           200 AM
 LOWEST     74           100 PM
 AVERAGE    81

..........................................................


THE BOWLING GREEN CLIMATE NORMALS FOR TOMORROW
                         NORMAL    RECORD    YEAR
 MAXIMUM TEMPERATURE (F)   77        93      1914
 MINIMUM TEMPERATURE (F)   54        37      1951


SUNRISE AND SUNSET
MAY 11 2016...........SUNRISE   541 AM CDT   SUNSET   744 PM CDT
MAY 12 2016...........SUNRISE   540 AM CDT   SUNSET   745 PM CDT


-  INDICATES NEGATIVE NUMBERS.
R  INDICATES RECORD WAS SET OR TIED.
MM INDICATES DATA IS MISSING.
T  INDICATES TRACE AMOUNT.




$$
