000
CDUS43 KLMK 022127
CLIBWG


CLIMATE REPORT
NATIONAL WEATHER SERVICE LOUISVILLE KY
427 PM EST THU FEB 2 2017


...................................

...THE BOWLING GREEN CLIMATE SUMMARY FOR FEBRUARY 2 2017...
VALID TODAY AS OF 0400 PM LOCAL TIME.

CLIMATE NORMAL PERIOD 1981 TO 2010
CLIMATE RECORD PERIOD 1870 TO 2017


WEATHER ITEM   OBSERVED TIME   RECORD YEAR NORMAL DEPARTURE LAST
                VALUE   (LST)  VALUE       VALUE  FROM      YEAR
                                                  NORMAL
..................................................................
TEMPERATURE (F)
 TODAY
  MAXIMUM         44    233 PM  73    2016  47     -3       73
  MINIMUM         29    711 AM -20    1951  27      2       40
  AVERAGE         37                        37      0       57

PRECIPITATION (IN)
  TODAY            0.00          1.54 2014   0.14  -0.14     1.40
  MONTH TO DATE    0.00                      0.29  -0.29     1.69
  SINCE DEC 1      9.80                      8.70   1.10     8.73
  SINCE JAN 1      4.16                      3.90   0.26     3.50

SNOWFALL (IN)
  TODAY            0.0           4.8  1936   0.1   -0.1      0.0
  MONTH TO DATE    0.0                       0.3   -0.3      0.0
  SINCE DEC 1      0.7                       4.8   -4.1     14.8
  SINCE JUL 1      0.7                       4.8   -4.1     14.8
  SNOW DEPTH       0

DEGREE DAYS
 HEATING
  TODAY           28                        28      0        8
  MONTH TO DATE   47                        56     -9       23
  SINCE DEC 1   1482                      1785   -303     1408
  SINCE JUL 1   1968                      2548   -580     1946

 COOLING
  TODAY            0                         0      0        0
  MONTH TO DATE    0                         0      0        0
  SINCE DEC 1      0                         1     -1        2
  SINCE JAN 1      0                         0      0        0
..................................................................


WIND (MPH)
  HIGHEST WIND SPEED     9   HIGHEST WIND DIRECTION     N (360)
  HIGHEST GUST SPEED    13   HIGHEST GUST DIRECTION     N (350)
  AVERAGE WIND SPEED     4.4


SKY COVER
  POSSIBLE SUNSHINE  MM
  AVERAGE SKY COVER 0.3


WEATHER CONDITIONS
 THE FOLLOWING WEATHER WAS RECORDED TODAY.
  NO SIGNIFICANT WEATHER WAS OBSERVED.


RELATIVE HUMIDITY (PERCENT)
 HIGHEST    78           700 AM
 LOWEST     30          1200 PM
 AVERAGE    54

..........................................................


THE BOWLING GREEN CLIMATE NORMALS FOR TOMORROW
                         NORMAL    RECORD    YEAR
 MAXIMUM TEMPERATURE (F)   47        71      1927
                                             1924
 MINIMUM TEMPERATURE (F)   27       -18      1951


SUNRISE AND SUNSET
FEBRUARY  2 2017......SUNRISE   647 AM CST   SUNSET   512 PM CST
FEBRUARY  3 2017......SUNRISE   646 AM CST   SUNSET   513 PM CST


-  INDICATES NEGATIVE NUMBERS.
R  INDICATES RECORD WAS SET OR TIED.
MM INDICATES DATA IS MISSING.
T  INDICATES TRACE AMOUNT.




$$
