000
CDUS43 KLMK 302036
CLIBWG

CLIMATE REPORT
NATIONAL WEATHER SERVICE LOUISVILLE KY
429 PM EDT MON JUN 30 2014


...................................

...THE BOWLING GREEN CLIMATE SUMMARY FOR JUNE 30 2014...
VALID TODAY AS OF 0400 PM LOCAL TIME.

CLIMATE NORMAL PERIOD 1981 TO 2010
CLIMATE RECORD PERIOD 1870 TO 2014


WEATHER ITEM   OBSERVED TIME   RECORD YEAR NORMAL DEPARTURE LAST
                VALUE   (LST)  VALUE       VALUE  FROM      YEAR
                                                  NORMAL
..................................................................
TEMPERATURE (F)
 TODAY
  MAXIMUM         92    200 PM 108    2012  89      3       82
  MINIMUM         71    645 AM  49    1923  67      4       64
  AVERAGE         82                        78      4       73

PRECIPITATION (IN)
  TODAY            T             1.12 1922   0.13  -0.13     0.01
  MONTH TO DATE    1.72                      4.20  -2.48     2.37
  SINCE JUN 1      1.72                      4.20  -2.48     2.37
  SINCE JAN 1     22.30                     26.13  -3.83    26.90

SNOWFALL (IN)
  TODAY            0.0           0.0    MM   0.0    0.0      0.0
  MONTH TO DATE    0.0                       0.0    0.0      0.0
  SINCE JUN 1      0.0                       0.0    0.0      0.0
  SINCE JUL 1     10.4                       9.1    1.3      3.8
  SNOW DEPTH       0

DEGREE DAYS
 HEATING
  TODAY            0                         0      0        0
  MONTH TO DATE    0                         3     -3        0
  SINCE JUN 1      0                         5     -5        0
  SINCE JUL 1   4533                      4048    485     3875

 COOLING
  TODAY           17                        13      4        8
  MONTH TO DATE  348                       305     43      334
  SINCE JUN 1    348                       305     43      334
  SINCE JAN 1    545                       458     87      547
..................................................................


WIND (MPH)
  HIGHEST WIND SPEED    13   HIGHEST WIND DIRECTION     W (250)
  HIGHEST GUST SPEED    17   HIGHEST GUST DIRECTION     W (250)
  AVERAGE WIND SPEED     6.2


SKY COVER
  POSSIBLE SUNSHINE  MM
  AVERAGE SKY COVER 0.7


WEATHER CONDITIONS
 THE FOLLOWING WEATHER WAS RECORDED TODAY.
  FOG
  HAZE


RELATIVE HUMIDITY (PERCENT)
 HIGHEST    93           100 AM
 LOWEST     52           100 PM
 AVERAGE    73

..........................................................


THE BOWLING GREEN CLIMATE NORMALS FOR TOMORROW
                         NORMAL    RECORD    YEAR
 MAXIMUM TEMPERATURE (F)   89       105      2012
 MINIMUM TEMPERATURE (F)   67        53      1923


SUNRISE AND SUNSET
JUNE 30 2014..........SUNRISE   529 AM CDT   SUNSET   809 PM CDT
JULY  1 2014..........SUNRISE   530 AM CDT   SUNSET   809 PM CDT


-  INDICATES NEGATIVE NUMBERS.
R  INDICATES RECORD WAS SET OR TIED.
MM INDICATES DATA IS MISSING.
T  INDICATES TRACE AMOUNT.




$$
