659
CDUS43 KLMK 070628
CLIBWG


CLIMATE REPORT
NATIONAL WEATHER SERVICE LOUISVILLE KY
127 AM EST SAT JAN 7 2017


...................................

...THE BOWLING GREEN KY CLIMATE SUMMARY FOR JANUARY 6 2017...

CLIMATE NORMAL PERIOD 1981 TO 2010
CLIMATE RECORD PERIOD 1870 TO 2017


WEATHER ITEM   OBSERVED TIME   RECORD YEAR NORMAL DEPARTURE LAST
                VALUE   (LST)  VALUE       VALUE  FROM      YEAR
                                                  NORMAL
..................................................................
TEMPERATURE (F)
 YESTERDAY
  MAXIMUM         22   1248 AM  72    1946  45    -23       46
  MINIMUM         13   1159 PM -12    1884  26    -13       19
  AVERAGE         18                        36    -18       33

PRECIPITATION (IN)
  YESTERDAY        0.00          1.72 1991   0.12  -0.12     0.00
  MONTH TO DATE    0.96                      0.72   0.24     0.00
  SINCE DEC 1      5.70                      5.52   0.18     5.23
  SINCE JAN 1      0.96                      0.72   0.24     0.00

SNOWFALL (IN)
  YESTERDAY        0.0          10.0  1910   0.1   -0.1      0.0
  MONTH TO DATE    0.7                       0.5    0.2      0.0
  SINCE DEC 1      0.7                       1.7   -1.0       T
  SINCE JUL 1      0.7                       1.7   -1.0       T
  SNOW DEPTH       1

DEGREE DAYS
 HEATING
  YESTERDAY       47                        30     17       32
  MONTH TO DATE  157                       175    -18      180
  SINCE DEC 1    952                       996    -44      621
  SINCE JUL 1   1438                      1759   -321     1159

 COOLING
  YESTERDAY        0                         0      0        0
  MONTH TO DATE    0                         0      0        0
  SINCE DEC 1      0                         1     -1        2
  SINCE JAN 1      0                         0      0        0
..................................................................


WIND (MPH)
  HIGHEST WIND SPEED    12   HIGHEST WIND DIRECTION    NW (330)
  HIGHEST GUST SPEED    18   HIGHEST GUST DIRECTION     N (360)
  AVERAGE WIND SPEED     6.6


SKY COVER
  POSSIBLE SUNSHINE  MM
  AVERAGE SKY COVER 0.7


WEATHER CONDITIONS
 THE FOLLOWING WEATHER WAS RECORDED YESTERDAY.
  NO SIGNIFICANT WEATHER WAS OBSERVED.


RELATIVE HUMIDITY (PERCENT)
 HIGHEST    77          1200 AM
 LOWEST     49           400 PM
 AVERAGE    63

..........................................................


THE BOWLING GREEN KY CLIMATE NORMALS FOR TODAY
                         NORMAL    RECORD    YEAR
 MAXIMUM TEMPERATURE (F)   45        72      1907
 MINIMUM TEMPERATURE (F)   26       -11      1912


SUNRISE AND SUNSET
JANUARY  7 2017.......SUNRISE   659 AM CST   SUNSET   445 PM CST
JANUARY  8 2017.......SUNRISE   659 AM CST   SUNSET   446 PM CST


-  INDICATES NEGATIVE NUMBERS.
R  INDICATES RECORD WAS SET OR TIED.
MM INDICATES DATA IS MISSING.
T  INDICATES TRACE AMOUNT.




$$
