864
CDUS43 KLMK 312135
CLIBWG


CLIMATE REPORT
NATIONAL WEATHER SERVICE LOUISVILLE KY
434 PM EST SUN JAN 31 2016


...................................

...THE BOWLING GREEN CLIMATE SUMMARY FOR JANUARY 31 2016...
VALID TODAY AS OF 0400 PM LOCAL TIME.

CLIMATE NORMAL PERIOD 1981 TO 2010
CLIMATE RECORD PERIOD 1870 TO 2016


WEATHER ITEM   OBSERVED TIME   RECORD YEAR NORMAL DEPARTURE LAST
                VALUE   (LST)  VALUE       VALUE  FROM      YEAR
                                                  NORMAL
..................................................................
TEMPERATURE (F)
 TODAY
  MAXIMUM         72R   233 PM  72    2002  46     26       45
  MINIMUM         54    409 AM  -8    1965  27     27       20
  AVERAGE         63                        37     26       33

PRECIPITATION (IN)
  TODAY            0.00          1.81 1951   0.14  -0.14     0.00
  MONTH TO DATE    1.79                      3.61  -1.82     1.88
  SINCE DEC 1      7.02                      8.41  -1.39     3.57
  SINCE JAN 1      1.79                      3.61  -1.82     1.88

SNOWFALL (IN)
  TODAY            0.0           8.0  1899   0.1   -0.1      0.0
  MONTH TO DATE   14.8                       3.3   11.5      3.4
  SINCE DEC 1     14.8                       4.5   10.3      3.4
  SINCE JUL 1     14.8                       4.5   10.3      3.7
  SNOW DEPTH       0

DEGREE DAYS
 HEATING
  TODAY            2                        28    -26       32
  MONTH TO DATE  944                       910     34      932
  SINCE DEC 1   1385                      1729   -344     1648
  SINCE JUL 1   1923                      2492   -569     2545

 COOLING
  TODAY            0                         0      0        0
  MONTH TO DATE    0                         0      0        0
  SINCE DEC 1      2                         1      1        0
  SINCE JAN 1      0                         0      0        0
..................................................................


WIND (MPH)
  HIGHEST WIND SPEED    28   HIGHEST WIND DIRECTION    SW (210)
  HIGHEST GUST SPEED    41   HIGHEST GUST DIRECTION    SW (220)
  AVERAGE WIND SPEED    17.6


SKY COVER
  POSSIBLE SUNSHINE   0 PERCENT
  AVERAGE SKY COVER 0.0


WEATHER CONDITIONS
 THE FOLLOWING WEATHER WAS RECORDED TODAY.
  NO SIGNIFICANT WEATHER WAS OBSERVED.


RELATIVE HUMIDITY (PERCENT)
 HIGHEST    MM
 LOWEST     MM
 AVERAGE    MM

..........................................................


THE BOWLING GREEN CLIMATE NORMALS FOR TOMORROW
                         NORMAL    RECORD    YEAR
 MAXIMUM TEMPERATURE (F)   47        74      1911
 MINIMUM TEMPERATURE (F)   27        -9      1951


SUNRISE AND SUNSET
JANUARY 31 2016.......SUNRISE   649 AM CST   SUNSET   509 PM CST
FEBRUARY  1 2016......SUNRISE   649 AM CST   SUNSET   510 PM CST


-  INDICATES NEGATIVE NUMBERS.
R  INDICATES RECORD WAS SET OR TIED.
MM INDICATES DATA IS MISSING.
T  INDICATES TRACE AMOUNT.




$$
