000
CDUS43 KLMK 312027 RRD
CLIBWG

CLIMATE REPORT
NATIONAL WEATHER SERVICE LOUISVILLE KY
426 PM EDT MON JUL 31 2017


...................................

...THE BOWLING GREEN CLIMATE SUMMARY FOR JULY 31 2017...
VALID TODAY AS OF 0400 PM LOCAL TIME.

CLIMATE NORMAL PERIOD 1981 TO 2010
CLIMATE RECORD PERIOD 1870 TO 2017


WEATHER ITEM   OBSERVED TIME   RECORD YEAR NORMAL DEPARTURE LAST
                VALUE   (LST)  VALUE       VALUE  FROM      YEAR
                                                  NORMAL
..................................................................
TEMPERATURE (F)
 TODAY
  MAXIMUM         89    200 PM 102    1931  90     -1       90
                                      1921
  MINIMUM         60    611 AM  53    1965  68     -8       70
  AVERAGE         75                        79     -4       80

PRECIPITATION (IN)
  TODAY            0.00          2.30 1938   0.11  -0.11     0.00
  MONTH TO DATE    3.49                      4.10  -0.61    11.12
  SINCE JUN 1     11.42                      8.30   3.12    13.59
  SINCE JAN 1     31.72                     30.23   1.49    32.76

SNOWFALL (IN)
  TODAY            0.0           0.0    MM   0.0    0.0      0.0
  MONTH TO DATE    0.0                       0.0    0.0      0.0
  SINCE JUN 1      0.0                       0.0    0.0      0.0
  SINCE JUL 1      0.0                       0.0    0.0      0.0
  SNOW DEPTH       0

DEGREE DAYS
 HEATING
  TODAY            0                         0      0        0
  MONTH TO DATE    0                         0      0        0
  SINCE JUN 1      0                         5     -5        0
  SINCE JUL 1      0                         0      0        0

 COOLING
  TODAY           10                        14     -4       15
  MONTH TO DATE  473                       423     50      508
  SINCE JUN 1    758                       728     30      901
  SINCE JAN 1   1007                       881    126     1067
..................................................................


WIND (MPH)
  HIGHEST WIND SPEED     6   HIGHEST WIND DIRECTION    SE (140)
  HIGHEST GUST SPEED    12   HIGHEST GUST DIRECTION    NE (60)
  AVERAGE WIND SPEED     1.8


SKY COVER
  POSSIBLE SUNSHINE  MM
  AVERAGE SKY COVER 0.0


WEATHER CONDITIONS
 THE FOLLOWING WEATHER WAS RECORDED TODAY.
  NO SIGNIFICANT WEATHER WAS OBSERVED.


RELATIVE HUMIDITY (PERCENT)
 HIGHEST   100           500 AM
 LOWEST     34           100 PM
 AVERAGE    67

..........................................................


THE BOWLING GREEN CLIMATE NORMALS FOR TOMORROW
                         NORMAL    RECORD    YEAR
 MAXIMUM TEMPERATURE (F)   90       102      1931
 MINIMUM TEMPERATURE (F)   68        53      1925


SUNRISE AND SUNSET
JULY 31 2017..........SUNRISE   550 AM CDT   SUNSET   753 PM CDT
AUGUST  1 2017........SUNRISE   551 AM CDT   SUNSET   752 PM CDT


-  INDICATES NEGATIVE NUMBERS.
R  INDICATES RECORD WAS SET OR TIED.
MM INDICATES DATA IS MISSING.
T  INDICATES TRACE AMOUNT.




$$
