000
CDUS43 KLMK 030634
CLIBWG


CLIMATE REPORT
NATIONAL WEATHER SERVICE LOUISVILLE KY
233 AM EDT WED AUG 3 2016


...................................

...THE BOWLING GREEN KY CLIMATE SUMMARY FOR AUGUST 2 2016...

CLIMATE NORMAL PERIOD 1981 TO 2010
CLIMATE RECORD PERIOD 1870 TO 2016


WEATHER ITEM   OBSERVED TIME   RECORD YEAR NORMAL DEPARTURE LAST
                VALUE   (LST)  VALUE       VALUE  FROM      YEAR
                                                  NORMAL
..................................................................
TEMPERATURE (F)
 YESTERDAY
  MAXIMUM         90    155 PM 102    1942  90      0       90
  MINIMUM         73    608 AM  52    1920  68      5       60
  AVERAGE         82                        78      4       75

PRECIPITATION (IN)
  YESTERDAY        0.00          2.87 1971   0.10  -0.10     0.00
  MONTH TO DATE    0.05                      0.20  -0.15     0.00
  SINCE JUN 1     13.64                      8.50   5.14     9.28
  SINCE JAN 1     32.81                     30.43   2.38    33.47

SNOWFALL (IN)
  YESTERDAY        0.0           0.0    MM   0.0    0.0      0.0
  MONTH TO DATE    0.0                       0.0    0.0      0.0
  SINCE JUN 1      0.0                       0.0    0.0      0.0
  SINCE JUL 1      0.0                       0.0    0.0      0.0
  SNOW DEPTH       0

DEGREE DAYS
 HEATING
  YESTERDAY        0                         0      0        0
  MONTH TO DATE    0                         0      0        0
  SINCE JUN 1      0                         5     -5        3
  SINCE JUL 1      0                         0      0        0

 COOLING
  YESTERDAY       17                        13      4       10
  MONTH TO DATE   34                        27      7       23
  SINCE JUN 1    935                       755    180      884
  SINCE JAN 1   1101                       908    193     1087
..................................................................


WIND (MPH)
  HIGHEST WIND SPEED     9   HIGHEST WIND DIRECTION    NE (30)
  HIGHEST GUST SPEED    13   HIGHEST GUST DIRECTION     N (20)
  AVERAGE WIND SPEED     1.3


SKY COVER
  POSSIBLE SUNSHINE  MM
  AVERAGE SKY COVER 0.6


WEATHER CONDITIONS
 THE FOLLOWING WEATHER WAS RECORDED YESTERDAY.
  FOG
  HAZE


RELATIVE HUMIDITY (PERCENT)
 HIGHEST    93          1200 AM
 LOWEST     56           200 PM
 AVERAGE    75

..........................................................


THE BOWLING GREEN KY CLIMATE NORMALS FOR TODAY
                         NORMAL    RECORD    YEAR
 MAXIMUM TEMPERATURE (F)   90       103      2011
                                             1902
                                             1897
 MINIMUM TEMPERATURE (F)   67        52      1920


SUNRISE AND SUNSET
AUGUST  3 2016........SUNRISE   553 AM CDT   SUNSET   750 PM CDT
AUGUST  4 2016........SUNRISE   554 AM CDT   SUNSET   749 PM CDT


-  INDICATES NEGATIVE NUMBERS.
R  INDICATES RECORD WAS SET OR TIED.
MM INDICATES DATA IS MISSING.
T  INDICATES TRACE AMOUNT.

$$

SCHOETTMER
