000
CDUS43 KLMK 100628
CLIBWG


CLIMATE REPORT
NATIONAL WEATHER SERVICE LOUISVILLE KY
127 AM EST FRI MAR 10 2017


...................................

...THE BOWLING GREEN KY CLIMATE SUMMARY FOR MARCH 9 2017...

CLIMATE NORMAL PERIOD 1981 TO 2010
CLIMATE RECORD PERIOD 1870 TO 2017


WEATHER ITEM   OBSERVED TIME   RECORD YEAR NORMAL DEPARTURE LAST
                VALUE   (LST)  VALUE       VALUE  FROM      YEAR
                                                  NORMAL
..................................................................
TEMPERATURE (F)
 YESTERDAY
  MAXIMUM         74    247 PM  81    1925  57     17       77
                                      1918
  MINIMUM         34    510 AM  10    1932  35     -1       53
  AVERAGE         54                        46      8       65

PRECIPITATION (IN)
  YESTERDAY        0.53          2.21 1994   0.13   0.40     0.01
  MONTH TO DATE    1.85                      1.22   0.63     0.59
  SINCE MAR 1      1.85                      1.22   0.63     0.59
  SINCE JAN 1      8.43                      8.79  -0.36     7.17

SNOWFALL (IN)
  YESTERDAY        0.0          18.0  1960   0.0    0.0      0.0
  MONTH TO DATE    0.0                       0.3   -0.3      0.0
  SINCE MAR 1      0.0                       0.3   -0.3      0.0
  SINCE JUL 1      0.7                       8.1   -7.4     24.0
  SNOW DEPTH       0

DEGREE DAYS
 HEATING
  YESTERDAY       11                        19     -8        0
  MONTH TO DATE  125                       181    -56      147
  SINCE MAR 1    125                       181    -56      147
  SINCE JUL 1   2506                      3379   -873     2747

 COOLING
  YESTERDAY        0                         0      0        0
  MONTH TO DATE    0                         0      0        0
  SINCE MAR 1      0                         0      0        0
  SINCE JAN 1      4                         0      4        0
..................................................................


WIND (MPH)
  HIGHEST WIND SPEED    24   HIGHEST WIND DIRECTION    SE (150)
  HIGHEST GUST SPEED    35   HIGHEST GUST DIRECTION    SW (210)
  AVERAGE WIND SPEED     6.8


SKY COVER
  POSSIBLE SUNSHINE  MM
  AVERAGE SKY COVER 0.1


WEATHER CONDITIONS
 THE FOLLOWING WEATHER WAS RECORDED YESTERDAY.
  THUNDERSTORM
  HEAVY RAIN
  RAIN
  LIGHT RAIN
  FOG


RELATIVE HUMIDITY (PERCENT)
 HIGHEST    89           500 AM
 LOWEST     23           300 PM
 AVERAGE    56

..........................................................


THE BOWLING GREEN KY CLIMATE NORMALS FOR TODAY
                         NORMAL    RECORD    YEAR
 MAXIMUM TEMPERATURE (F)   58        82      1990
 MINIMUM TEMPERATURE (F)   35        12      1877


SUNRISE AND SUNSET
MARCH 10 2017.........SUNRISE   604 AM CST   SUNSET   549 PM CST
MARCH 11 2017.........SUNRISE   602 AM CST   SUNSET   550 PM CST


-  INDICATES NEGATIVE NUMBERS.
R  INDICATES RECORD WAS SET OR TIED.
MM INDICATES DATA IS MISSING.
T  INDICATES TRACE AMOUNT.




$$
