000
CDUS43 KLMK 052029
CLIBWG


CLIMATE REPORT
NATIONAL WEATHER SERVICE LOUISVILLE KY
429 PM EDT FRI SEP 5 2014


...................................

...THE BOWLING GREEN CLIMATE SUMMARY FOR SEPTEMBER 5 2014...
VALID TODAY AS OF 0400 PM LOCAL TIME.

CLIMATE NORMAL PERIOD 1981 TO 2010
CLIMATE RECORD PERIOD 1870 TO 2014


WEATHER ITEM   OBSERVED TIME   RECORD YEAR NORMAL DEPARTURE LAST
                VALUE   (LST)  VALUE       VALUE  FROM      YEAR
                                                  NORMAL
..................................................................
TEMPERATURE (F)
 TODAY
  MAXIMUM         90    200 PM 104    1954  86      4       84
                                      1925
  MINIMUM         70        MM  45    1902  62      8       58
  AVERAGE         80                        74      6       71

PRECIPITATION (IN)
  TODAY            0.00          2.35 1944   0.12  -0.12     0.00
  MONTH TO DATE    0.11                      0.61  -0.50     0.84
  SINCE SEP 1      0.11                      0.61  -0.50     0.84
  SINCE JAN 1     36.27                     34.17   2.10    43.54

SNOWFALL (IN)
  TODAY            0.0           0.0    MM   0.0    0.0      0.0
  MONTH TO DATE    0.0                       0.0    0.0      0.0
  SINCE SEP 1      0.0                       0.0    0.0      0.0
  SINCE JUL 1      0.0                       0.0    0.0      0.0
  SNOW DEPTH       0

DEGREE DAYS
 HEATING
  TODAY            0                         0      0        0
  MONTH TO DATE    0                         0      0        0
  SINCE SEP 1      0                         0      0        0
  SINCE JUL 1      0                         1     -1        0

 COOLING
  TODAY           15                         9      6        6
  MONTH TO DATE   72                        48     24       48
  SINCE SEP 1     72                        48     24       48
  SINCE JAN 1   1349                      1317     32     1308
..................................................................


WIND (MPH)
  HIGHEST WIND SPEED     8   HIGHEST WIND DIRECTION     S (170)
  HIGHEST GUST SPEED    MM   HIGHEST GUST DIRECTION    MM
  AVERAGE WIND SPEED     2.6


SKY COVER
  POSSIBLE SUNSHINE  MM
  AVERAGE SKY COVER 0.1


WEATHER CONDITIONS
 THE FOLLOWING WEATHER WAS RECORDED TODAY.
  FOG


RELATIVE HUMIDITY (PERCENT)
 HIGHEST    93          1200 AM
 LOWEST     52           100 PM
 AVERAGE    73

..........................................................


THE BOWLING GREEN CLIMATE NORMALS FOR TOMORROW
                         NORMAL    RECORD    YEAR
 MAXIMUM TEMPERATURE (F)   86       104      1954
                                             1925
 MINIMUM TEMPERATURE (F)   62        46      1988


SUNRISE AND SUNSET
SEPTEMBER  5 2014.....SUNRISE   620 AM CDT   SUNSET   708 PM CDT
SEPTEMBER  6 2014.....SUNRISE   621 AM CDT   SUNSET   707 PM CDT


-  INDICATES NEGATIVE NUMBERS.
R  INDICATES RECORD WAS SET OR TIED.
MM INDICATES DATA IS MISSING.
T  INDICATES TRACE AMOUNT.




$$
