924
CDUS43 KLMK 212027
CLIBWG

CLIMATE REPORT
NATIONAL WEATHER SERVICE LOUISVILLE KY
426 PM EDT THU APR 21 2016


...................................

...THE BOWLING GREEN CLIMATE SUMMARY FOR APRIL 21 2016...
VALID TODAY AS OF 0400 PM LOCAL TIME.

CLIMATE NORMAL PERIOD 1981 TO 2010
CLIMATE RECORD PERIOD 1870 TO 2016


WEATHER ITEM   OBSERVED TIME   RECORD YEAR NORMAL DEPARTURE LAST
                VALUE   (LST)  VALUE       VALUE  FROM      YEAR
                                                  NORMAL
..................................................................
TEMPERATURE (F)
 TODAY
  MAXIMUM         77    112 PM  89    1963  71      6       68
  MINIMUM         66    555 AM  24    1888  47     19       46
  AVERAGE         72                        59     13       57

PRECIPITATION (IN)
  TODAY            0.00          1.89 1967   0.15  -0.15     0.07
  MONTH TO DATE    0.59                      2.91  -2.32     8.80
  SINCE MAR 1      4.41                      7.32  -2.91    15.07
  SINCE JAN 1     10.99                     14.89  -3.90    20.95

SNOWFALL (IN)
  TODAY            0.0           0.0    MM   0.0    0.0      0.0
  MONTH TO DATE    0.0                       0.2   -0.2      0.0
  SINCE MAR 1      T                         1.3   -1.3      7.2
  SINCE JUL 1     24.0                       9.1   14.9     23.5
  SNOW DEPTH       0

DEGREE DAYS
 HEATING
  TODAY            0                         7     -7        8
  MONTH TO DATE  181                       200    -19       89
  SINCE MAR 1    530                       720   -190      629
  SINCE JUL 1   3130                      3918   -788     4164

 COOLING
  TODAY            7                         1      6        0
  MONTH TO DATE   17                        20     -3       31
  SINCE MAR 1     18                        25     -7       31
  SINCE JAN 1     18                        25     -7       31
..................................................................


WIND (MPH)
  HIGHEST WIND SPEED    16   HIGHEST WIND DIRECTION    SW (210)
  HIGHEST GUST SPEED    23   HIGHEST GUST DIRECTION    SW (210)
  AVERAGE WIND SPEED     9.6


SKY COVER
  POSSIBLE SUNSHINE  MM
  AVERAGE SKY COVER 0.3


WEATHER CONDITIONS
 THE FOLLOWING WEATHER WAS RECORDED TODAY.
  NO SIGNIFICANT WEATHER WAS OBSERVED.


RELATIVE HUMIDITY (PERCENT)
 HIGHEST    63           600 AM
 LOWEST     46           100 PM
 AVERAGE    55

..........................................................


THE BOWLING GREEN CLIMATE NORMALS FOR TOMORROW
                         NORMAL    RECORD    YEAR
 MAXIMUM TEMPERATURE (F)   72        89      1873
 MINIMUM TEMPERATURE (F)   48        31      1927


SUNRISE AND SUNSET
APRIL 21 2016.........SUNRISE   603 AM CDT   SUNSET   726 PM CDT
APRIL 22 2016.........SUNRISE   602 AM CDT   SUNSET   727 PM CDT


-  INDICATES NEGATIVE NUMBERS.
R  INDICATES RECORD WAS SET OR TIED.
MM INDICATES DATA IS MISSING.
T  INDICATES TRACE AMOUNT.




$$
