000
CDUS43 KLMK 082137
CLIBWG


CLIMATE REPORT
NATIONAL WEATHER SERVICE LOUISVILLE KY
437 PM EST MON DEC 8 2014


...................................

...THE BOWLING GREEN CLIMATE SUMMARY FOR DECEMBER 8 2014...
VALID TODAY AS OF 0400 PM LOCAL TIME.

CLIMATE NORMAL PERIOD 1981 TO 2010
CLIMATE RECORD PERIOD 1870 TO 2014


WEATHER ITEM   OBSERVED TIME   RECORD YEAR NORMAL DEPARTURE LAST
                VALUE   (LST)  VALUE       VALUE  FROM      YEAR
                                                  NORMAL
..................................................................
TEMPERATURE (F)
 TODAY
  MAXIMUM         53    314 PM  76    1894  50      3       39
  MINIMUM         36    226 AM   2    1882  31      5       28
  AVERAGE         45                        40      5       34

PRECIPITATION (IN)
  TODAY            0.00          4.15 1978   0.17  -0.17     0.43
  MONTH TO DATE    1.05                      1.29  -0.24     2.55
  SINCE DEC 1      1.05                      1.29  -0.24     2.55
  SINCE JAN 1     45.48                     46.38  -0.90    57.20

SNOWFALL (IN)
  TODAY            0.0           5.0  1917   0.0    0.0      0.0
  MONTH TO DATE    0.0                       0.1   -0.1      0.0
  SINCE DEC 1      0.0                       0.1   -0.1      0.0
  SINCE JUL 1      0.3                       0.1    0.2      1.1
  SNOW DEPTH       0

DEGREE DAYS
 HEATING
  TODAY           20                        25     -5       31
  MONTH TO DATE  153                       188    -35      161
  SINCE DEC 1    153                       188    -35      161
  SINCE JUL 1   1050                       951     99     1041

 COOLING
  TODAY            0                         0      0        0
  MONTH TO DATE    0                         0      0        0
  SINCE DEC 1      0                         0      0        0
  SINCE JAN 1   1488                      1491     -3     1499
..................................................................


WIND (MPH)
  HIGHEST WIND SPEED    17   HIGHEST WIND DIRECTION    SW (230)
  HIGHEST GUST SPEED    22   HIGHEST GUST DIRECTION    SW (230)
  AVERAGE WIND SPEED     4.7


SKY COVER
  POSSIBLE SUNSHINE   0 PERCENT
  AVERAGE SKY COVER 0.0


WEATHER CONDITIONS
 THE FOLLOWING WEATHER WAS RECORDED TODAY.
  NO SIGNIFICANT WEATHER WAS OBSERVED.


RELATIVE HUMIDITY (PERCENT)
 HIGHEST     0          1200 AM
 LOWEST      0          1200 AM
 AVERAGE     0

..........................................................


THE BOWLING GREEN CLIMATE NORMALS FOR TOMORROW
                         NORMAL    RECORD    YEAR
 MAXIMUM TEMPERATURE (F)   50        71      1952
 MINIMUM TEMPERATURE (F)   30       -10      1917


SUNRISE AND SUNSET
DECEMBER  8 2014......SUNRISE   646 AM CST   SUNSET   429 PM CST
DECEMBER  9 2014......SUNRISE   647 AM CST   SUNSET   429 PM CST


-  INDICATES NEGATIVE NUMBERS.
R  INDICATES RECORD WAS SET OR TIED.
MM INDICATES DATA IS MISSING.
T  INDICATES TRACE AMOUNT.




$$
