000
CDUS43 KLMK 302026
CLIBWG


CLIMATE REPORT
NATIONAL WEATHER SERVICE LOUISVILLE KY
426 PM EDT SUN MAR 30 2014


...................................

...THE BOWLING GREEN CLIMATE SUMMARY FOR MARCH 30 2014...
VALID TODAY AS OF 0400 PM LOCAL TIME.

CLIMATE NORMAL PERIOD 1981 TO 2010
CLIMATE RECORD PERIOD 1870 TO 2014


WEATHER ITEM   OBSERVED TIME   RECORD YEAR NORMAL DEPARTURE LAST
                VALUE   (LST)  VALUE       VALUE  FROM      YEAR
                                                  NORMAL
..................................................................
TEMPERATURE (F)
 TODAY
  MAXIMUM         57    200 PM  87    1910  65     -8       59
  MINIMUM         37        MM  22    1964  41     -4       44
  AVERAGE         47                        53     -6       52

PRECIPITATION (IN)
  TODAY            0.00          2.70 1914   0.15  -0.15     0.43
  MONTH TO DATE    3.73                      4.26  -0.53     5.20
  SINCE MAR 1      3.73                      4.26  -0.53     5.20
  SINCE JAN 1     10.90                     11.83  -0.93    12.89

SNOWFALL (IN)
  TODAY            0.0           7.5  1987   0.1   -0.1      0.0
  MONTH TO DATE    5.1                       1.1    4.0      2.5
  SINCE MAR 1      5.1                       1.1    4.0      2.5
  SINCE JUL 1     10.4                       8.9    1.5      3.8
  SNOW DEPTH       0

DEGREE DAYS
 HEATING
  TODAY           18                        13      5       13
  MONTH TO DATE  639                       508    131      667
  SINCE MAR 1    639                       508    131      667
  SINCE JUL 1   4248                      3706    542     3562

 COOLING
  TODAY            0                         0      0        0
  MONTH TO DATE    0                         0      0        0
  SINCE MAR 1      0                         0      0        0
  SINCE JAN 1      0                         0      0        0
..................................................................


WIND (MPH)
  HIGHEST WIND SPEED     9   HIGHEST WIND DIRECTION     N (340)
  HIGHEST GUST SPEED    MM   HIGHEST GUST DIRECTION    MM
  AVERAGE WIND SPEED     4.5


SKY COVER
  POSSIBLE SUNSHINE  MM
  AVERAGE SKY COVER 0.5


WEATHER CONDITIONS
 THE FOLLOWING WEATHER WAS RECORDED TODAY.
  NO SIGNIFICANT WEATHER WAS OBSERVED.


RELATIVE HUMIDITY (PERCENT)
 HIGHEST    76           200 AM
 LOWEST     33           200 PM
 AVERAGE    55

..........................................................


THE BOWLING GREEN CLIMATE NORMALS FOR TOMORROW
                         NORMAL    RECORD    YEAR
 MAXIMUM TEMPERATURE (F)   65        83      1929
                                             1963
                                             1978
 MINIMUM TEMPERATURE (F)   41        19      1923


SUNRISE AND SUNSET
MARCH 30 2014.........SUNRISE   634 AM CDT   SUNSET   706 PM CDT
MARCH 31 2014.........SUNRISE   633 AM CDT   SUNSET   707 PM CDT


-  INDICATES NEGATIVE NUMBERS.
R  INDICATES RECORD WAS SET OR TIED.
MM INDICATES DATA IS MISSING.
T  INDICATES TRACE AMOUNT.




$$
