258
CDUS43 KLMK 130632
CLIBWG


CLIMATE REPORT
NATIONAL WEATHER SERVICE LOUISVILLE KY
231 AM EDT THU JUL 13 2017


...................................

...THE BOWLING GREEN KY CLIMATE SUMMARY FOR JULY 12 2017...

CLIMATE NORMAL PERIOD 1981 TO 2010
CLIMATE RECORD PERIOD 1870 TO 2017


WEATHER ITEM   OBSERVED TIME   RECORD YEAR NORMAL DEPARTURE LAST
                VALUE   (LST)  VALUE       VALUE  FROM      YEAR
                                                  NORMAL
..................................................................
TEMPERATURE (F)
 YESTERDAY
  MAXIMUM         93    212 PM 105    1930  89      4       90
  MINIMUM         69    419 AM  52    1945  68      1       74
  AVERAGE         81                        79      2       82

PRECIPITATION (IN)
  YESTERDAY        0.00          1.83 1904   0.14  -0.14     0.49
  MONTH TO DATE    3.05                      1.72   1.33     5.93
  SINCE JUN 1     10.98                      5.92   5.06     8.40
  SINCE JAN 1     31.28                     27.85   3.43    27.57

SNOWFALL (IN)
  YESTERDAY        0.0           0.0    MM   0.0    0.0      0.0
  MONTH TO DATE    0.0                       0.0    0.0      0.0
  SINCE JUN 1      0.0                       0.0    0.0      0.0
  SINCE JUL 1      0.0                       0.0    0.0      0.0
  SNOW DEPTH       0

DEGREE DAYS
 HEATING
  YESTERDAY        0                         0      0        0
  MONTH TO DATE    0                         0      0        0
  SINCE JUN 1      0                         5     -5        0
  SINCE JUL 1      0                         0      0        0

 COOLING
  YESTERDAY       16                        14      2       17
  MONTH TO DATE  165                       163      2      180
  SINCE JUN 1    450                       468    -18      573
  SINCE JAN 1    699                       621     78      739
..................................................................


WIND (MPH)
  HIGHEST WIND SPEED    16   HIGHEST WIND DIRECTION    SW (210)
  HIGHEST GUST SPEED    22   HIGHEST GUST DIRECTION    SW (220)
  AVERAGE WIND SPEED     6.4


SKY COVER
  POSSIBLE SUNSHINE  MM
  AVERAGE SKY COVER 0.2


WEATHER CONDITIONS
 THE FOLLOWING WEATHER WAS RECORDED YESTERDAY.
  THUNDERSTORM


RELATIVE HUMIDITY (PERCENT)
 HIGHEST   100           300 AM
 LOWEST     49           200 PM
 AVERAGE    75

..........................................................


THE BOWLING GREEN KY CLIMATE NORMALS FOR TODAY
                         NORMAL    RECORD    YEAR
 MAXIMUM TEMPERATURE (F)   90       105      1936
 MINIMUM TEMPERATURE (F)   68        55      1918


SUNRISE AND SUNSET
JULY 13 2017..........SUNRISE   537 AM CDT   SUNSET   806 PM CDT
JULY 14 2017..........SUNRISE   538 AM CDT   SUNSET   805 PM CDT


-  INDICATES NEGATIVE NUMBERS.
R  INDICATES RECORD WAS SET OR TIED.
MM INDICATES DATA IS MISSING.
T  INDICATES TRACE AMOUNT.




$$
