000
CDUS43 KLMK 222027 RRD
CLIBWG

CLIMATE REPORT
NATIONAL WEATHER SERVICE LOUISVILLE KY
426 PM EDT FRI APR 22 2016


...................................

...THE BOWLING GREEN CLIMATE SUMMARY FOR APRIL 22 2016...
VALID TODAY AS OF 0400 PM LOCAL TIME.

CLIMATE NORMAL PERIOD 1981 TO 2010
CLIMATE RECORD PERIOD 1870 TO 2016


WEATHER ITEM   OBSERVED TIME   RECORD YEAR NORMAL DEPARTURE LAST
                VALUE   (LST)  VALUE       VALUE  FROM      YEAR
                                                  NORMAL
..................................................................
TEMPERATURE (F)
 TODAY
  MAXIMUM         72    113 PM  89    1873  72      0       65
  MINIMUM         58    600 AM  31    1927  48     10       43
  AVERAGE         65                        60      5       54

PRECIPITATION (IN)
  TODAY            0.04          1.63 1931   0.15  -0.11     0.00
  MONTH TO DATE    0.83                      3.06  -2.23     8.80
  SINCE MAR 1      4.65                      7.47  -2.82    15.07
  SINCE JAN 1     11.23                     15.04  -3.81    20.95

SNOWFALL (IN)
  TODAY            0.0           0.6  1896   0.0    0.0      0.0
  MONTH TO DATE    0.0                       0.2   -0.2      0.0
  SINCE MAR 1      T                         1.3   -1.3      7.2
  SINCE JUL 1     24.0                       9.1   14.9     23.5
  SNOW DEPTH       0

DEGREE DAYS
 HEATING
  TODAY            0                         7     -7       11
  MONTH TO DATE  181                       207    -26      100
  SINCE MAR 1    530                       727   -197      640
  SINCE JUL 1   3130                      3925   -795     4175

 COOLING
  TODAY            0                         1     -1        0
  MONTH TO DATE   13                        21     -8       31
  SINCE MAR 1     14                        26    -12       31
  SINCE JAN 1     14                        26    -12       31
..................................................................


WIND (MPH)
  HIGHEST WIND SPEED    13   HIGHEST WIND DIRECTION    NW (300)
  HIGHEST GUST SPEED    20   HIGHEST GUST DIRECTION    NW (300)
  AVERAGE WIND SPEED     7.3


SKY COVER
  POSSIBLE SUNSHINE  MM
  AVERAGE SKY COVER 0.8


WEATHER CONDITIONS
 THE FOLLOWING WEATHER WAS RECORDED TODAY.
  RAIN
  LIGHT RAIN
  FOG


RELATIVE HUMIDITY (PERCENT)
 HIGHEST    93          1200 AM
 LOWEST     51           100 PM
 AVERAGE    72

..........................................................


THE BOWLING GREEN CLIMATE NORMALS FOR TOMORROW
                         NORMAL    RECORD    YEAR
 MAXIMUM TEMPERATURE (F)   72        95      1925
 MINIMUM TEMPERATURE (F)   48        29      1986


SUNRISE AND SUNSET
APRIL 22 2016.........SUNRISE   602 AM CDT   SUNSET   727 PM CDT
APRIL 23 2016.........SUNRISE   600 AM CDT   SUNSET   728 PM CDT


-  INDICATES NEGATIVE NUMBERS.
R  INDICATES RECORD WAS SET OR TIED.
MM INDICATES DATA IS MISSING.
T  INDICATES TRACE AMOUNT.




$$
