000
CDUS43 KLMK 130628
CLIBWG


CLIMATE REPORT
NATIONAL WEATHER SERVICE LOUISVILLE KY
128 AM EST MON NOV 13 2017


...................................

...THE BOWLING GREEN KY CLIMATE SUMMARY FOR NOVEMBER 12 2017...

CLIMATE NORMAL PERIOD 1981 TO 2010
CLIMATE RECORD PERIOD 1870 TO 2017


WEATHER ITEM   OBSERVED TIME   RECORD YEAR NORMAL DEPARTURE LAST
                VALUE   (LST)  VALUE       VALUE  FROM      YEAR
                                                  NORMAL
..................................................................
TEMPERATURE (F)
 YESTERDAY
  MAXIMUM         54    522 PM  88    1909  61     -7       58
  MINIMUM         42    105 AM  17    1894  39      3       31
  AVERAGE         48                        50     -2       45

PRECIPITATION (IN)
  YESTERDAY        0.03          1.00 1925   0.13  -0.10     0.00
                                      1915
  MONTH TO DATE    1.45                      1.53  -0.08     0.02
  SINCE SEP 1     11.39                      8.84   2.55     2.15
  SINCE JAN 1     48.47                     42.40   6.07    40.07

SNOWFALL (IN)
  YESTERDAY        0.0           T    2013   0.0    0.0      0.0
                                      1983
                                      1968
  MONTH TO DATE    0.0                       0.0    0.0      0.0
  SINCE SEP 1      T                         T      0.0      0.0
  SINCE JUL 1      T                         T      0.0      0.0
  SNOW DEPTH       0

DEGREE DAYS
 HEATING
  YESTERDAY       17                        15      2       20
  MONTH TO DATE  123                       161    -38      105
  SINCE SEP 1    343                       423    -80      191
  SINCE JUL 1    343                       424    -81      191

 COOLING
  YESTERDAY        0                         0      0        0
  MONTH TO DATE   12                         0     12       15
  SINCE SEP 1    248                       219     29      420
  SINCE JAN 1   1600                      1488    112     1979
..................................................................


WIND (MPH)
  HIGHEST WIND SPEED    13   HIGHEST WIND DIRECTION    SW (220)
  HIGHEST GUST SPEED    16   HIGHEST GUST DIRECTION    SW (220)
  AVERAGE WIND SPEED     6.0


SKY COVER
  POSSIBLE SUNSHINE  MM
  AVERAGE SKY COVER 0.8


WEATHER CONDITIONS
 THE FOLLOWING WEATHER WAS RECORDED YESTERDAY.
  LIGHT RAIN
  FOG


RELATIVE HUMIDITY (PERCENT)
 HIGHEST   100           400 PM
 LOWEST     77           900 AM
 AVERAGE    89

..........................................................


THE BOWLING GREEN KY CLIMATE NORMALS FOR TODAY
                         NORMAL    RECORD    YEAR
 MAXIMUM TEMPERATURE (F)   61        80      1909
 MINIMUM TEMPERATURE (F)   38        13      1911


SUNRISE AND SUNSET
NOVEMBER 13 2017......SUNRISE   622 AM CST   SUNSET   437 PM CST
NOVEMBER 14 2017......SUNRISE   623 AM CST   SUNSET   437 PM CST


-  INDICATES NEGATIVE NUMBERS.
R  INDICATES RECORD WAS SET OR TIED.
MM INDICATES DATA IS MISSING.
T  INDICATES TRACE AMOUNT.




$$
