000
CDUS43 KLMK 182131
CLIBWG


CLIMATE REPORT
NATIONAL WEATHER SERVICE LOUISVILLE KY
430 PM EST WED FEB 18 2015


...................................

...THE BOWLING GREEN CLIMATE SUMMARY FOR FEBRUARY 18 2015...
VALID TODAY AS OF 0400 PM LOCAL TIME.

CLIMATE NORMAL PERIOD 1981 TO 2010
CLIMATE RECORD PERIOD 1870 TO 2015


WEATHER ITEM   OBSERVED TIME   RECORD YEAR NORMAL DEPARTURE LAST
                VALUE   (LST)  VALUE       VALUE  FROM      YEAR
                                                  NORMAL
..................................................................
TEMPERATURE (F)
 TODAY
  MAXIMUM         26   1200 AM  72    1913  51    -25       61
  MINIMUM         19   1200 AM  -7    1958  30    -11       26
  AVERAGE         23                        40    -17       44

PRECIPITATION (IN)
  TODAY            0.03          1.15 2009   0.14  -0.11     0.00
  MONTH TO DATE    1.74                      2.57  -0.83     4.80
  SINCE DEC 1      5.31                     10.98  -5.67    11.56
  SINCE JAN 1      3.62                      6.18  -2.56     6.55

SNOWFALL (IN)
  TODAY            2.0           5.0  1979   0.1    1.9      0.0
  MONTH TO DATE   11.6                       2.5    9.1      2.0
  SINCE DEC 1     15.0                       7.0    8.0      4.2
  SINCE JUL 1     15.3                       7.0    8.3      5.3
  SNOW DEPTH      10

DEGREE DAYS
 HEATING
  TODAY           42                        24     18       21
  MONTH TO DATE  585                       476    109      579
  SINCE DEC 1   2233                      2205     28     2482
  SINCE JUL 1   3130                      2968    162     3362

 COOLING
  TODAY            0                         0      0        0
  MONTH TO DATE    0                         0      0        0
  SINCE DEC 1      0                         1     -1        2
  SINCE JAN 1      0                         0      0        0
..................................................................


WIND (MPH)
  HIGHEST WIND SPEED    20   HIGHEST WIND DIRECTION     W (280)
  HIGHEST GUST SPEED    33   HIGHEST GUST DIRECTION     W (290)
  AVERAGE WIND SPEED    13.6


SKY COVER
  POSSIBLE SUNSHINE   0 PERCENT
  AVERAGE SKY COVER 0.0


WEATHER CONDITIONS
 THE FOLLOWING WEATHER WAS RECORDED TODAY.
  NO SIGNIFICANT WEATHER WAS OBSERVED.


RELATIVE HUMIDITY (PERCENT)
 HIGHEST     0          1200 AM
 LOWEST      0          1200 AM
 AVERAGE     0

..........................................................


THE BOWLING GREEN CLIMATE NORMALS FOR TOMORROW
                         NORMAL    RECORD    YEAR
 MAXIMUM TEMPERATURE (F)   51        73      1994
                                             1939
                                             1913
 MINIMUM TEMPERATURE (F)   31         2      1958


SUNRISE AND SUNSET
FEBRUARY 18 2015......SUNRISE   631 AM CST   SUNSET   529 PM CST
FEBRUARY 19 2015......SUNRISE   630 AM CST   SUNSET   530 PM CST


-  INDICATES NEGATIVE NUMBERS.
R  INDICATES RECORD WAS SET OR TIED.
MM INDICATES DATA IS MISSING.
T  INDICATES TRACE AMOUNT.




$$
