000
CDUS43 KLMK 110627
CLIBWG


CLIMATE REPORT
NATIONAL WEATHER SERVICE LOUISVILLE KY
226 AM EDT FRI JUL 11 2014


...................................

...THE BOWLING GREEN KY CLIMATE SUMMARY FOR JULY 10 2014...

CLIMATE NORMAL PERIOD 1981 TO 2010
CLIMATE RECORD PERIOD 1870 TO 2014


WEATHER ITEM   OBSERVED TIME   RECORD YEAR NORMAL DEPARTURE LAST
                VALUE   (LST)  VALUE       VALUE  FROM      YEAR
                                                  NORMAL
..................................................................
TEMPERATURE (F)
 YESTERDAY
  MAXIMUM         88    336 PM 106    1936  89     -1       93
  MINIMUM         62    415 AM  52    1963  68     -6       72
  AVERAGE         75                        79     -4       83

PRECIPITATION (IN)
  YESTERDAY        0.00          1.74 1967   0.14  -0.14     0.14
  MONTH TO DATE    1.25                      1.44  -0.19     6.41
  SINCE JUN 1      2.97                      5.64  -2.67     8.78
  SINCE JAN 1     23.55                     27.57  -4.02    33.31

SNOWFALL (IN)
  YESTERDAY        0.0           0.0    MM   0.0    0.0      0.0
  MONTH TO DATE    0.0                       0.0    0.0      0.0
  SINCE JUN 1      0.0                       0.0    0.0      0.0
  SINCE JUL 1      0.0                       0.0    0.0      0.0
  SNOW DEPTH       0

DEGREE DAYS
 HEATING
  YESTERDAY        0                         0      0        0
  MONTH TO DATE    0                         0      0        0
  SINCE JUN 1      0                         5     -5        0
  SINCE JUL 1      0                         0      0        0

 COOLING
  YESTERDAY       10                        14     -4       18
  MONTH TO DATE  110                       135    -25      106
  SINCE JUN 1    459                       440     19      440
  SINCE JAN 1    656                       593     63      653
..................................................................


WIND (MPH)
  HIGHEST WIND SPEED    12   HIGHEST WIND DIRECTION     W (290)
  HIGHEST GUST SPEED    15   HIGHEST GUST DIRECTION     N (20)
  AVERAGE WIND SPEED     3.0


SKY COVER
  POSSIBLE SUNSHINE  MM
  AVERAGE SKY COVER 0.1


WEATHER CONDITIONS
 THE FOLLOWING WEATHER WAS RECORDED YESTERDAY.
  NO SIGNIFICANT WEATHER WAS OBSERVED.


RELATIVE HUMIDITY (PERCENT)
 HIGHEST    93           400 AM
 LOWEST     40           300 PM
 AVERAGE    67

..........................................................


THE BOWLING GREEN KY CLIMATE NORMALS FOR TODAY
                         NORMAL    RECORD    YEAR
 MAXIMUM TEMPERATURE (F)   89       108      1901
 MINIMUM TEMPERATURE (F)   68        49      1963


SUNRISE AND SUNSET
JULY 11 2014..........SUNRISE   535 AM CDT   SUNSET   807 PM CDT
JULY 12 2014..........SUNRISE   536 AM CDT   SUNSET   806 PM CDT


-  INDICATES NEGATIVE NUMBERS.
R  INDICATES RECORD WAS SET OR TIED.
MM INDICATES DATA IS MISSING.
T  INDICATES TRACE AMOUNT.




$$
