000
CDUS43 KLMK 162028 RRD
CLIBWG

CLIMATE REPORT
NATIONAL WEATHER SERVICE LOUISVILLE KY
427 PM EDT SAT APR 16 2016


...................................

...THE BOWLING GREEN CLIMATE SUMMARY FOR APRIL 16 2016...
VALID TODAY AS OF 0400 PM LOCAL TIME.

CLIMATE NORMAL PERIOD 1981 TO 2010
CLIMATE RECORD PERIOD 1870 TO 2016


WEATHER ITEM   OBSERVED TIME   RECORD YEAR NORMAL DEPARTURE LAST
                VALUE   (LST)  VALUE       VALUE  FROM      YEAR
                                                  NORMAL
..................................................................
TEMPERATURE (F)
 TODAY
  MAXIMUM         76    200 PM  89    1924  70      6       71
  MINIMUM         48    800 AM  27    2014  46      2       59
                                      1928
  AVERAGE         62                        58      4       65

PRECIPITATION (IN)
  TODAY            0.00          2.47 1947   0.14  -0.14     1.34
  MONTH TO DATE    0.59                      2.16  -1.57     7.16
  SINCE MAR 1      4.41                      6.57  -2.16    13.43
  SINCE JAN 1     10.99                     14.14  -3.15    19.31

SNOWFALL (IN)
  TODAY            0.0           0.0    MM   0.0    0.0      0.0
  MONTH TO DATE    0.0                       0.2   -0.2      0.0
  SINCE MAR 1      T                         1.3   -1.3      7.2
  SINCE JUL 1     24.0                       9.1   14.9     23.5
  SNOW DEPTH       0

DEGREE DAYS
 HEATING
  TODAY            3                         8     -5        0
  MONTH TO DATE  179                       163     16       74
  SINCE MAR 1    528                       683   -155      614
  SINCE JUL 1   3128                      3881   -753     4149

 COOLING
  TODAY            0                         1     -1        0
  MONTH TO DATE    2                        15    -13       28
  SINCE MAR 1      3                        20    -17       28
  SINCE JAN 1      3                        20    -17       28
..................................................................


WIND (MPH)
  HIGHEST WIND SPEED    12   HIGHEST WIND DIRECTION    SE (120)
  HIGHEST GUST SPEED    20   HIGHEST GUST DIRECTION    SE (120)
  AVERAGE WIND SPEED     4.1


SKY COVER
  POSSIBLE SUNSHINE  MM
  AVERAGE SKY COVER 0.0


WEATHER CONDITIONS
 THE FOLLOWING WEATHER WAS RECORDED TODAY.
  NO SIGNIFICANT WEATHER WAS OBSERVED.


RELATIVE HUMIDITY (PERCENT)
 HIGHEST    80           500 AM
 LOWEST     33           100 PM
 AVERAGE    57

..........................................................


THE BOWLING GREEN CLIMATE NORMALS FOR TOMORROW
                         NORMAL    RECORD    YEAR
 MAXIMUM TEMPERATURE (F)   70        90      1955
                                             1914
                                             1909
 MINIMUM TEMPERATURE (F)   46        18      1875


SUNRISE AND SUNSET
APRIL 16 2016.........SUNRISE   610 AM CDT   SUNSET   722 PM CDT
APRIL 17 2016.........SUNRISE   608 AM CDT   SUNSET   723 PM CDT


-  INDICATES NEGATIVE NUMBERS.
R  INDICATES RECORD WAS SET OR TIED.
MM INDICATES DATA IS MISSING.
T  INDICATES TRACE AMOUNT.




$$
