000
CDUS43 KLMK 132030
CLIBWG


CLIMATE REPORT
NATIONAL WEATHER SERVICE LOUISVILLE KY
430 PM EDT WED MAY 13 2015


...................................

...THE BOWLING GREEN CLIMATE SUMMARY FOR MAY 13 2015...
VALID TODAY AS OF 0400 PM LOCAL TIME.

CLIMATE NORMAL PERIOD 1981 TO 2010
CLIMATE RECORD PERIOD 1870 TO 2015


WEATHER ITEM   OBSERVED TIME   RECORD YEAR NORMAL DEPARTURE LAST
                VALUE   (LST)  VALUE       VALUE  FROM      YEAR
                                                  NORMAL
..................................................................
TEMPERATURE (F)
 TODAY
  MAXIMUM         77    136 PM  96    1916  77      0       86
  MINIMUM         47    506 AM  35    1895  54     -7       66
  AVERAGE         62                        66     -4       76

PRECIPITATION (IN)
  TODAY            0.00          2.40 1922   0.19  -0.19     0.00
  MONTH TO DATE    0.08                      2.42  -2.34     1.28
  SINCE MAR 1     15.43                     11.17   4.26    11.58
  SINCE JAN 1     21.31                     18.74   2.57    18.75

SNOWFALL (IN)
  TODAY            0.0           0.0    MM   0.0    0.0      0.0
  MONTH TO DATE    0.0                       0.0    0.0      0.0
  SINCE MAR 1      7.2                       1.3    5.9      5.1
  SINCE JUL 1     23.5                       9.1   14.4     10.4
  SNOW DEPTH       0

DEGREE DAYS
 HEATING
  TODAY            3                         3      0        0
  MONTH TO DATE   19                        46    -27       28
  SINCE MAR 1    731                       817    -86      876
  SINCE JUL 1   4266                      4015    251     4485

 COOLING
  TODAY            0                         3     -3       11
  MONTH TO DATE   63                        31     32       74
  SINCE MAR 1     98                        67     31       88
  SINCE JAN 1     98                        67     31       88
..................................................................


WIND (MPH)
  HIGHEST WIND SPEED    16   HIGHEST WIND DIRECTION    NE (40)
  HIGHEST GUST SPEED    21   HIGHEST GUST DIRECTION     E (70)
  AVERAGE WIND SPEED     3.7


SKY COVER
  POSSIBLE SUNSHINE   0 PERCENT
  AVERAGE SKY COVER 0.0


WEATHER CONDITIONS
 THE FOLLOWING WEATHER WAS RECORDED TODAY.
  NO SIGNIFICANT WEATHER WAS OBSERVED.


RELATIVE HUMIDITY (PERCENT)
 HIGHEST     0          1200 AM
 LOWEST      0          1200 AM
 AVERAGE     0

..........................................................


THE BOWLING GREEN CLIMATE NORMALS FOR TOMORROW
                         NORMAL    RECORD    YEAR
 MAXIMUM TEMPERATURE (F)   77        96      1916
 MINIMUM TEMPERATURE (F)   54        37      1910


SUNRISE AND SUNSET
MAY 13 2015...........SUNRISE   540 AM CDT   SUNSET   745 PM CDT
MAY 14 2015...........SUNRISE   539 AM CDT   SUNSET   746 PM CDT


-  INDICATES NEGATIVE NUMBERS.
R  INDICATES RECORD WAS SET OR TIED.
MM INDICATES DATA IS MISSING.
T  INDICATES TRACE AMOUNT.




$$
