000
CDUS43 KLMK 062126
CLIBWG


CLIMATE REPORT
NATIONAL WEATHER SERVICE LOUISVILLE KY
426 PM EST MON MAR 6 2017


...................................

...THE BOWLING GREEN CLIMATE SUMMARY FOR MARCH 6 2017...
VALID TODAY AS OF 0400 PM LOCAL TIME.

CLIMATE NORMAL PERIOD 1981 TO 2010
CLIMATE RECORD PERIOD 1870 TO 2017


WEATHER ITEM   OBSERVED TIME   RECORD YEAR NORMAL DEPARTURE LAST
                VALUE   (LST)  VALUE       VALUE  FROM      YEAR
                                                  NORMAL
..................................................................
TEMPERATURE (F)
 TODAY
  MAXIMUM         69    300 PM  84    1910  56     13       60
  MINIMUM         55    612 AM   1    2015  34     21       28
                                      1960
  AVERAGE         62                        45     17       44

PRECIPITATION (IN)
  TODAY            0.04          2.41 1967   0.14  -0.10     0.00
  MONTH TO DATE    0.60                      0.81  -0.21     0.58
  SINCE MAR 1      0.60                      0.81  -0.21     0.58
  SINCE JAN 1      7.18                      8.38  -1.20     7.16

SNOWFALL (IN)
  TODAY            0.0           3.0  1917   0.0    0.0      0.0
                                      1912
  MONTH TO DATE    0.0                       0.2   -0.2      0.0
  SINCE MAR 1      0.0                       0.2   -0.2      0.0
  SINCE JUL 1      0.7                       8.0   -7.3     24.0
  SNOW DEPTH       0

DEGREE DAYS
 HEATING
  TODAY            3                        20    -17       21
  MONTH TO DATE   91                       123    -32      139
  SINCE MAR 1     91                       123    -32      139
  SINCE JUL 1   2472                      3321   -849     2739

 COOLING
  TODAY            0                         0      0        0
  MONTH TO DATE    0                         0      0        0
  SINCE MAR 1      0                         0      0        0
  SINCE JAN 1      4                         0      4        0
..................................................................


WIND (MPH)
  HIGHEST WIND SPEED    23   HIGHEST WIND DIRECTION     S (190)
  HIGHEST GUST SPEED    39   HIGHEST GUST DIRECTION     S (190)
  AVERAGE WIND SPEED    14.0


SKY COVER
  POSSIBLE SUNSHINE  MM
  AVERAGE SKY COVER 1.0


WEATHER CONDITIONS
 THE FOLLOWING WEATHER WAS RECORDED TODAY.
  LIGHT RAIN


RELATIVE HUMIDITY (PERCENT)
 HIGHEST    77           500 AM
 LOWEST     43          1200 AM
 AVERAGE    60

..........................................................


THE BOWLING GREEN CLIMATE NORMALS FOR TOMORROW
                         NORMAL    RECORD    YEAR
 MAXIMUM TEMPERATURE (F)   57        81      1921
 MINIMUM TEMPERATURE (F)   35         2      1899


SUNRISE AND SUNSET
MARCH  6 2017.........SUNRISE   609 AM CST   SUNSET   545 PM CST
MARCH  7 2017.........SUNRISE   608 AM CST   SUNSET   546 PM CST


-  INDICATES NEGATIVE NUMBERS.
R  INDICATES RECORD WAS SET OR TIED.
MM INDICATES DATA IS MISSING.
T  INDICATES TRACE AMOUNT.




$$
