000
CDUS43 KLMK 090627
CLIBWG


CLIMATE REPORT
NATIONAL WEATHER SERVICE LOUISVILLE KY
226 AM EDT TUE MAY 9 2017


...................................

...THE BOWLING GREEN KY CLIMATE SUMMARY FOR MAY 8 2017...

CLIMATE NORMAL PERIOD 1981 TO 2010
CLIMATE RECORD PERIOD 1870 TO 2017


WEATHER ITEM   OBSERVED TIME   RECORD YEAR NORMAL DEPARTURE LAST
                VALUE   (LST)  VALUE       VALUE  FROM      YEAR
                                                  NORMAL
..................................................................
TEMPERATURE (F)
 YESTERDAY
  MAXIMUM         76    402 PM  93    1936  76      0       84
  MINIMUM         44    447 AM  34    1885  53     -9       60
  AVERAGE         60                        64     -4       72

PRECIPITATION (IN)
  YESTERDAY        0.00          1.59 1972   0.18  -0.18     0.00
  MONTH TO DATE    1.13                      1.47  -0.34     0.54
  SINCE MAR 1      9.50                     10.22  -0.72     5.89
  SINCE JAN 1     16.08                     17.79  -1.71    12.47

SNOWFALL (IN)
  YESTERDAY        0.0           0.0    MM   0.0    0.0      0.0
  MONTH TO DATE    0.0                       0.0    0.0      0.0
  SINCE MAR 1      T                         1.3   -1.3       T
  SINCE JUL 1      0.7                       9.1   -8.4     24.0
  SNOW DEPTH       0

DEGREE DAYS
 HEATING
  YESTERDAY        5                         3      2        0
  MONTH TO DATE   56                        31     25       32
  SINCE MAR 1    604                       802   -198      569
  SINCE JUL 1   2985                      4000  -1015     3169

 COOLING
  YESTERDAY        0                         2     -2        7
  MONTH TO DATE    0                        16    -16       19
  SINCE MAR 1     90                        52     38       63
  SINCE JAN 1     94                        52     42       63
..................................................................


WIND (MPH)
  HIGHEST WIND SPEED    12   HIGHEST WIND DIRECTION     E (90)
  HIGHEST GUST SPEED    15   HIGHEST GUST DIRECTION     E (80)
  AVERAGE WIND SPEED     2.8


SKY COVER
  POSSIBLE SUNSHINE  MM
  AVERAGE SKY COVER 0.1


WEATHER CONDITIONS
 THE FOLLOWING WEATHER WAS RECORDED YESTERDAY.
  FOG


RELATIVE HUMIDITY (PERCENT)
 HIGHEST   100           200 AM
 LOWEST     42          1100 AM
 AVERAGE    71

..........................................................


THE BOWLING GREEN KY CLIMATE NORMALS FOR TODAY
                         NORMAL    RECORD    YEAR
 MAXIMUM TEMPERATURE (F)   76        95      1936
 MINIMUM TEMPERATURE (F)   53        34      1960


SUNRISE AND SUNSET
MAY  9 2017...........SUNRISE   543 AM CDT   SUNSET   742 PM CDT
MAY 10 2017...........SUNRISE   542 AM CDT   SUNSET   743 PM CDT


-  INDICATES NEGATIVE NUMBERS.
R  INDICATES RECORD WAS SET OR TIED.
MM INDICATES DATA IS MISSING.
T  INDICATES TRACE AMOUNT.




$$
