000
CDUS43 KLMK 040628
CLIBWG


CLIMATE REPORT
NATIONAL WEATHER SERVICE LOUISVILLE KY
227 AM EDT TUE APR 4 2017


...................................

...THE BOWLING GREEN KY CLIMATE SUMMARY FOR APRIL 3 2017...

CLIMATE NORMAL PERIOD 1981 TO 2010
CLIMATE RECORD PERIOD 1870 TO 2017


WEATHER ITEM   OBSERVED TIME   RECORD YEAR NORMAL DEPARTURE LAST
                VALUE   (LST)  VALUE       VALUE  FROM      YEAR
                                                  NORMAL
..................................................................
TEMPERATURE (F)
 YESTERDAY
  MAXIMUM         74    323 PM  85    1940  66      8       66
                                      1934
  MINIMUM         61   1012 PM  25    1992  42     19       32
  AVERAGE         68                        54     14       49

PRECIPITATION (IN)
  YESTERDAY        0.13          1.80 2008   0.13   0.00     0.00
  MONTH TO DATE    0.13                      0.40  -0.27     0.01
  SINCE MAR 1      3.92                      4.81  -0.89     3.83
  SINCE JAN 1     10.50                     12.38  -1.88    10.41

SNOWFALL (IN)
  YESTERDAY        0.0           0.3  1936   0.0    0.0      0.0
  MONTH TO DATE    0.0                       0.0    0.0      0.0
  SINCE MAR 1      T                         1.1   -1.1       T
  SINCE JUL 1      0.7                       8.9   -8.2     24.0
  SNOW DEPTH       0

DEGREE DAYS
 HEATING
  YESTERDAY        0                        12    -12       16
  MONTH TO DATE   23                        36    -13       35
  SINCE MAR 1    462                       556    -94      384
  SINCE JUL 1   2843                      3754   -911     2984

 COOLING
  YESTERDAY        3                         1      2        0
  MONTH TO DATE    3                         2      1        0
  SINCE MAR 1      9                         7      2        1
  SINCE JAN 1     13                         7      6        1
..................................................................


WIND (MPH)
  HIGHEST WIND SPEED    29   HIGHEST WIND DIRECTION    SE (150)
  HIGHEST GUST SPEED    41   HIGHEST GUST DIRECTION    SE (150)
  AVERAGE WIND SPEED    14.3


SKY COVER
  POSSIBLE SUNSHINE  MM
  AVERAGE SKY COVER 0.6


WEATHER CONDITIONS
 THE FOLLOWING WEATHER WAS RECORDED YESTERDAY.
  RAIN
  LIGHT RAIN
  FOG


RELATIVE HUMIDITY (PERCENT)
 HIGHEST    84           700 PM
 LOWEST     38           100 AM
 AVERAGE    61

..........................................................


THE BOWLING GREEN KY CLIMATE NORMALS FOR TODAY
                         NORMAL    RECORD    YEAR
 MAXIMUM TEMPERATURE (F)   66        86      1934
                                             1909
 MINIMUM TEMPERATURE (F)   42        26      1904


SUNRISE AND SUNSET
APRIL  4 2017.........SUNRISE   627 AM CDT   SUNSET   711 PM CDT
APRIL  5 2017.........SUNRISE   625 AM CDT   SUNSET   712 PM CDT


-  INDICATES NEGATIVE NUMBERS.
R  INDICATES RECORD WAS SET OR TIED.
MM INDICATES DATA IS MISSING.
T  INDICATES TRACE AMOUNT.




$$
