000
CDUS43 KLMK 010629
CLIBWG


CLIMATE REPORT
NATIONAL WEATHER SERVICE LOUISVILLE KY
127 AM EST MON JAN 1 2018


...................................

...THE BOWLING GREEN KY CLIMATE SUMMARY FOR DECEMBER 31 2017...

CLIMATE NORMAL PERIOD 1981 TO 2010
CLIMATE RECORD PERIOD 1870 TO 2017


WEATHER ITEM   OBSERVED TIME   RECORD YEAR NORMAL DEPARTURE LAST
                VALUE   (LST)  VALUE       VALUE  FROM      YEAR
                                                  NORMAL
..................................................................
TEMPERATURE (F)
 YESTERDAY
  MAXIMUM         23    318 PM  76    1875  45    -22       45
  MINIMUM         12    753 AM   1    1976  27    -15       33
  AVERAGE         18                        36    -18       39

PRECIPITATION (IN)
  YESTERDAY        0.00          3.59 1944   0.13  -0.13     0.24
  MONTH TO DATE    3.49                      4.80  -1.31     5.64
  SINCE DEC 1      3.49                      4.80  -1.31     5.64
  SINCE JAN 1     52.47                     49.89   2.58    47.60

SNOWFALL (IN)
  YESTERDAY        0.0           7.0  1967   0.1   -0.1      0.0
  MONTH TO DATE    T                         1.2   -1.2       T
  SINCE DEC 1      T                         1.2   -1.2       T
  SINCE JUL 1      T                         1.2   -1.2       T
  SNOW DEPTH       0

DEGREE DAYS
 HEATING
  YESTERDAY       47                        29     18       26
  MONTH TO DATE  837                       819     18      795
  SINCE DEC 1    837                       821     16      795
  SINCE JUL 1   1538                      1584    -46     1281

 COOLING
  YESTERDAY        0                         0      0        0
  MONTH TO DATE    0                         1     -1        0
  SINCE DEC 1      0                         1     -1        0
  SINCE JAN 1   1600                      1492    108     1979
..................................................................


WIND (MPH)
  HIGHEST WIND SPEED    14   HIGHEST WIND DIRECTION    NE (50)
  HIGHEST GUST SPEED    22   HIGHEST GUST DIRECTION     N (10)
  AVERAGE WIND SPEED     7.4


SKY COVER
  POSSIBLE SUNSHINE  MM
  AVERAGE SKY COVER 0.5


WEATHER CONDITIONS
 THE FOLLOWING WEATHER WAS RECORDED YESTERDAY.
  NO SIGNIFICANT WEATHER WAS OBSERVED.


RELATIVE HUMIDITY (PERCENT)
 HIGHEST    67           600 AM
 LOWEST     39           200 PM
 AVERAGE    53

..........................................................


THE BOWLING GREEN KY CLIMATE NORMALS FOR TODAY
                         NORMAL    RECORD    YEAR
 MAXIMUM TEMPERATURE (F)   45        76      1952
 MINIMUM TEMPERATURE (F)   27        -8      1881


SUNRISE AND SUNSET
JANUARY  1 2018.......SUNRISE   659 AM CST   SUNSET   440 PM CST
JANUARY  2 2018.......SUNRISE   659 AM CST   SUNSET   441 PM CST


-  INDICATES NEGATIVE NUMBERS.
R  INDICATES RECORD WAS SET OR TIED.
MM INDICATES DATA IS MISSING.
T  INDICATES TRACE AMOUNT.




$$
