000
CDUS43 KLMK 172140
CLIBWG


CLIMATE REPORT
NATIONAL WEATHER SERVICE LOUISVILLE KY
438 PM EST TUE FEB 17 2015


...................................

...THE BOWLING GREEN CLIMATE SUMMARY FOR FEBRUARY 17 2015...
VALID TODAY AS OF 0400 PM LOCAL TIME.

CLIMATE NORMAL PERIOD 1981 TO 2010
CLIMATE RECORD PERIOD 1870 TO 2015


WEATHER ITEM   OBSERVED TIME   RECORD YEAR NORMAL DEPARTURE LAST
                VALUE   (LST)  VALUE       VALUE  FROM      YEAR
                                                  NORMAL
..................................................................
TEMPERATURE (F)
 TODAY
  MAXIMUM         23    300 PM  79    1927  51    -28       58
  MINIMUM         -1    709 AM  -9    1958  30    -31       26
  AVERAGE         11                        40    -29       42

PRECIPITATION (IN)
  TODAY            0.00          3.01 1956   0.13  -0.13     0.26
  MONTH TO DATE    1.71                      2.43  -0.72     4.80
  SINCE DEC 1      5.28                     10.84  -5.56    11.56
  SINCE JAN 1      3.59                      6.04  -2.45     6.55

SNOWFALL (IN)
  TODAY            0.0           2.0  1967   0.1   -0.1      0.0
  MONTH TO DATE    9.6                       2.4    7.2      2.0
  SINCE DEC 1     13.0                       6.9    6.1      4.2
  SINCE JUL 1     13.3                       6.9    6.4      5.3
  SNOW DEPTH       9

DEGREE DAYS
 HEATING
  TODAY           54                        25     29       23
  MONTH TO DATE  544                       452     92      558
  SINCE DEC 1   2192                      2181     11     2461
  SINCE JUL 1   3089                      2944    145     3341

 COOLING
  TODAY            0                         0      0        0
  MONTH TO DATE    0                         0      0        0
  SINCE DEC 1      0                         1     -1        2
  SINCE JAN 1      0                         0      0        0
..................................................................


WIND (MPH)
  HIGHEST WIND SPEED    13   HIGHEST WIND DIRECTION     S (200)
  HIGHEST GUST SPEED    14   HIGHEST GUST DIRECTION     S (200)
  AVERAGE WIND SPEED     4.1


SKY COVER
  POSSIBLE SUNSHINE  MM
  AVERAGE SKY COVER 0.2


WEATHER CONDITIONS
 THE FOLLOWING WEATHER WAS RECORDED TODAY.
  FOG
  HAZE


RELATIVE HUMIDITY (PERCENT)
 HIGHEST   100           800 AM
 LOWEST     54           300 PM
 AVERAGE    77

..........................................................


THE BOWLING GREEN CLIMATE NORMALS FOR TOMORROW
                         NORMAL    RECORD    YEAR
 MAXIMUM TEMPERATURE (F)   51        72      1913
 MINIMUM TEMPERATURE (F)   30        -7      1958


SUNRISE AND SUNSET
FEBRUARY 17 2015......SUNRISE   632 AM CST   SUNSET   528 PM CST
FEBRUARY 18 2015......SUNRISE   631 AM CST   SUNSET   529 PM CST


-  INDICATES NEGATIVE NUMBERS.
R  INDICATES RECORD WAS SET OR TIED.
MM INDICATES DATA IS MISSING.
T  INDICATES TRACE AMOUNT.




$$
