000
CDUS43 KLMK 192033
CLIBWG


CLIMATE REPORT
NATIONAL WEATHER SERVICE LOUISVILLE KY
432 PM EDT THU MAR 19 2015


...................................

...THE BOWLING GREEN CLIMATE SUMMARY FOR MARCH 19 2015...
VALID TODAY AS OF 0400 PM LOCAL TIME.

CLIMATE NORMAL PERIOD 1981 TO 2010
CLIMATE RECORD PERIOD 1870 TO 2015


WEATHER ITEM   OBSERVED TIME   RECORD YEAR NORMAL DEPARTURE LAST
                VALUE   (LST)  VALUE       VALUE  FROM      YEAR
                                                  NORMAL
..................................................................
TEMPERATURE (F)
 TODAY
  MAXIMUM         50    213 PM  86    1907  61    -11       64
  MINIMUM         40    710 AM   8    1892  38      2       42
  AVERAGE         45                        49     -4       53

PRECIPITATION (IN)
  TODAY            0.13          2.60 1943   0.15  -0.02      T
  MONTH TO DATE    5.89                      2.63   3.26     2.93
  SINCE MAR 1      5.89                      2.63   3.26     2.93
  SINCE JAN 1     11.77                     10.20   1.57    10.10

SNOWFALL (IN)
  TODAY            0.0           2.0  1990   0.1   -0.1      0.0
  MONTH TO DATE    7.2                       0.7    6.5      4.8
  SINCE MAR 1      7.2                       0.7    6.5      4.8
  SINCE JUL 1     23.5                       8.5   15.0     10.1
  SNOW DEPTH       0

DEGREE DAYS
 HEATING
  TODAY           20                        16      4       12
  MONTH TO DATE  369                       353     16      429
  SINCE MAR 1    369                       353     16      429
  SINCE JUL 1   3904                      3551    353     4038

 COOLING
  TODAY            0                         0      0        0
  MONTH TO DATE    0                         0      0        0
  SINCE MAR 1      0                         0      0        0
  SINCE JAN 1      0                         0      0        0
..................................................................


WIND (MPH)
  HIGHEST WIND SPEED    13   HIGHEST WIND DIRECTION     E (90)
  HIGHEST GUST SPEED    18   HIGHEST GUST DIRECTION     E (80)
  AVERAGE WIND SPEED     9.4


SKY COVER
  POSSIBLE SUNSHINE  MM
  AVERAGE SKY COVER 1.0


WEATHER CONDITIONS
 THE FOLLOWING WEATHER WAS RECORDED TODAY.
  LIGHT RAIN
  FOG


RELATIVE HUMIDITY (PERCENT)
 HIGHEST    92           700 AM
 LOWEST     45          1200 AM
 AVERAGE    69

..........................................................


THE BOWLING GREEN CLIMATE NORMALS FOR TOMORROW
                         NORMAL    RECORD    YEAR
 MAXIMUM TEMPERATURE (F)   61        85      2012
                                             1921
 MINIMUM TEMPERATURE (F)   38        16      1914


SUNRISE AND SUNSET
MARCH 19 2015.........SUNRISE   651 AM CDT   SUNSET   656 PM CDT
MARCH 20 2015.........SUNRISE   650 AM CDT   SUNSET   657 PM CDT


-  INDICATES NEGATIVE NUMBERS.
R  INDICATES RECORD WAS SET OR TIED.
MM INDICATES DATA IS MISSING.
T  INDICATES TRACE AMOUNT.




$$
