000
CDUS43 KLMK 252130
CLIBWG


CLIMATE REPORT
NATIONAL WEATHER SERVICE LOUISVILLE KY
430 PM EST SUN DEC 25 2016


...................................

...THE BOWLING GREEN CLIMATE SUMMARY FOR DECEMBER 25 2016...
VALID TODAY AS OF 0400 PM LOCAL TIME.

CLIMATE NORMAL PERIOD 1981 TO 2010
CLIMATE RECORD PERIOD 1870 TO 2016


WEATHER ITEM   OBSERVED TIME   RECORD YEAR NORMAL DEPARTURE LAST
                VALUE   (LST)  VALUE       VALUE  FROM      YEAR
                                                  NORMAL
..................................................................
TEMPERATURE (F)
 TODAY
  MAXIMUM         72R   320 PM  70    1982  46     26       64
  MINIMUM         50    224 AM  -7    1983  28     22       49
  AVERAGE         61                        36     25       57

PRECIPITATION (IN)
  TODAY            0.21          2.96 1987   0.15   0.06     1.10
  MONTH TO DATE    3.50                      3.99  -0.49     3.91
  SINCE DEC 1      3.50                      3.99  -0.49     3.91
  SINCE JAN 1     45.46                     49.08  -3.62    53.16

SNOWFALL (IN)
  TODAY            0.0           4.5  1935   0.1   -0.1      0.0
  MONTH TO DATE    T                         0.8   -0.8       T
  SINCE DEC 1      T                         0.8   -0.8       T
  SINCE JUL 1      T                         0.8   -0.8       T
  SNOW DEPTH       0

DEGREE DAYS
 HEATING
  TODAY            4                        28    -24        8
  MONTH TO DATE  678                       645     33      365
  SINCE DEC 1    678                       645     33      365
  SINCE JUL 1   1164                      1408   -244      903

 COOLING
  TODAY            0                         0      0        0
  MONTH TO DATE    0                         0      0        2
  SINCE DEC 1      0                         0      0        2
  SINCE JAN 1   1979                      1491    488     1673
..................................................................


WIND (MPH)
  HIGHEST WIND SPEED    13   HIGHEST WIND DIRECTION     S (170)
  HIGHEST GUST SPEED    15   HIGHEST GUST DIRECTION     S (180)
  AVERAGE WIND SPEED     3.9


SKY COVER
  POSSIBLE SUNSHINE  MM
  AVERAGE SKY COVER 0.9


WEATHER CONDITIONS
 THE FOLLOWING WEATHER WAS RECORDED TODAY.
  RAIN
  LIGHT RAIN
  FOG


RELATIVE HUMIDITY (PERCENT)
 HIGHEST    96           600 AM
 LOWEST     73           200 PM
 AVERAGE    85

..........................................................


THE BOWLING GREEN CLIMATE NORMALS FOR TOMORROW
                         NORMAL    RECORD    YEAR
 MAXIMUM TEMPERATURE (F)   46        73      2015
 MINIMUM TEMPERATURE (F)   27         3      1903


SUNRISE AND SUNSET
DECEMBER 25 2016......SUNRISE   657 AM CST   SUNSET   435 PM CST
DECEMBER 26 2016......SUNRISE   657 AM CST   SUNSET   436 PM CST


-  INDICATES NEGATIVE NUMBERS.
R  INDICATES RECORD WAS SET OR TIED.
MM INDICATES DATA IS MISSING.
T  INDICATES TRACE AMOUNT.




$$
