000
CDUS43 KLMK 152129
CLIBWG


CLIMATE REPORT
NATIONAL WEATHER SERVICE LOUISVILLE KY
428 PM EST MON DEC 15 2014


...................................

...THE BOWLING GREEN CLIMATE SUMMARY FOR DECEMBER 15 2014...
VALID TODAY AS OF 0400 PM LOCAL TIME.

CLIMATE NORMAL PERIOD 1981 TO 2010
CLIMATE RECORD PERIOD 1870 TO 2014


WEATHER ITEM   OBSERVED TIME   RECORD YEAR NORMAL DEPARTURE LAST
                VALUE   (LST)  VALUE       VALUE  FROM      YEAR
                                                  NORMAL
..................................................................
TEMPERATURE (F)
 TODAY
  MAXIMUM         51    300 PM  73    1995  48      3       35
                                      1984
  MINIMUM         41   1215 AM  -9    1903  29     12       30
  AVERAGE         46                        38      8       33

PRECIPITATION (IN)
  TODAY            T             2.99 1948   0.16  -0.16     0.00
  MONTH TO DATE    1.05                      2.45  -1.40     2.97
  SINCE DEC 1      1.05                      2.45  -1.40     2.97
  SINCE JAN 1     45.48                     47.54  -2.06    57.62

SNOWFALL (IN)
  TODAY            0.0           6.0  1916   0.0    0.0      0.0
  MONTH TO DATE    0.0                       0.3   -0.3      0.1
  SINCE DEC 1      0.0                       0.3   -0.3      0.1
  SINCE JUL 1      0.3                       0.3    0.0      1.2
  SNOW DEPTH       0

DEGREE DAYS
 HEATING
  TODAY           19                        27     -8       32
  MONTH TO DATE  322                       369    -47      396
  SINCE DEC 1    322                       369    -47      396
  SINCE JUL 1   1219                      1132     87     1276

 COOLING
  TODAY            0                         0      0        0
  MONTH TO DATE    0                         0      0        0
  SINCE DEC 1      0                         0      0        0
  SINCE JAN 1   1488                      1491     -3     1499
..................................................................


WIND (MPH)
  HIGHEST WIND SPEED    13   HIGHEST WIND DIRECTION    SE (140)
  HIGHEST GUST SPEED    17   HIGHEST GUST DIRECTION    SE (130)
  AVERAGE WIND SPEED     5.0


SKY COVER
  POSSIBLE SUNSHINE  MM
  AVERAGE SKY COVER 1.0


WEATHER CONDITIONS
 THE FOLLOWING WEATHER WAS RECORDED TODAY.
  LIGHT RAIN
  FOG


RELATIVE HUMIDITY (PERCENT)
 HIGHEST    89           100 AM
 LOWEST     66           100 PM
 AVERAGE    78

..........................................................


THE BOWLING GREEN CLIMATE NORMALS FOR TOMORROW
                         NORMAL    RECORD    YEAR
 MAXIMUM TEMPERATURE (F)   47        72      1984
 MINIMUM TEMPERATURE (F)   29        -5      1901


SUNRISE AND SUNSET
DECEMBER 15 2014......SUNRISE   652 AM CST   SUNSET   430 PM CST
DECEMBER 16 2014......SUNRISE   652 AM CST   SUNSET   431 PM CST


-  INDICATES NEGATIVE NUMBERS.
R  INDICATES RECORD WAS SET OR TIED.
MM INDICATES DATA IS MISSING.
T  INDICATES TRACE AMOUNT.




$$
