000
CDUS43 KLMK 122030
CLIBWG


CLIMATE REPORT
NATIONAL WEATHER SERVICE LOUISVILLE KY
429 PM EDT FRI SEP 12 2014


...................................

...THE BOWLING GREEN CLIMATE SUMMARY FOR SEPTEMBER 12 2014...
VALID TODAY AS OF 0400 PM LOCAL TIME.

CLIMATE NORMAL PERIOD 1981 TO 2010
CLIMATE RECORD PERIOD 1870 TO 2014


WEATHER ITEM   OBSERVED TIME   RECORD YEAR NORMAL DEPARTURE LAST
                VALUE   (LST)  VALUE       VALUE  FROM      YEAR
                                                  NORMAL
..................................................................
TEMPERATURE (F)
 TODAY
  MAXIMUM         66    126 PM  98    1939  84    -18       88
  MINIMUM         61    746 AM  42    1940  60      1       66
  AVERAGE         64                        72     -8       77

PRECIPITATION (IN)
  TODAY            0.00          1.20 1938   0.14  -0.14     0.80
  MONTH TO DATE    0.14                      1.57  -1.43     3.50
  SINCE SEP 1      0.14                      1.57  -1.43     3.50
  SINCE JAN 1     36.30                     35.13   1.17    46.20

SNOWFALL (IN)
  TODAY            0.0           0.0    MM   0.0    0.0      0.0
  MONTH TO DATE    0.0                       0.0    0.0      0.0
  SINCE SEP 1      0.0                       0.0    0.0      0.0
  SINCE JUL 1      0.0                       0.0    0.0      0.0
  SNOW DEPTH       0

DEGREE DAYS
 HEATING
  TODAY            1                         0      1        0
  MONTH TO DATE    1                         0      1        0
  SINCE SEP 1      1                         0      1        0
  SINCE JUL 1      1                         1      0        0

 COOLING
  TODAY            0                         7     -7       12
  MONTH TO DATE  126                       104     22      136
  SINCE SEP 1    126                       104     22      136
  SINCE JAN 1   1403                      1373     30     1396
..................................................................


WIND (MPH)
  HIGHEST WIND SPEED    13   HIGHEST WIND DIRECTION    NE (60)
  HIGHEST GUST SPEED    17   HIGHEST GUST DIRECTION    NE (40)
  AVERAGE WIND SPEED     6.8


SKY COVER
  POSSIBLE SUNSHINE  MM
  AVERAGE SKY COVER 1.0


WEATHER CONDITIONS
 THE FOLLOWING WEATHER WAS RECORDED TODAY.
  NO SIGNIFICANT WEATHER WAS OBSERVED.


RELATIVE HUMIDITY (PERCENT)
 HIGHEST    90           500 AM
 LOWEST     78           800 AM
 AVERAGE    84

..........................................................


THE BOWLING GREEN CLIMATE NORMALS FOR TOMORROW
                         NORMAL    RECORD    YEAR
 MAXIMUM TEMPERATURE (F)   83       100      1939
                                             1927
 MINIMUM TEMPERATURE (F)   59        36      1902


SUNRISE AND SUNSET
SEPTEMBER 12 2014.....SUNRISE   625 AM CDT   SUNSET   658 PM CDT
SEPTEMBER 13 2014.....SUNRISE   626 AM CDT   SUNSET   656 PM CDT


-  INDICATES NEGATIVE NUMBERS.
R  INDICATES RECORD WAS SET OR TIED.
MM INDICATES DATA IS MISSING.
T  INDICATES TRACE AMOUNT.




$$
