000
CDUS43 KLMK 140627
CLIBWG


CLIMATE REPORT
NATIONAL WEATHER SERVICE LOUISVILLE KY
227 AM EDT WED JUN 14 2017


...................................

...THE BOWLING GREEN KY CLIMATE SUMMARY FOR JUNE 13 2017...

CLIMATE NORMAL PERIOD 1981 TO 2010
CLIMATE RECORD PERIOD 1870 TO 2017


WEATHER ITEM   OBSERVED TIME   RECORD YEAR NORMAL DEPARTURE LAST
                VALUE   (LST)  VALUE       VALUE  FROM      YEAR
                                                  NORMAL
..................................................................
TEMPERATURE (F)
 YESTERDAY
  MAXIMUM         91    239 PM 100    1894  86      5       96
  MINIMUM         72   1159 PM  39    1903  63      9       72
  AVERAGE         82                        75      7       84

PRECIPITATION (IN)
  YESTERDAY        0.47          2.65 1969   0.14   0.33     0.12
  MONTH TO DATE    4.24                      1.92   2.32     0.60
  SINCE JUN 1      4.24                      1.92   2.32     0.60
  SINCE JAN 1     24.54                     23.85   0.69    19.77

SNOWFALL (IN)
  YESTERDAY        0.0           0.0    MM   0.0    0.0      0.0
  MONTH TO DATE    0.0                       0.0    0.0      0.0
  SINCE JUN 1      0.0                       0.0    0.0      0.0
  SINCE JUL 1      0.7                       9.1   -8.4     24.0
  SNOW DEPTH       0

DEGREE DAYS
 HEATING
  YESTERDAY        0                         0      0        0
  MONTH TO DATE    0                         3     -3        0
  SINCE JUN 1      0                         3     -3        0
  SINCE JUL 1   2989                      4046  -1057     3230

 COOLING
  YESTERDAY       17                        10      7       19
  MONTH TO DATE  102                       107     -5      139
  SINCE JUN 1    102                       107     -5      139
  SINCE JAN 1    351                       260     91      305
..................................................................


WIND (MPH)
  HIGHEST WIND SPEED    21   HIGHEST WIND DIRECTION     E (100)
  HIGHEST GUST SPEED    25   HIGHEST GUST DIRECTION     E (110)
  AVERAGE WIND SPEED     4.9


SKY COVER
  POSSIBLE SUNSHINE  MM
  AVERAGE SKY COVER 0.3


WEATHER CONDITIONS
 THE FOLLOWING WEATHER WAS RECORDED YESTERDAY.
  THUNDERSTORM
  HEAVY RAIN
  RAIN
  LIGHT RAIN


RELATIVE HUMIDITY (PERCENT)
 HIGHEST   100           200 AM
 LOWEST     56          1200 PM
 AVERAGE    78

..........................................................


THE BOWLING GREEN KY CLIMATE NORMALS FOR TODAY
                         NORMAL    RECORD    YEAR
 MAXIMUM TEMPERATURE (F)   86       102      1894
 MINIMUM TEMPERATURE (F)   64        48      1985
                                             1903


SUNRISE AND SUNSET
JUNE 14 2017..........SUNRISE   526 AM CDT   SUNSET   807 PM CDT
JUNE 15 2017..........SUNRISE   526 AM CDT   SUNSET   807 PM CDT


-  INDICATES NEGATIVE NUMBERS.
R  INDICATES RECORD WAS SET OR TIED.
MM INDICATES DATA IS MISSING.
T  INDICATES TRACE AMOUNT.




$$
