000
CDUS43 KLMK 082029 RRB
CLIBWG

CLIMATE REPORT
NATIONAL WEATHER SERVICE LOUISVILLE KY
428 PM EDT SUN MAY 8 2016


...................................

...THE BOWLING GREEN CLIMATE SUMMARY FOR MAY 8 2016...
VALID TODAY AS OF 0400 PM LOCAL TIME.

CLIMATE NORMAL PERIOD 1981 TO 2010
CLIMATE RECORD PERIOD 1870 TO 2016


WEATHER ITEM   OBSERVED TIME   RECORD YEAR NORMAL DEPARTURE LAST
                VALUE   (LST)  VALUE       VALUE  FROM      YEAR
                                                  NORMAL
..................................................................
TEMPERATURE (F)
 TODAY
  MAXIMUM         83    200 PM  93    1936  76      7       88
  MINIMUM         60    509 AM  34    1885  53      7       54
  AVERAGE         72                        64      8       71

PRECIPITATION (IN)
  TODAY            0.00          1.59 1972   0.18  -0.18     0.00
  MONTH TO DATE    0.54                      1.47  -0.93     0.00
  SINCE MAR 1      5.89                     10.22  -4.33    15.35
  SINCE JAN 1     12.47                     17.79  -5.32    21.23

SNOWFALL (IN)
  TODAY            0.0           0.0    MM   0.0    0.0      0.0
  MONTH TO DATE    0.0                       0.0    0.0      0.0
  SINCE MAR 1      T                         1.3   -1.3      7.2
  SINCE JUL 1     24.0                       9.1   14.9     23.5
  SNOW DEPTH       0

DEGREE DAYS
 HEATING
  TODAY            0                         3     -3        0
  MONTH TO DATE   32                        31      1       16
  SINCE MAR 1    569                       802   -233      728
  SINCE JUL 1   3169                      4000   -831     4263

 COOLING
  TODAY            7                         2      5        6
  MONTH TO DATE   19                        16      3       27
  SINCE MAR 1     63                        52     11       62
  SINCE JAN 1     63                        52     11       62
..................................................................


WIND (MPH)
  HIGHEST WIND SPEED    12   HIGHEST WIND DIRECTION    SW (230)
  HIGHEST GUST SPEED    18   HIGHEST GUST DIRECTION     W (260)
  AVERAGE WIND SPEED     4.2


SKY COVER
  POSSIBLE SUNSHINE  MM
  AVERAGE SKY COVER 0.1


WEATHER CONDITIONS
 THE FOLLOWING WEATHER WAS RECORDED TODAY.
  NO SIGNIFICANT WEATHER WAS OBSERVED.


RELATIVE HUMIDITY (PERCENT)
 HIGHEST    84           500 AM
 LOWEST     43           100 PM
 AVERAGE    64

..........................................................


THE BOWLING GREEN CLIMATE NORMALS FOR TOMORROW
                         NORMAL    RECORD    YEAR
 MAXIMUM TEMPERATURE (F)   76        95      1936
 MINIMUM TEMPERATURE (F)   53        34      1960


SUNRISE AND SUNSET
MAY  8 2016...........SUNRISE   544 AM CDT   SUNSET   741 PM CDT
MAY  9 2016...........SUNRISE   543 AM CDT   SUNSET   742 PM CDT


-  INDICATES NEGATIVE NUMBERS.
R  INDICATES RECORD WAS SET OR TIED.
MM INDICATES DATA IS MISSING.
T  INDICATES TRACE AMOUNT.




$$
