212
CDUS43 KLMK 220634
CLIBWG


CLIMATE REPORT
NATIONAL WEATHER SERVICE LOUISVILLE KY
234 AM EDT THU SEP 22 2016


...................................

...THE BOWLING GREEN KY CLIMATE SUMMARY FOR SEPTEMBER 21 2016...

CLIMATE NORMAL PERIOD 1981 TO 2010
CLIMATE RECORD PERIOD 1870 TO 2016


WEATHER ITEM   OBSERVED TIME   RECORD YEAR NORMAL DEPARTURE LAST
                VALUE   (LST)  VALUE       VALUE  FROM      YEAR
                                                  NORMAL
..................................................................
TEMPERATURE (F)
 YESTERDAY
  MAXIMUM         89    323 PM 100    1931  80      9       79
  MINIMUM         61    516 AM  37    1927  56      5       52
  AVERAGE         75                        68      7       66

PRECIPITATION (IN)
  YESTERDAY        0.00          2.91 1990   0.13  -0.13     0.00
  MONTH TO DATE    1.02                      2.74  -1.72     0.71
  SINCE SEP 1      1.02                      2.74  -1.72     0.71
  SINCE JAN 1     38.94                     36.30   2.64    35.75

SNOWFALL (IN)
  YESTERDAY        0.0           0.0    MM   0.0    0.0      0.0
  MONTH TO DATE    0.0                       0.0    0.0      0.0
  SINCE SEP 1      0.0                       0.0    0.0      0.0
  SINCE JUL 1      0.0                       0.0    0.0      0.0
  SNOW DEPTH       0

DEGREE DAYS
 HEATING
  YESTERDAY        0                         2     -2        0
  MONTH TO DATE    0                         9     -9        8
  SINCE SEP 1      0                         9     -9        8
  SINCE JUL 1      0                        10    -10        8

 COOLING
  YESTERDAY       10                         5      5        1
  MONTH TO DATE  254                       155     99      192
  SINCE SEP 1    254                       155     99      192
  SINCE JAN 1   1813                      1424    389     1573
..................................................................


WIND (MPH)
  HIGHEST WIND SPEED    13   HIGHEST WIND DIRECTION    NE (50)
  HIGHEST GUST SPEED    18   HIGHEST GUST DIRECTION     E (70)
  AVERAGE WIND SPEED     3.2


SKY COVER
  POSSIBLE SUNSHINE  MM
  AVERAGE SKY COVER 0.0


WEATHER CONDITIONS
 THE FOLLOWING WEATHER WAS RECORDED YESTERDAY.
  FOG


RELATIVE HUMIDITY (PERCENT)
 HIGHEST    97           500 AM
 LOWEST     38           300 PM
 AVERAGE    68

..........................................................


THE BOWLING GREEN KY CLIMATE NORMALS FOR TODAY
                         NORMAL    RECORD    YEAR
 MAXIMUM TEMPERATURE (F)   80        98      1931
 MINIMUM TEMPERATURE (F)   55        37      1983
                                             1918
                                             1913


SUNRISE AND SUNSET
SEPTEMBER 22 2016.....SUNRISE   634 AM CDT   SUNSET   642 PM CDT
SEPTEMBER 23 2016.....SUNRISE   635 AM CDT   SUNSET   640 PM CDT


-  INDICATES NEGATIVE NUMBERS.
R  INDICATES RECORD WAS SET OR TIED.
MM INDICATES DATA IS MISSING.
T  INDICATES TRACE AMOUNT.




$$
