000
CDUS43 KLMK 190202
CLIBWG


CLIMATE REPORT
NATIONAL WEATHER SERVICE LOUISVILLE KY
901 PM EST FRI NOV 18 2016


...................................

...THE BOWLING GREEN CLIMATE SUMMARY FOR NOVEMBER 18 2016...
VALID TODAY AS OF 0400 PM LOCAL TIME.

CLIMATE NORMAL PERIOD 1981 TO 2010
CLIMATE RECORD PERIOD 1870 TO 2016


WEATHER ITEM   OBSERVED TIME   RECORD YEAR NORMAL DEPARTURE LAST
                VALUE   (LST)  VALUE       VALUE  FROM      YEAR
                                                  NORMAL
..................................................................
TEMPERATURE (F)
 TODAY
  MAXIMUM         80    300 PM  82    1930  58     22       69
  MINIMUM         51    611 AM  10    1891  37     14       52
  AVERAGE         66                        48     18       61

PRECIPITATION (IN)
  TODAY            0.00          3.00 1906   0.15  -0.15     1.76
  MONTH TO DATE    0.02                      2.38  -2.36     2.97
  SINCE SEP 1      2.15                      9.69  -7.54    11.72
  SINCE JAN 1     40.07                     43.25  -3.18    46.76

SNOWFALL (IN)
  TODAY            0.0           T    2014   0.0    0.0      0.0
                                      1980
                                      1968
  MONTH TO DATE    0.0                       0.0    0.0      0.0
  SINCE SEP 1      0.0                       T      0.0      0.0
  SINCE JUL 1      0.0                       T      0.0      0.0
  SNOW DEPTH       0

DEGREE DAYS
 HEATING
  TODAY            0                        17    -17        4
  MONTH TO DATE  169                       260    -91      162
  SINCE SEP 1    255                       522   -267      348
  SINCE JUL 1    255                       523   -268      348

 COOLING
  TODAY            1                         0      1        0
  MONTH TO DATE   16                         0     16        9
  SINCE SEP 1    421                       219    202      290
  SINCE JAN 1   1980                      1488    492     1671
..................................................................


WIND (MPH)
  HIGHEST WIND SPEED    16   HIGHEST WIND DIRECTION     S (200)
  HIGHEST GUST SPEED    22   HIGHEST GUST DIRECTION     S (180)
  AVERAGE WIND SPEED     9.5


SKY COVER
  POSSIBLE SUNSHINE  MM
  AVERAGE SKY COVER 0.0


WEATHER CONDITIONS
 THE FOLLOWING WEATHER WAS RECORDED TODAY.
  NO SIGNIFICANT WEATHER WAS OBSERVED.


RELATIVE HUMIDITY (PERCENT)
 HIGHEST    63           700 AM
 LOWEST     28           300 PM
 AVERAGE    46

..........................................................


THE BOWLING GREEN CLIMATE NORMALS FOR TOMORROW
                         NORMAL    RECORD    YEAR
 MAXIMUM TEMPERATURE (F)   58        83      1930
 MINIMUM TEMPERATURE (F)   37        17      1951


SUNRISE AND SUNSET
NOVEMBER 18 2016......SUNRISE   628 AM CST   SUNSET   434 PM CST
NOVEMBER 19 2016......SUNRISE   629 AM CST   SUNSET   433 PM CST


-  INDICATES NEGATIVE NUMBERS.
R  INDICATES RECORD WAS SET OR TIED.
MM INDICATES DATA IS MISSING.
T  INDICATES TRACE AMOUNT.




$$
