000
CDUS43 KLMK 122027
CLIBWG


CLIMATE REPORT
NATIONAL WEATHER SERVICE LOUISVILLE KY
426 PM EDT FRI MAY 12 2017


...................................

...THE BOWLING GREEN CLIMATE SUMMARY FOR MAY 12 2017...
VALID TODAY AS OF 0400 PM LOCAL TIME.

CLIMATE NORMAL PERIOD 1981 TO 2010
CLIMATE RECORD PERIOD 1870 TO 2017


WEATHER ITEM   OBSERVED TIME   RECORD YEAR NORMAL DEPARTURE LAST
                VALUE   (LST)  VALUE       VALUE  FROM      YEAR
                                                  NORMAL
..................................................................
TEMPERATURE (F)
 TODAY
  MAXIMUM         71    412 AM  93    1914  77     -6       83
  MINIMUM         63    113 PM  37    1951  54      9       62
  AVERAGE         67                        65      2       73

PRECIPITATION (IN)
  TODAY            0.58          1.57 1955   0.20   0.38     0.98
  MONTH TO DATE    1.71                      2.23  -0.52     2.30
  SINCE MAR 1     10.08                     10.98  -0.90     7.65
  SINCE JAN 1     16.66                     18.55  -1.89    14.23

SNOWFALL (IN)
  TODAY            0.0           0.0    MM   0.0    0.0      0.0
  MONTH TO DATE    0.0                       0.0    0.0      0.0
  SINCE MAR 1      T                         1.3   -1.3       T
  SINCE JUL 1      0.7                       9.1   -8.4     24.0
  SNOW DEPTH       0

DEGREE DAYS
 HEATING
  TODAY            0                         3     -3        0
  MONTH TO DATE   56                        43     13       32
  SINCE MAR 1    604                       814   -210      569
  SINCE JUL 1   2985                      4012  -1027     3169

 COOLING
  TODAY            2                         3     -1        8
  MONTH TO DATE   28                        28      0       48
  SINCE MAR 1    118                        64     54       92
  SINCE JAN 1    122                        64     58       92
..................................................................


WIND (MPH)
  HIGHEST WIND SPEED     6   HIGHEST WIND DIRECTION     N (350)
  HIGHEST GUST SPEED    12   HIGHEST GUST DIRECTION     N (10)
  AVERAGE WIND SPEED     4.7


SKY COVER
  POSSIBLE SUNSHINE  MM
  AVERAGE SKY COVER 0.9


WEATHER CONDITIONS
 THE FOLLOWING WEATHER WAS RECORDED TODAY.
  HEAVY RAIN
  RAIN
  LIGHT RAIN
  FOG


RELATIVE HUMIDITY (PERCENT)
 HIGHEST   100           200 AM
 LOWEST     93           100 AM
 AVERAGE    97

..........................................................


THE BOWLING GREEN CLIMATE NORMALS FOR TOMORROW
                         NORMAL    RECORD    YEAR
 MAXIMUM TEMPERATURE (F)   77        96      1916
 MINIMUM TEMPERATURE (F)   54        35      1895


SUNRISE AND SUNSET
MAY 12 2017...........SUNRISE   540 AM CDT   SUNSET   745 PM CDT
MAY 13 2017...........SUNRISE   539 AM CDT   SUNSET   745 PM CDT


-  INDICATES NEGATIVE NUMBERS.
R  INDICATES RECORD WAS SET OR TIED.
MM INDICATES DATA IS MISSING.
T  INDICATES TRACE AMOUNT.




$$
