000
CDUS43 KLMK 160629
CLIBWG


CLIMATE REPORT
NATIONAL WEATHER SERVICE LOUISVILLE KY
127 AM EST FRI JAN 16 2015


...................................

...THE BOWLING GREEN KY CLIMATE SUMMARY FOR JANUARY 15 2015...

CLIMATE NORMAL PERIOD 1981 TO 2010
CLIMATE RECORD PERIOD 1870 TO 2015


WEATHER ITEM   OBSERVED TIME   RECORD YEAR NORMAL DEPARTURE LAST
                VALUE   (LST)  VALUE       VALUE  FROM      YEAR
                                                  NORMAL
..................................................................
TEMPERATURE (F)
 YESTERDAY
  MAXIMUM         34    645 PM  70    1952  45    -11       35
  MINIMUM         28   1257 AM  -3    1964  26      2       20
                                      1893
  AVERAGE         31                        35     -4       28

PRECIPITATION (IN)
  YESTERDAY        0.03          3.02 1898   0.11  -0.08      T
  MONTH TO DATE    1.20                      1.72  -0.52     1.63
  SINCE DEC 1      2.89                      6.52  -3.63     6.64
  SINCE JAN 1      1.20                      1.72  -0.52     1.63

SNOWFALL (IN)
  YESTERDAY        0.5           4.0  1917   0.1    0.4       T
  MONTH TO DATE    0.6                       1.4   -0.8      0.9
  SINCE DEC 1      0.6                       2.6   -2.0      1.0
  SINCE JUL 1      0.9                       2.6   -1.7      2.1
  SNOW DEPTH       0

DEGREE DAYS
 HEATING
  YESTERDAY       34                        30      4       37
  MONTH TO DATE  514                       445     69      486
  SINCE DEC 1   1230                      1266    -36     1293
  SINCE JUL 1   2127                      2029     98     2173

 COOLING
  YESTERDAY        0                         0      0        0
  MONTH TO DATE    0                         0      0        0
  SINCE DEC 1      0                         1     -1        2
  SINCE JAN 1      0                         0      0        0
..................................................................


WIND (MPH)
  HIGHEST WIND SPEED    12   HIGHEST WIND DIRECTION     W (250)
  HIGHEST GUST SPEED    14   HIGHEST GUST DIRECTION     W (250)
  AVERAGE WIND SPEED     3.1


SKY COVER
  POSSIBLE SUNSHINE  MM
  AVERAGE SKY COVER 1.0


WEATHER CONDITIONS
 THE FOLLOWING WEATHER WAS RECORDED YESTERDAY.
  SNOW
  LIGHT SNOW
  FOG
  HAZE


RELATIVE HUMIDITY (PERCENT)
 HIGHEST    85          1200 PM
 LOWEST     66          1000 AM
 AVERAGE    76

..........................................................


THE BOWLING GREEN KY CLIMATE NORMALS FOR TODAY
                         NORMAL    RECORD    YEAR
 MAXIMUM TEMPERATURE (F)   45        73      1928
 MINIMUM TEMPERATURE (F)   26        -9      1982


SUNRISE AND SUNSET
JANUARY 16 2015.......SUNRISE   658 AM CST   SUNSET   454 PM CST
JANUARY 17 2015.......SUNRISE   657 AM CST   SUNSET   455 PM CST


-  INDICATES NEGATIVE NUMBERS.
R  INDICATES RECORD WAS SET OR TIED.
MM INDICATES DATA IS MISSING.
T  INDICATES TRACE AMOUNT.

$$

SCHOETTMER
