862
CDUS43 KLMK 102035
CLIBWG


CLIMATE REPORT
NATIONAL WEATHER SERVICE LOUISVILLE KY
435 PM EDT THU AUG 10 2017


...................................

...THE BOWLING GREEN CLIMATE SUMMARY FOR AUGUST 10 2017...
VALID TODAY AS OF 0400 PM LOCAL TIME.

CLIMATE NORMAL PERIOD 1981 TO 2010
CLIMATE RECORD PERIOD 1870 TO 2017


WEATHER ITEM   OBSERVED TIME   RECORD YEAR NORMAL DEPARTURE LAST
                VALUE   (LST)  VALUE       VALUE  FROM      YEAR
                                                  NORMAL
..................................................................
TEMPERATURE (F)
 TODAY
  MAXIMUM         88    202 PM 106    1918  90     -2       91
  MINIMUM         68    359 AM  54    1976  67      1       76
  AVERAGE         78                        78      0       84

PRECIPITATION (IN)
  TODAY            0.00          1.55 1937   0.10  -0.10     0.00
  MONTH TO DATE    1.39                      0.98   0.41     1.40
  SINCE JUN 1     12.81                      9.28   3.53    14.99
  SINCE JAN 1     33.11                     31.21   1.90    34.16

SNOWFALL (IN)
  TODAY            0.0           0.0    MM   0.0    0.0      0.0
  MONTH TO DATE    0.0                       0.0    0.0      0.0
  SINCE JUN 1      0.0                       0.0    0.0      0.0
  SINCE JUL 1      0.0                       0.0    0.0      0.0
  SNOW DEPTH       0

DEGREE DAYS
 HEATING
  TODAY            0                         0      0        0
  MONTH TO DATE    0                         0      0        0
  SINCE JUN 1      0                         5     -5        0
  SINCE JUL 1      0                         0      0        0

 COOLING
  TODAY           13                        13      0       19
  MONTH TO DATE   96                       131    -35      170
  SINCE JUN 1    854                       859     -5     1071
  SINCE JAN 1   1103                      1012     91     1237
..................................................................


WIND (MPH)
  HIGHEST WIND SPEED     9   HIGHEST WIND DIRECTION     W (270)
  HIGHEST GUST SPEED    13   HIGHEST GUST DIRECTION    NW (320)
  AVERAGE WIND SPEED     1.8


SKY COVER
  POSSIBLE SUNSHINE  MM
  AVERAGE SKY COVER 0.4


WEATHER CONDITIONS
 THE FOLLOWING WEATHER WAS RECORDED TODAY.
  NO SIGNIFICANT WEATHER WAS OBSERVED.


RELATIVE HUMIDITY (PERCENT)
 HIGHEST    97           300 AM
 LOWEST     46           200 PM
 AVERAGE    72

..........................................................


THE BOWLING GREEN CLIMATE NORMALS FOR TOMORROW
                         NORMAL    RECORD    YEAR
 MAXIMUM TEMPERATURE (F)   90       105      1918
 MINIMUM TEMPERATURE (F)   67        54      1962
                                             1888


SUNRISE AND SUNSET
AUGUST 10 2017........SUNRISE   559 AM CDT   SUNSET   743 PM CDT
AUGUST 11 2017........SUNRISE   559 AM CDT   SUNSET   742 PM CDT


-  INDICATES NEGATIVE NUMBERS.
R  INDICATES RECORD WAS SET OR TIED.
MM INDICATES DATA IS MISSING.
T  INDICATES TRACE AMOUNT.




$$
