000
CDUS43 KLMK 262132
CLIBWG


CLIMATE REPORT
NATIONAL WEATHER SERVICE LOUISVILLE KY
431 PM EST TUE JAN 26 2016


...................................

...THE BOWLING GREEN CLIMATE SUMMARY FOR JANUARY 26 2016...
VALID TODAY AS OF 0400 PM LOCAL TIME.

CLIMATE NORMAL PERIOD 1981 TO 2010
CLIMATE RECORD PERIOD 1870 TO 2016


WEATHER ITEM   OBSERVED TIME   RECORD YEAR NORMAL DEPARTURE LAST
                VALUE   (LST)  VALUE       VALUE  FROM      YEAR
                                                  NORMAL
..................................................................
TEMPERATURE (F)
 TODAY
  MAXIMUM         50    151 AM  71    1962  46      4       41
  MINIMUM         38    317 PM -10    1948  27     11       30
  AVERAGE         44                        36      8       36

PRECIPITATION (IN)
  TODAY            0.18          1.90 1902   0.12   0.06     0.07
  MONTH TO DATE    1.79                      2.98  -1.19     1.84
  SINCE DEC 1      7.02                      7.78  -0.76     3.53
  SINCE JAN 1      1.79                      2.98  -1.19     1.84

SNOWFALL (IN)
  TODAY            0.0           8.0  1907   0.1   -0.1      1.1
  MONTH TO DATE   14.8                       2.6   12.2      3.4
  SINCE DEC 1     14.8                       3.8   11.0      3.4
  SINCE JUL 1     14.8                       3.8   11.0      3.7
  SNOW DEPTH       0

DEGREE DAYS
 HEATING
  TODAY           21                        29     -8       29
  MONTH TO DATE  833                       767     66      793
  SINCE DEC 1   1274                      1588   -314     1509
  SINCE JUL 1   1812                      2351   -539     2406

 COOLING
  TODAY            0                         0      0        0
  MONTH TO DATE    0                         0      0        0
  SINCE DEC 1      2                         1      1        0
  SINCE JAN 1      0                         0      0        0
..................................................................


WIND (MPH)
  HIGHEST WIND SPEED    14   HIGHEST WIND DIRECTION    NW (310)
  HIGHEST GUST SPEED    22   HIGHEST GUST DIRECTION    NW (310)
  AVERAGE WIND SPEED     6.6


SKY COVER
  POSSIBLE SUNSHINE  MM
  AVERAGE SKY COVER 0.8


WEATHER CONDITIONS
 THE FOLLOWING WEATHER WAS RECORDED TODAY.
  RAIN
  LIGHT RAIN
  FOG


RELATIVE HUMIDITY (PERCENT)
 HIGHEST    93           400 AM
 LOWEST     70           200 PM
 AVERAGE    82

..........................................................


THE BOWLING GREEN CLIMATE NORMALS FOR TOMORROW
                         NORMAL    RECORD    YEAR
 MAXIMUM TEMPERATURE (F)   46        70      1944
 MINIMUM TEMPERATURE (F)   27        -9      1963


SUNRISE AND SUNSET
JANUARY 26 2016.......SUNRISE   653 AM CST   SUNSET   504 PM CST
JANUARY 27 2016.......SUNRISE   652 AM CST   SUNSET   505 PM CST


-  INDICATES NEGATIVE NUMBERS.
R  INDICATES RECORD WAS SET OR TIED.
MM INDICATES DATA IS MISSING.
T  INDICATES TRACE AMOUNT.




$$
