000
CDUS43 KLMK 160628
CLIBWG


CLIMATE REPORT
NATIONAL WEATHER SERVICE LOUISVILLE KY
127 AM EST TUE DEC 16 2014


...................................

...THE BOWLING GREEN KY CLIMATE SUMMARY FOR DECEMBER 15 2014...

CLIMATE NORMAL PERIOD 1981 TO 2010
CLIMATE RECORD PERIOD 1870 TO 2014


WEATHER ITEM   OBSERVED TIME   RECORD YEAR NORMAL DEPARTURE LAST
                VALUE   (LST)  VALUE       VALUE  FROM      YEAR
                                                  NORMAL
..................................................................
TEMPERATURE (F)
 YESTERDAY
  MAXIMUM         56   1159 PM  73    1995  48      8       35
                                      1984
  MINIMUM         41   1215 AM  -9    1903  29     12       30
  AVERAGE         49                        38     11       33

PRECIPITATION (IN)
  YESTERDAY        0.01          2.99 1948   0.16  -0.15     0.00
  MONTH TO DATE    1.06                      2.45  -1.39     2.97
  SINCE DEC 1      1.06                      2.45  -1.39     2.97
  SINCE JAN 1     45.49                     47.54  -2.05    57.62

SNOWFALL (IN)
  YESTERDAY        0.0           6.0  1916   0.0    0.0      0.0
  MONTH TO DATE    0.0                       0.3   -0.3      0.1
  SINCE DEC 1      0.0                       0.3   -0.3      0.1
  SINCE JUL 1      0.3                       0.3    0.0      1.2
  SNOW DEPTH       0

DEGREE DAYS
 HEATING
  YESTERDAY       16                        27    -11       32
  MONTH TO DATE  319                       369    -50      396
  SINCE DEC 1    319                       369    -50      396
  SINCE JUL 1   1216                      1132     84     1276

 COOLING
  YESTERDAY        0                         0      0        0
  MONTH TO DATE    0                         0      0        0
  SINCE DEC 1      0                         0      0        0
  SINCE JAN 1   1488                      1491     -3     1499
..................................................................


WIND (MPH)
  HIGHEST WIND SPEED    20   HIGHEST WIND DIRECTION     S (190)
  HIGHEST GUST SPEED    26   HIGHEST GUST DIRECTION     S (200)
  AVERAGE WIND SPEED     8.3


SKY COVER
  POSSIBLE SUNSHINE  MM
  AVERAGE SKY COVER 1.0


WEATHER CONDITIONS
 THE FOLLOWING WEATHER WAS RECORDED YESTERDAY.
  FOG
  HAZE


RELATIVE HUMIDITY (PERCENT)
 HIGHEST    89           100 AM
 LOWEST     66           100 PM
 AVERAGE    78

..........................................................


THE BOWLING GREEN KY CLIMATE NORMALS FOR TODAY
                         NORMAL    RECORD    YEAR
 MAXIMUM TEMPERATURE (F)   47        72      1984
 MINIMUM TEMPERATURE (F)   29        -5      1901


SUNRISE AND SUNSET
DECEMBER 16 2014......SUNRISE   652 AM CST   SUNSET   431 PM CST
DECEMBER 17 2014......SUNRISE   653 AM CST   SUNSET   431 PM CST


-  INDICATES NEGATIVE NUMBERS.
R  INDICATES RECORD WAS SET OR TIED.
MM INDICATES DATA IS MISSING.
T  INDICATES TRACE AMOUNT.




$$
