000
CDUS43 KLMK 212032
CLIBWG


CLIMATE REPORT
NATIONAL WEATHER SERVICE LOUISVILLE KY
432 PM EDT SUN SEP 21 2014


...................................

...THE BOWLING GREEN CLIMATE SUMMARY FOR SEPTEMBER 21 2014...
VALID TODAY AS OF 0400 PM LOCAL TIME.

CLIMATE NORMAL PERIOD 1981 TO 2010
CLIMATE RECORD PERIOD 1870 TO 2014


WEATHER ITEM   OBSERVED TIME   RECORD YEAR NORMAL DEPARTURE LAST
                VALUE   (LST)  VALUE       VALUE  FROM      YEAR
                                                  NORMAL
..................................................................
TEMPERATURE (F)
 TODAY
  MAXIMUM         83    156 PM 100    1931  80      3       73
  MINIMUM         68    111 AM  37    1927  56     12       54
  AVERAGE         76                        68      8       64

PRECIPITATION (IN)
  TODAY            0.00          2.91 1990   0.13  -0.13     0.62
  MONTH TO DATE    0.37                      2.74  -2.37     4.98
  SINCE SEP 1      0.37                      2.74  -2.37     4.98
  SINCE JAN 1     36.53                     36.30   0.23    47.68

SNOWFALL (IN)
  TODAY            0.0           0.0    MM   0.0    0.0      0.0
  MONTH TO DATE    0.0                       0.0    0.0      0.0
  SINCE SEP 1      0.0                       0.0    0.0      0.0
  SINCE JUL 1      0.0                       0.0    0.0      0.0
  SNOW DEPTH       0

DEGREE DAYS
 HEATING
  TODAY            0                         2     -2        1
  MONTH TO DATE   15                         9      6        7
  SINCE SEP 1     15                         9      6        7
  SINCE JUL 1     15                        10      5        7

 COOLING
  TODAY           11                         5      6        0
  MONTH TO DATE  151                       155     -4      173
  SINCE SEP 1    151                       155     -4      173
  SINCE JAN 1   1428                      1424      4     1433
..................................................................


WIND (MPH)
  HIGHEST WIND SPEED    16   HIGHEST WIND DIRECTION    NW (300)
  HIGHEST GUST SPEED    23   HIGHEST GUST DIRECTION    NW (310)
  AVERAGE WIND SPEED     7.9


SKY COVER
  POSSIBLE SUNSHINE  MM
  AVERAGE SKY COVER 0.3


WEATHER CONDITIONS
 THE FOLLOWING WEATHER WAS RECORDED TODAY.
  NO SIGNIFICANT WEATHER WAS OBSERVED.


RELATIVE HUMIDITY (PERCENT)
 HIGHEST    84          1200 AM
 LOWEST     51           200 PM
 AVERAGE    68

..........................................................


THE BOWLING GREEN CLIMATE NORMALS FOR TOMORROW
                         NORMAL    RECORD    YEAR
 MAXIMUM TEMPERATURE (F)   80        98      1931
 MINIMUM TEMPERATURE (F)   55        37      1983
                                             1918
                                             1913


SUNRISE AND SUNSET
SEPTEMBER 21 2014.....SUNRISE   633 AM CDT   SUNSET   644 PM CDT
SEPTEMBER 22 2014.....SUNRISE   634 AM CDT   SUNSET   643 PM CDT


-  INDICATES NEGATIVE NUMBERS.
R  INDICATES RECORD WAS SET OR TIED.
MM INDICATES DATA IS MISSING.
T  INDICATES TRACE AMOUNT.




$$
