000
CDUS43 KLMK 150627
CLIBWG


CLIMATE REPORT
NATIONAL WEATHER SERVICE LOUISVILLE KY
127 AM EST FRI DEC 15 2017


...................................

...THE BOWLING GREEN KY CLIMATE SUMMARY FOR DECEMBER 14 2017...

CLIMATE NORMAL PERIOD 1981 TO 2010
CLIMATE RECORD PERIOD 1870 TO 2017


WEATHER ITEM   OBSERVED TIME   RECORD YEAR NORMAL DEPARTURE LAST
                VALUE   (LST)  VALUE       VALUE  FROM      YEAR
                                                  NORMAL
..................................................................
TEMPERATURE (F)
 YESTERDAY
  MAXIMUM         43    102 AM  72    2015  48     -5       39
  MINIMUM         32   1159 PM   0    1898  29      3       29
  AVERAGE         38                        39     -1       34

PRECIPITATION (IN)
  YESTERDAY        0.00          2.30 1902   0.16  -0.16     0.00
  MONTH TO DATE    0.57                      2.29  -1.72     1.55
  SINCE DEC 1      0.57                      2.29  -1.72     1.55
  SINCE JAN 1     49.55                     47.38   2.17    43.51

SNOWFALL (IN)
  YESTERDAY        0.0           4.0  1914   0.0    0.0      0.0
  MONTH TO DATE    T                         0.3   -0.3      0.0
  SINCE DEC 1      T                         0.3   -0.3      0.0
  SINCE JUL 1      T                         0.3   -0.3      0.0
  SNOW DEPTH       0

DEGREE DAYS
 HEATING
  YESTERDAY       27                        26      1       31
  MONTH TO DATE  353                       342     11      376
  SINCE DEC 1    353                       342     11      376
  SINCE JUL 1   1054                      1105    -51      862

 COOLING
  YESTERDAY        0                         0      0        0
  MONTH TO DATE    0                         0      0        0
  SINCE DEC 1      0                         0      0        0
  SINCE JAN 1   1600                      1491    109     1979
..................................................................


WIND (MPH)
  HIGHEST WIND SPEED    15   HIGHEST WIND DIRECTION    NW (330)
  HIGHEST GUST SPEED    22   HIGHEST GUST DIRECTION    NW (320)
  AVERAGE WIND SPEED     6.2


SKY COVER
  POSSIBLE SUNSHINE  MM
  AVERAGE SKY COVER 0.9


WEATHER CONDITIONS
 THE FOLLOWING WEATHER WAS RECORDED YESTERDAY.
  NO SIGNIFICANT WEATHER WAS OBSERVED.


RELATIVE HUMIDITY (PERCENT)
 HIGHEST    70           200 AM
 LOWEST     54          1200 AM
 AVERAGE    62

..........................................................


THE BOWLING GREEN KY CLIMATE NORMALS FOR TODAY
                         NORMAL    RECORD    YEAR
 MAXIMUM TEMPERATURE (F)   48        73      1995
                                             1984
 MINIMUM TEMPERATURE (F)   29        -9      1903


SUNRISE AND SUNSET
DECEMBER 15 2017......SUNRISE   652 AM CST   SUNSET   430 PM CST
DECEMBER 16 2017......SUNRISE   652 AM CST   SUNSET   431 PM CST


-  INDICATES NEGATIVE NUMBERS.
R  INDICATES RECORD WAS SET OR TIED.
MM INDICATES DATA IS MISSING.
T  INDICATES TRACE AMOUNT.




$$
