000
CDUS43 KLMK 272030
CLIBWG


CLIMATE REPORT
NATIONAL WEATHER SERVICE LOUISVILLE KY
430 PM EDT FRI MAY 27 2016


...................................

...THE BOWLING GREEN CLIMATE SUMMARY FOR MAY 27 2016...
VALID TODAY AS OF 0400 PM LOCAL TIME.

CLIMATE NORMAL PERIOD 1981 TO 2010
CLIMATE RECORD PERIOD 1870 TO 2016


WEATHER ITEM   OBSERVED TIME   RECORD YEAR NORMAL DEPARTURE LAST
                VALUE   (LST)  VALUE       VALUE  FROM      YEAR
                                                  NORMAL
..................................................................
TEMPERATURE (F)
 TODAY
  MAXIMUM         87    222 PM  98    1911  81      6       83
  MINIMUM         61    436 AM  35    1961  58      3       67
  AVERAGE         74                        70      4       75

PRECIPITATION (IN)
  TODAY            0.00          2.41 1991   0.18  -0.18     0.01
  MONTH TO DATE    7.20                      4.91   2.29     2.77
  SINCE MAR 1     12.55                     13.66  -1.11    18.12
  SINCE JAN 1     19.13                     21.23  -2.10    24.00

SNOWFALL (IN)
  TODAY            0.0           0.0    MM   0.0    0.0      0.0
  MONTH TO DATE    0.0                       0.0    0.0      0.0
  SINCE MAR 1      T                         1.3   -1.3      7.2
  SINCE JUL 1     24.0                       9.1   14.9     23.5
  SNOW DEPTH       0

DEGREE DAYS
 HEATING
  TODAY            0                         1     -1        0
  MONTH TO DATE   93                        70     23       38
  SINCE MAR 1    630                       841   -211      750
  SINCE JUL 1   3230                      4039   -809     4285

 COOLING
  TODAY            9                         6      3       10
  MONTH TO DATE   79                        93    -14      129
  SINCE MAR 1    123                       129     -6      164
  SINCE JAN 1    123                       129     -6      164
..................................................................


WIND (MPH)
  HIGHEST WIND SPEED    18   HIGHEST WIND DIRECTION     S (200)
  HIGHEST GUST SPEED    23   HIGHEST GUST DIRECTION     S (200)
  AVERAGE WIND SPEED     6.4


SKY COVER
  POSSIBLE SUNSHINE  MM
  AVERAGE SKY COVER 0.3


WEATHER CONDITIONS
 THE FOLLOWING WEATHER WAS RECORDED TODAY.
  FOG
  FOG W/VISIBILITY <= 1/4 MILE


RELATIVE HUMIDITY (PERCENT)
 HIGHEST   100          1200 AM
 LOWEST     55          1100 AM
 AVERAGE    78

..........................................................


THE BOWLING GREEN CLIMATE NORMALS FOR TOMORROW
                         NORMAL    RECORD    YEAR
 MAXIMUM TEMPERATURE (F)   81       100      1911
 MINIMUM TEMPERATURE (F)   59        38      1907


SUNRISE AND SUNSET
MAY 27 2016...........SUNRISE   530 AM CDT   SUNSET   757 PM CDT
MAY 28 2016...........SUNRISE   529 AM CDT   SUNSET   757 PM CDT


-  INDICATES NEGATIVE NUMBERS.
R  INDICATES RECORD WAS SET OR TIED.
MM INDICATES DATA IS MISSING.
T  INDICATES TRACE AMOUNT.




$$
