392
CDUS43 KLMK 232026
CLIBWG


CLIMATE REPORT
NATIONAL WEATHER SERVICE LOUISVILLE KY
426 PM EDT THU MAR 23 2017


...................................

...THE BOWLING GREEN CLIMATE SUMMARY FOR MARCH 23 2017...
VALID TODAY AS OF 0400 PM LOCAL TIME.

CLIMATE NORMAL PERIOD 1981 TO 2010
CLIMATE RECORD PERIOD 1870 TO 2017


WEATHER ITEM   OBSERVED TIME   RECORD YEAR NORMAL DEPARTURE LAST
                VALUE   (LST)  VALUE       VALUE  FROM      YEAR
                                                  NORMAL
..................................................................
TEMPERATURE (F)
 TODAY
  MAXIMUM         57    200 PM  90    1910  62     -5       72
  MINIMUM         33    612 AM   4    1885  39     -6       52
  AVERAGE         45                        51     -6       62

PRECIPITATION (IN)
  TODAY            0.00          1.22 1975   0.15  -0.15     0.00
  MONTH TO DATE    2.40                      3.21  -0.81     1.81
  SINCE MAR 1      2.40                      3.21  -0.81     1.81
  SINCE JAN 1      8.98                     10.78  -1.80     8.39

SNOWFALL (IN)
  TODAY            0.0           0.5  1906   0.0    0.0      0.0
  MONTH TO DATE    T                         0.8   -0.8       T
  SINCE MAR 1      T                         0.8   -0.8       T
  SINCE JUL 1      0.7                       8.6   -7.9     24.0
  SNOW DEPTH       0

DEGREE DAYS
 HEATING
  TODAY           20                        15      5        3
  MONTH TO DATE  421                       414      7      267
  SINCE MAR 1    421                       414      7      267
  SINCE JUL 1   2802                      3612   -810     2867

 COOLING
  TODAY            0                         0      0        0
  MONTH TO DATE    0                         0      0        0
  SINCE MAR 1      0                         0      0        0
  SINCE JAN 1      4                         0      4        0
..................................................................


WIND (MPH)
  HIGHEST WIND SPEED     8   HIGHEST WIND DIRECTION     E (80)
  HIGHEST GUST SPEED    11   HIGHEST GUST DIRECTION     S (160)
  AVERAGE WIND SPEED     5.6


SKY COVER
  POSSIBLE SUNSHINE  MM
  AVERAGE SKY COVER 0.3


WEATHER CONDITIONS
 THE FOLLOWING WEATHER WAS RECORDED TODAY.
  LIGHT RAIN


RELATIVE HUMIDITY (PERCENT)
 HIGHEST    64           300 AM
 LOWEST     38          1100 AM
 AVERAGE    51

..........................................................


THE BOWLING GREEN CLIMATE NORMALS FOR TOMORROW
                         NORMAL    RECORD    YEAR
 MAXIMUM TEMPERATURE (F)   63        92      1929
 MINIMUM TEMPERATURE (F)   39        16      1968


SUNRISE AND SUNSET
MARCH 23 2017.........SUNRISE   644 AM CDT   SUNSET   700 PM CDT
MARCH 24 2017.........SUNRISE   643 AM CDT   SUNSET   701 PM CDT


-  INDICATES NEGATIVE NUMBERS.
R  INDICATES RECORD WAS SET OR TIED.
MM INDICATES DATA IS MISSING.
T  INDICATES TRACE AMOUNT.




$$
