083
CDUS43 KLMK 130627
CLIBWG


CLIMATE REPORT
NATIONAL WEATHER SERVICE LOUISVILLE KY
227 AM EDT THU APR 13 2017


...................................

...THE BOWLING GREEN KY CLIMATE SUMMARY FOR APRIL 12 2017...

CLIMATE NORMAL PERIOD 1981 TO 2010
CLIMATE RECORD PERIOD 1870 TO 2017


WEATHER ITEM   OBSERVED TIME   RECORD YEAR NORMAL DEPARTURE LAST
                VALUE   (LST)  VALUE       VALUE  FROM      YEAR
                                                  NORMAL
..................................................................
TEMPERATURE (F)
 YESTERDAY
  MAXIMUM         76    324 PM  94    1906  69      7       62
  MINIMUM         46    524 AM  26    1940  45      1       39
  AVERAGE         61                        57      4       51

PRECIPITATION (IN)
  YESTERDAY        0.00          3.01 1948   0.14  -0.14     0.00
  MONTH TO DATE    1.24                      1.62  -0.38     0.51
  SINCE MAR 1      5.03                      6.03  -1.00     4.33
  SINCE JAN 1     11.61                     13.60  -1.99    10.91

SNOWFALL (IN)
  YESTERDAY        0.0           0.0    MM   0.1   -0.1      0.0
  MONTH TO DATE    0.0                       0.2   -0.2      0.0
  SINCE MAR 1      T                         1.3   -1.3       T
  SINCE JUL 1      0.7                       9.1   -8.4     24.0
  SNOW DEPTH       0

DEGREE DAYS
 HEATING
  YESTERDAY        4                         9     -5       14
  MONTH TO DATE   76                       129    -53      161
  SINCE MAR 1    515                       649   -134      510
  SINCE JUL 1   2896                      3847   -951     3110

 COOLING
  YESTERDAY        0                         1     -1        0
  MONTH TO DATE   12                        11      1        0
  SINCE MAR 1     18                        16      2        1
  SINCE JAN 1     22                        16      6        1
..................................................................


WIND (MPH)
  HIGHEST WIND SPEED    10   HIGHEST WIND DIRECTION     E (70)
  HIGHEST GUST SPEED    15   HIGHEST GUST DIRECTION    NE (40)
  AVERAGE WIND SPEED     3.5


SKY COVER
  POSSIBLE SUNSHINE  MM
  AVERAGE SKY COVER 0.0


WEATHER CONDITIONS
 THE FOLLOWING WEATHER WAS RECORDED YESTERDAY.
  FOG
  FOG W/VISIBILITY <= 1/4 MILE


RELATIVE HUMIDITY (PERCENT)
 HIGHEST    93          1200 AM
 LOWEST     33           300 PM
 AVERAGE    63

..........................................................


THE BOWLING GREEN KY CLIMATE NORMALS FOR TODAY
                         NORMAL    RECORD    YEAR
 MAXIMUM TEMPERATURE (F)   69        91      1930
 MINIMUM TEMPERATURE (F)   45        24      1950


SUNRISE AND SUNSET
APRIL 13 2017.........SUNRISE   614 AM CDT   SUNSET   719 PM CDT
APRIL 14 2017.........SUNRISE   613 AM CDT   SUNSET   720 PM CDT


-  INDICATES NEGATIVE NUMBERS.
R  INDICATES RECORD WAS SET OR TIED.
MM INDICATES DATA IS MISSING.
T  INDICATES TRACE AMOUNT.




$$
