000
CDUS43 KLMK 032035
CLIBWG


CLIMATE REPORT
NATIONAL WEATHER SERVICE LOUISVILLE KY
435 PM EDT SAT SEP 3 2016


...................................

...THE BOWLING GREEN CLIMATE SUMMARY FOR SEPTEMBER 3 2016...
VALID TODAY AS OF 0400 PM LOCAL TIME.

CLIMATE NORMAL PERIOD 1981 TO 2010
CLIMATE RECORD PERIOD 1870 TO 2016


WEATHER ITEM   OBSERVED TIME   RECORD YEAR NORMAL DEPARTURE LAST
                VALUE   (LST)  VALUE       VALUE  FROM      YEAR
                                                  NORMAL
..................................................................
TEMPERATURE (F)
 TODAY
  MAXIMUM         85    225 PM 102    1925  86     -1       94
                                      1913
  MINIMUM         58    451 AM  46    1893  63     -5       66
  AVERAGE         72                        75     -3       80

PRECIPITATION (IN)
  TODAY            0.00          1.86 1988   0.12  -0.12     0.05
  MONTH TO DATE    0.00                      0.37  -0.37     0.05
  SINCE SEP 1      0.00                      0.37  -0.37     0.05
  SINCE JAN 1     37.92                     33.93   3.99    35.09

SNOWFALL (IN)
  TODAY            0.0           0.0    MM   0.0    0.0      0.0
  MONTH TO DATE    0.0                       0.0    0.0      0.0
  SINCE SEP 1      0.0                       0.0    0.0      0.0
  SINCE JUL 1      0.0                       0.0    0.0      0.0
  SNOW DEPTH       0

DEGREE DAYS
 HEATING
  TODAY            0                         0      0        0
  MONTH TO DATE    0                         0      0        0
  SINCE SEP 1      0                         0      0        0
  SINCE JUL 1      0                         1     -1        0

 COOLING
  TODAY            7                        10     -3       15
  MONTH TO DATE   26                        30     -4       44
  SINCE SEP 1     26                        30     -4       44
  SINCE JAN 1   1585                      1299    286     1425
..................................................................


WIND (MPH)
  HIGHEST WIND SPEED    12   HIGHEST WIND DIRECTION    NE (60)
  HIGHEST GUST SPEED    18   HIGHEST GUST DIRECTION    NE (40)
  AVERAGE WIND SPEED     4.5


SKY COVER
  POSSIBLE SUNSHINE  MM
  AVERAGE SKY COVER  MM


WEATHER CONDITIONS
 THE FOLLOWING WEATHER WAS RECORDED TODAY.
  NO SIGNIFICANT WEATHER WAS OBSERVED.


RELATIVE HUMIDITY (PERCENT)
 HIGHEST     0          1200 AM
 LOWEST      0          1200 AM
 AVERAGE     0

..........................................................


THE BOWLING GREEN CLIMATE NORMALS FOR TOMORROW
                         NORMAL    RECORD    YEAR
 MAXIMUM TEMPERATURE (F)   86       103      1954
                                             1925
 MINIMUM TEMPERATURE (F)   63        47      1893


SUNRISE AND SUNSET
SEPTEMBER  3 2016.....SUNRISE   619 AM CDT   SUNSET   711 PM CDT
SEPTEMBER  4 2016.....SUNRISE   619 AM CDT   SUNSET   709 PM CDT


-  INDICATES NEGATIVE NUMBERS.
R  INDICATES RECORD WAS SET OR TIED.
MM INDICATES DATA IS MISSING.
T  INDICATES TRACE AMOUNT.




$$
