000
CDUS43 KLMK 282031
CLIBWG


CLIMATE REPORT
NATIONAL WEATHER SERVICE LOUISVILLE KY
430 PM EDT FRI MAR 28 2014


...................................

...THE BOWLING GREEN CLIMATE SUMMARY FOR MARCH 28 2014...
VALID TODAY AS OF 0400 PM LOCAL TIME.

CLIMATE NORMAL PERIOD 1981 TO 2010
CLIMATE RECORD PERIOD 1870 TO 2014


WEATHER ITEM   OBSERVED TIME   RECORD YEAR NORMAL DEPARTURE LAST
                VALUE   (LST)  VALUE       VALUE  FROM      YEAR
                                                  NORMAL
..................................................................
TEMPERATURE (F)
 TODAY
  MAXIMUM         66    218 PM  89    1907  64      2       59
  MINIMUM         53    515 AM   4    1947  40     13       31
  AVERAGE         60                        52      8       45

PRECIPITATION (IN)
  TODAY            0.09          2.20 1975   0.15  -0.06     0.00
  MONTH TO DATE    3.26                      3.95  -0.69     4.61
  SINCE MAR 1      3.26                      3.95  -0.69     4.61
  SINCE JAN 1     10.43                     11.52  -1.09    12.30

SNOWFALL (IN)
  TODAY            0.0           0.7  1913   0.0    0.0      0.0
  MONTH TO DATE    5.1                       1.0    4.1      2.5
  SINCE MAR 1      5.1                       1.0    4.1      2.5
  SINCE JUL 1     10.4                       8.8    1.6      3.8
  SNOW DEPTH       0

DEGREE DAYS
 HEATING
  TODAY            5                        13     -8       20
  MONTH TO DATE  607                       482    125      635
  SINCE MAR 1    607                       482    125      635
  SINCE JUL 1   4216                      3680    536     3530

 COOLING
  TODAY            0                         0      0        0
  MONTH TO DATE    0                         0      0        0
  SINCE MAR 1      0                         0      0        0
  SINCE JAN 1      0                         0      0        0
..................................................................


WIND (MPH)
  HIGHEST WIND SPEED    20   HIGHEST WIND DIRECTION     S (190)
  HIGHEST GUST SPEED    31   HIGHEST GUST DIRECTION     S (180)
  AVERAGE WIND SPEED    11.6


SKY COVER
  POSSIBLE SUNSHINE  MM
  AVERAGE SKY COVER 0.9


WEATHER CONDITIONS
 THE FOLLOWING WEATHER WAS RECORDED TODAY.
  LIGHT RAIN
  FOG


RELATIVE HUMIDITY (PERCENT)
 HIGHEST    86           700 AM
 LOWEST     71           100 AM
 AVERAGE    79

..........................................................


THE BOWLING GREEN CLIMATE NORMALS FOR TOMORROW
                         NORMAL    RECORD    YEAR
 MAXIMUM TEMPERATURE (F)   64        89      1910
 MINIMUM TEMPERATURE (F)   40        15      1887


SUNRISE AND SUNSET
MARCH 28 2014.........SUNRISE   637 AM CDT   SUNSET   705 PM CDT
MARCH 29 2014.........SUNRISE   636 AM CDT   SUNSET   706 PM CDT


-  INDICATES NEGATIVE NUMBERS.
R  INDICATES RECORD WAS SET OR TIED.
MM INDICATES DATA IS MISSING.
T  INDICATES TRACE AMOUNT.




$$
