000
CDUS43 KLMK 030628
CLIBWG


CLIMATE REPORT
NATIONAL WEATHER SERVICE LOUISVILLE KY
228 AM EDT FRI NOV 3 2017


...................................

...THE BOWLING GREEN KY CLIMATE SUMMARY FOR NOVEMBER 2 2017...

CLIMATE NORMAL PERIOD 1981 TO 2010
CLIMATE RECORD PERIOD 1870 TO 2017


WEATHER ITEM   OBSERVED TIME   RECORD YEAR NORMAL DEPARTURE LAST
                VALUE   (LST)  VALUE       VALUE  FROM      YEAR
                                                  NORMAL
..................................................................
TEMPERATURE (F)
 YESTERDAY
  MAXIMUM         72    225 PM  85    2016  65      7       85
                                      1946
  MINIMUM         61   1200 AM  20    1954  42     19       53
  AVERAGE         67                        53     14       69

PRECIPITATION (IN)
  YESTERDAY        0.00          2.28 1945   0.13  -0.13     0.00
  MONTH TO DATE    0.17                      0.26  -0.09     0.00
  SINCE SEP 1     10.11                      7.57   2.54     2.13
  SINCE JAN 1     47.19                     41.13   6.06    40.05

SNOWFALL (IN)
  YESTERDAY        0.0           8.0  1966   0.0    0.0      0.0
  MONTH TO DATE    0.0                       0.0    0.0      0.0
  SINCE SEP 1      T                         T      0.0      0.0
  SINCE JUL 1      T                         T      0.0      0.0
  SNOW DEPTH       0

DEGREE DAYS
 HEATING
  YESTERDAY        0                        12    -12        0
  MONTH TO DATE   11                        24    -13        0
  SINCE SEP 1    231                       286    -55       86
  SINCE JUL 1    231                       287    -56       86

 COOLING
  YESTERDAY        2                         0      2        4
  MONTH TO DATE    2                         0      2       11
  SINCE SEP 1    238                       219     19      416
  SINCE JAN 1   1590                      1488    102     1975
..................................................................


WIND (MPH)
  HIGHEST WIND SPEED    20   HIGHEST WIND DIRECTION     S (190)
  HIGHEST GUST SPEED    25   HIGHEST GUST DIRECTION     S (200)
  AVERAGE WIND SPEED    12.7


SKY COVER
  POSSIBLE SUNSHINE  MM
  AVERAGE SKY COVER 0.9


WEATHER CONDITIONS
 THE FOLLOWING WEATHER WAS RECORDED YESTERDAY.
  NO SIGNIFICANT WEATHER WAS OBSERVED.


RELATIVE HUMIDITY (PERCENT)
 HIGHEST    84           600 PM
 LOWEST     67           400 AM
 AVERAGE    76

..........................................................


THE BOWLING GREEN KY CLIMATE NORMALS FOR TODAY
                         NORMAL    RECORD    YEAR
 MAXIMUM TEMPERATURE (F)   65        82      1974
                                             1946
 MINIMUM TEMPERATURE (F)   41        13      1951


SUNRISE AND SUNSET
NOVEMBER  3 2017......SUNRISE   712 AM CDT   SUNSET   546 PM CDT
NOVEMBER  4 2017......SUNRISE   713 AM CDT   SUNSET   545 PM CDT


-  INDICATES NEGATIVE NUMBERS.
R  INDICATES RECORD WAS SET OR TIED.
MM INDICATES DATA IS MISSING.
T  INDICATES TRACE AMOUNT.




$$
