000
CDUS43 KLMK 052127
CLIBWG


CLIMATE REPORT
NATIONAL WEATHER SERVICE LOUISVILLE KY
427 PM EST WED NOV 5 2014


...................................

...THE BOWLING GREEN CLIMATE SUMMARY FOR NOVEMBER 5 2014...
VALID TODAY AS OF 0400 PM LOCAL TIME.

CLIMATE NORMAL PERIOD 1981 TO 2010
CLIMATE RECORD PERIOD 1870 TO 2014


WEATHER ITEM   OBSERVED TIME   RECORD YEAR NORMAL DEPARTURE LAST
                VALUE   (LST)  VALUE       VALUE  FROM      YEAR
                                                  NORMAL
..................................................................
TEMPERATURE (F)
 TODAY
  MAXIMUM         57    112 PM  82    1909  64     -7       68
  MINIMUM         54    710 AM  15    1991  41     13       46
  AVERAGE         56                        52      4       57

PRECIPITATION (IN)
  TODAY            0.44          3.54 1948   0.13   0.31     0.00
  MONTH TO DATE    0.51                      0.65  -0.14     0.11
  SINCE SEP 1      6.26                      7.96  -1.70     9.24
  SINCE JAN 1     42.42                     41.52   0.90    51.94

SNOWFALL (IN)
  TODAY            0.0           T    1992   0.0    0.0      0.0
  MONTH TO DATE    0.0                       0.0    0.0      0.0
  SINCE SEP 1      0.0                       T      0.0      0.0
  SINCE JUL 1      0.0                       T      0.0      0.0
  SNOW DEPTH       0

DEGREE DAYS
 HEATING
  TODAY            9                        13     -4        8
  MONTH TO DATE   82                        62     20       66
  SINCE SEP 1    300                       324    -24      316
  SINCE JUL 1    300                       325    -25      316

 COOLING
  TODAY            0                         0      0        0
  MONTH TO DATE    0                         0      0        0
  SINCE SEP 1    211                       219     -8      239
  SINCE JAN 1   1488                      1488      0     1499
..................................................................


WIND (MPH)
  HIGHEST WIND SPEED     6   HIGHEST WIND DIRECTION    SE (150)
  HIGHEST GUST SPEED    MM   HIGHEST GUST DIRECTION    MM
  AVERAGE WIND SPEED     2.2


SKY COVER
  POSSIBLE SUNSHINE  MM
  AVERAGE SKY COVER 1.0


WEATHER CONDITIONS
 THE FOLLOWING WEATHER WAS RECORDED TODAY.
  LIGHT RAIN
  FOG


RELATIVE HUMIDITY (PERCENT)
 HIGHEST    93          1200 AM
 LOWEST     86           900 AM
 AVERAGE    90

..........................................................


THE BOWLING GREEN CLIMATE NORMALS FOR TOMORROW
                         NORMAL    RECORD    YEAR
 MAXIMUM TEMPERATURE (F)   64        81      1915
 MINIMUM TEMPERATURE (F)   40        20      1901


SUNRISE AND SUNSET
NOVEMBER  5 2014......SUNRISE   614 AM CST   SUNSET   444 PM CST
NOVEMBER  6 2014......SUNRISE   615 AM CST   SUNSET   443 PM CST


-  INDICATES NEGATIVE NUMBERS.
R  INDICATES RECORD WAS SET OR TIED.
MM INDICATES DATA IS MISSING.
T  INDICATES TRACE AMOUNT.




$$
