000
CDUS43 KLMK 030626
CLIBWG


CLIMATE REPORT
NATIONAL WEATHER SERVICE LOUISVILLE KY
226 AM EDT MON JUL 3 2017


...................................

...THE BOWLING GREEN KY CLIMATE SUMMARY FOR JULY 2 2017...

CLIMATE NORMAL PERIOD 1981 TO 2010
CLIMATE RECORD PERIOD 1870 TO 2017


WEATHER ITEM   OBSERVED TIME   RECORD YEAR NORMAL DEPARTURE LAST
                VALUE   (LST)  VALUE       VALUE  FROM      YEAR
                                                  NORMAL
..................................................................
TEMPERATURE (F)
 YESTERDAY
  MAXIMUM         87   1246 PM 104    1925  89     -2       85
  MINIMUM         67    205 AM  48    1988  67      0       66
  AVERAGE         77                        78     -1       76

PRECIPITATION (IN)
  YESTERDAY        0.04          1.78 1978   0.15  -0.11     0.00
  MONTH TO DATE    0.50                      0.29   0.21      T
  SINCE JUN 1      8.43                      4.49   3.94     2.47
  SINCE JAN 1     28.73                     26.42   2.31    21.64

SNOWFALL (IN)
  YESTERDAY        0.0           0.0    MM   0.0    0.0      0.0
  MONTH TO DATE    0.0                       0.0    0.0      0.0
  SINCE JUN 1      0.0                       0.0    0.0      0.0
  SINCE JUL 1      0.0                       0.0    0.0      0.0
  SNOW DEPTH       0

DEGREE DAYS
 HEATING
  YESTERDAY        0                         0      0        0
  MONTH TO DATE    0                         0      0        0
  SINCE JUN 1      0                         5     -5        0
  SINCE JUL 1      0                         0      0        0

 COOLING
  YESTERDAY       12                        13     -1       11
  MONTH TO DATE   25                        26     -1       23
  SINCE JUN 1    310                       331    -21      416
  SINCE JAN 1    559                       484     75      582
..................................................................


WIND (MPH)
  HIGHEST WIND SPEED    15   HIGHEST WIND DIRECTION     S (170)
  HIGHEST GUST SPEED    17   HIGHEST GUST DIRECTION     S (160)
  AVERAGE WIND SPEED     3.0


SKY COVER
  POSSIBLE SUNSHINE  MM
  AVERAGE SKY COVER 0.6


WEATHER CONDITIONS
 THE FOLLOWING WEATHER WAS RECORDED YESTERDAY.
  THUNDERSTORM
  LIGHT RAIN
  FOG
  FOG W/VISIBILITY <= 1/4 MILE


RELATIVE HUMIDITY (PERCENT)
 HIGHEST   100           100 AM
 LOWEST     57           100 PM
 AVERAGE    79

..........................................................


THE BOWLING GREEN KY CLIMATE NORMALS FOR TODAY
                         NORMAL    RECORD    YEAR
 MAXIMUM TEMPERATURE (F)   89       102      1897
 MINIMUM TEMPERATURE (F)   68        52      1924


SUNRISE AND SUNSET
JULY  3 2017..........SUNRISE   531 AM CDT   SUNSET   809 PM CDT
JULY  4 2017..........SUNRISE   531 AM CDT   SUNSET   809 PM CDT


-  INDICATES NEGATIVE NUMBERS.
R  INDICATES RECORD WAS SET OR TIED.
MM INDICATES DATA IS MISSING.
T  INDICATES TRACE AMOUNT.




$$
