556
CDUS43 KLMK 152027
CLIBWG


CLIMATE REPORT
NATIONAL WEATHER SERVICE LOUISVILLE KY
427 PM EDT FRI SEP 15 2017


...................................

...THE BOWLING GREEN CLIMATE SUMMARY FOR SEPTEMBER 15 2017...
VALID TODAY AS OF 0400 PM LOCAL TIME.

CLIMATE NORMAL PERIOD 1981 TO 2010
CLIMATE RECORD PERIOD 1870 TO 2017


WEATHER ITEM   OBSERVED TIME   RECORD YEAR NORMAL DEPARTURE LAST
                VALUE   (LST)  VALUE       VALUE  FROM      YEAR
                                                  NORMAL
..................................................................
TEMPERATURE (F)
 TODAY
  MAXIMUM         83    313 PM 102    1927  82      1       92
  MINIMUM         60    512 AM  39    1902  58      2       68
  AVERAGE         72                        70      2       80

PRECIPITATION (IN)
  TODAY            0.00          1.33 1981   0.14  -0.14     0.00
  MONTH TO DATE    5.76                      1.98   3.78     0.03
  SINCE SEP 1      5.76                      1.98   3.78     0.03
  SINCE JAN 1     42.84                     35.54   7.30    37.95

SNOWFALL (IN)
  TODAY            0.0           0.0    MM   0.0    0.0      0.0
  MONTH TO DATE    0.0                       0.0    0.0      0.0
  SINCE SEP 1      0.0                       0.0    0.0      0.0
  SINCE JUL 1      0.0                       0.0    0.0      0.0
  SNOW DEPTH       0

DEGREE DAYS
 HEATING
  TODAY            0                         1     -1        0
  MONTH TO DATE   18                         2     16        0
  SINCE SEP 1     18                         2     16        0
  SINCE JUL 1     18                         3     15        0

 COOLING
  TODAY            7                         6      1       15
  MONTH TO DATE   31                       123    -92      183
  SINCE SEP 1     31                       123    -92      183
  SINCE JAN 1   1383                      1392     -9     1742
..................................................................


WIND (MPH)
  HIGHEST WIND SPEED     6   HIGHEST WIND DIRECTION     E (100)
  HIGHEST GUST SPEED    10   HIGHEST GUST DIRECTION    SE (120)
  AVERAGE WIND SPEED     1.5


SKY COVER
  POSSIBLE SUNSHINE  MM
  AVERAGE SKY COVER 0.6


WEATHER CONDITIONS
 THE FOLLOWING WEATHER WAS RECORDED TODAY.
  FOG
  FOG W/VISIBILITY <= 1/4 MILE


RELATIVE HUMIDITY (PERCENT)
 HIGHEST   100          1200 AM
 LOWEST     55          1200 PM
 AVERAGE    78

..........................................................


THE BOWLING GREEN CLIMATE NORMALS FOR TOMORROW
                         NORMAL    RECORD    YEAR
 MAXIMUM TEMPERATURE (F)   82       101      1927
 MINIMUM TEMPERATURE (F)   58        38      1916
                                             1904


SUNRISE AND SUNSET
SEPTEMBER 15 2017.....SUNRISE   628 AM CDT   SUNSET   653 PM CDT
SEPTEMBER 16 2017.....SUNRISE   629 AM CDT   SUNSET   651 PM CDT


-  INDICATES NEGATIVE NUMBERS.
R  INDICATES RECORD WAS SET OR TIED.
MM INDICATES DATA IS MISSING.
T  INDICATES TRACE AMOUNT.




$$
