000
CDUS43 KLMK 142135
CLIBWG


CLIMATE REPORT
NATIONAL WEATHER SERVICE LOUISVILLE KY
434 PM EST SAT FEB 14 2015


...................................

...THE BOWLING GREEN CLIMATE SUMMARY FOR FEBRUARY 14 2015...
VALID TODAY AS OF 0400 PM LOCAL TIME.

CLIMATE NORMAL PERIOD 1981 TO 2010
CLIMATE RECORD PERIOD 1870 TO 2015


WEATHER ITEM   OBSERVED TIME   RECORD YEAR NORMAL DEPARTURE LAST
                VALUE   (LST)  VALUE       VALUE  FROM      YEAR
                                                  NORMAL
..................................................................
TEMPERATURE (F)
 TODAY
  MAXIMUM         41   1209 PM  76    1921  50     -9       48
  MINIMUM         28    204 AM  -6    1899  29     -1       25
  AVERAGE         35                        40     -5       37

PRECIPITATION (IN)
  TODAY            0.00          2.93 1989   0.14  -0.14     0.36
  MONTH TO DATE    1.00                      2.02  -1.02     4.54
  SINCE DEC 1      4.57                     10.43  -5.86    11.30
  SINCE JAN 1      2.88                      5.63  -2.75     6.29

SNOWFALL (IN)
  TODAY            0.0           6.4  1986   0.1   -0.1      0.0
  MONTH TO DATE    T                         2.0   -2.0      2.0
  SINCE DEC 1      3.4                       6.5   -3.1      4.2
  SINCE JUL 1      3.7                       6.5   -2.8      5.3
  SNOW DEPTH       0

DEGREE DAYS
 HEATING
  TODAY           30                        26      4       28
  MONTH TO DATE  391                       377     14      468
  SINCE DEC 1   2039                      2106    -67     2371
  SINCE JUL 1   2936                      2869     67     3251

 COOLING
  TODAY            0                         0      0        0
  MONTH TO DATE    0                         0      0        0
  SINCE DEC 1      0                         1     -1        2
  SINCE JAN 1      0                         0      0        0
..................................................................


WIND (MPH)
  HIGHEST WIND SPEED    20   HIGHEST WIND DIRECTION     W (290)
  HIGHEST GUST SPEED    32   HIGHEST GUST DIRECTION     W (280)
  AVERAGE WIND SPEED     9.7


SKY COVER
  POSSIBLE SUNSHINE   0 PERCENT
  AVERAGE SKY COVER 0.0


WEATHER CONDITIONS
 THE FOLLOWING WEATHER WAS RECORDED TODAY.
  NO SIGNIFICANT WEATHER WAS OBSERVED.


RELATIVE HUMIDITY (PERCENT)
 HIGHEST    MM
 LOWEST     MM
 AVERAGE    MM

..........................................................


THE BOWLING GREEN CLIMATE NORMALS FOR TOMORROW
                         NORMAL    RECORD    YEAR
 MAXIMUM TEMPERATURE (F)   50        77      1945
 MINIMUM TEMPERATURE (F)   30         2      1905


SUNRISE AND SUNSET
FEBRUARY 14 2015......SUNRISE   636 AM CST   SUNSET   525 PM CST
FEBRUARY 15 2015......SUNRISE   635 AM CST   SUNSET   526 PM CST


-  INDICATES NEGATIVE NUMBERS.
R  INDICATES RECORD WAS SET OR TIED.
MM INDICATES DATA IS MISSING.
T  INDICATES TRACE AMOUNT.




$$
