000
CDUS43 KLMK 020638
CLIBWG


CLIMATE REPORT
NATIONAL WEATHER SERVICE LOUISVILLE KY
138 AM EST THU MAR 2 2017


...................................

...THE BOWLING GREEN KY CLIMATE SUMMARY FOR MARCH 1 2017...

CLIMATE NORMAL PERIOD 1981 TO 2010
CLIMATE RECORD PERIOD 1870 TO 2017


WEATHER ITEM   OBSERVED TIME   RECORD YEAR NORMAL DEPARTURE LAST
                VALUE   (LST)  VALUE       VALUE  FROM      YEAR
                                                  NORMAL
..................................................................
TEMPERATURE (F)
 YESTERDAY
  MAXIMUM         73    124 PM  76    2006  54     19       64
                                      1976
  MINIMUM         43   1159 PM  11    1920  33     10       33
  AVERAGE         58                        44     14       49

PRECIPITATION (IN)
  YESTERDAY        0.56          5.08 1997   0.14   0.42     0.46
  MONTH TO DATE    0.56                      0.14   0.42     0.46
  SINCE MAR 1      0.56                      0.14   0.42     0.46
  SINCE JAN 1      7.14                      7.71  -0.57     7.04

SNOWFALL (IN)
  YESTERDAY        0.0           5.0  1980   0.0    0.0      0.0
  MONTH TO DATE    0.0                       0.0    0.0      0.0
  SINCE MAR 1      0.0                       0.0    0.0      0.0
  SINCE JUL 1      0.7                       7.8   -7.1     24.0
  SNOW DEPTH       0

DEGREE DAYS
 HEATING
  YESTERDAY        7                        21    -14       16
  MONTH TO DATE    7                        21    -14       16
  SINCE MAR 1      7                        21    -14       16
  SINCE JUL 1   2388                      3219   -831     2616

 COOLING
  YESTERDAY        0                         0      0        0
  MONTH TO DATE    0                         0      0        0
  SINCE MAR 1      0                         0      0        0
  SINCE JAN 1      4                         0      4        0
..................................................................


WIND (MPH)
  HIGHEST WIND SPEED    28   HIGHEST WIND DIRECTION     W (270)
  HIGHEST GUST SPEED    38   HIGHEST GUST DIRECTION     W (270)
  AVERAGE WIND SPEED    14.2


SKY COVER
  POSSIBLE SUNSHINE  MM
  AVERAGE SKY COVER 0.6


WEATHER CONDITIONS
 THE FOLLOWING WEATHER WAS RECORDED YESTERDAY.
  THUNDERSTORM
  HEAVY RAIN
  RAIN
  LIGHT RAIN
  FOG


RELATIVE HUMIDITY (PERCENT)
 HIGHEST    81          1200 AM
 LOWEST     44           700 PM
 AVERAGE    63

..........................................................


THE BOWLING GREEN KY CLIMATE NORMALS FOR TODAY
                         NORMAL    RECORD    YEAR
 MAXIMUM TEMPERATURE (F)   55        82      2012
 MINIMUM TEMPERATURE (F)   33         6      1980


SUNRISE AND SUNSET
MARCH  2 2017.........SUNRISE   615 AM CST   SUNSET   541 PM CST
MARCH  3 2017.........SUNRISE   613 AM CST   SUNSET   542 PM CST


-  INDICATES NEGATIVE NUMBERS.
R  INDICATES RECORD WAS SET OR TIED.
MM INDICATES DATA IS MISSING.
T  INDICATES TRACE AMOUNT.




$$
