000
CDUS43 KLMK 290637
CLIBWG


CLIMATE REPORT
NATIONAL WEATHER SERVICE LOUISVILLE KY
127 AM EST MON JAN 29 2018


...................................

...THE BOWLING GREEN KY CLIMATE SUMMARY FOR JANUARY 28 2018...

CLIMATE NORMAL PERIOD 1981 TO 2010
CLIMATE RECORD PERIOD 1870 TO 2018


WEATHER ITEM   OBSERVED TIME   RECORD YEAR NORMAL DEPARTURE LAST
                VALUE   (LST)  VALUE       VALUE  FROM      YEAR
                                                  NORMAL
..................................................................
TEMPERATURE (F)
 YESTERDAY
  MAXIMUM         57    309 PM  70    1916  46     11       50
                                      1914
  MINIMUM         33   1019 PM -18    1963  27      6       26
  AVERAGE         45                        36      9       38

PRECIPITATION (IN)
  YESTERDAY        0.02          1.80 1902   0.12  -0.10     0.00
  MONTH TO DATE    2.28                      3.22  -0.94     4.16
  SINCE DEC 1      5.77                      8.02  -2.25     9.80
  SINCE JAN 1      2.28                      3.22  -0.94     4.16

SNOWFALL (IN)
  YESTERDAY        0.0           2.0  1895   0.1   -0.1      0.0
  MONTH TO DATE    8.2                       2.9    5.3      0.7
  SINCE DEC 1      8.2                       4.1    4.1      0.7
  SINCE JUL 1      8.2                       4.1    4.1      0.7
  SNOW DEPTH       0

DEGREE DAYS
 HEATING
  YESTERDAY       20                        29     -9       27
  MONTH TO DATE  904                       825     79      570
  SINCE DEC 1   1741                      1646     95     1365
  SINCE JUL 1   2442                      2409     33     1851

 COOLING
  YESTERDAY        0                         0      0        0
  MONTH TO DATE    0                         0      0        0
  SINCE DEC 1      0                         1     -1        0
  SINCE JAN 1      0                         0      0        0
..................................................................


WIND (MPH)
  HIGHEST WIND SPEED    14   HIGHEST WIND DIRECTION    NE (60)
  HIGHEST GUST SPEED    19   HIGHEST GUST DIRECTION    NE (30)
  AVERAGE WIND SPEED     4.8


SKY COVER
  POSSIBLE SUNSHINE  MM
  AVERAGE SKY COVER 0.4


WEATHER CONDITIONS
 THE FOLLOWING WEATHER WAS RECORDED YESTERDAY.
  LIGHT RAIN
  FOG


RELATIVE HUMIDITY (PERCENT)
 HIGHEST   100          1200 AM
 LOWEST     30           300 PM
 AVERAGE    65

..........................................................


THE BOWLING GREEN KY CLIMATE NORMALS FOR TODAY
                         NORMAL    RECORD    YEAR
 MAXIMUM TEMPERATURE (F)   46        74      1975
 MINIMUM TEMPERATURE (F)   27        -4      1977
                                             1966


SUNRISE AND SUNSET
JANUARY 29 2018.......SUNRISE   650 AM CST   SUNSET   508 PM CST
JANUARY 30 2018.......SUNRISE   650 AM CST   SUNSET   509 PM CST


-  INDICATES NEGATIVE NUMBERS.
R  INDICATES RECORD WAS SET OR TIED.
MM INDICATES DATA IS MISSING.
T  INDICATES TRACE AMOUNT.




$$
