000
CDUS43 KLMK 280626
CLIBWG


CLIMATE REPORT
NATIONAL WEATHER SERVICE LOUISVILLE KY
226 AM EDT WED SEP 28 2016


...................................

...THE BOWLING GREEN KY CLIMATE SUMMARY FOR SEPTEMBER 27 2016...

CLIMATE NORMAL PERIOD 1981 TO 2010
CLIMATE RECORD PERIOD 1870 TO 2016


WEATHER ITEM   OBSERVED TIME   RECORD YEAR NORMAL DEPARTURE LAST
                VALUE   (LST)  VALUE       VALUE  FROM      YEAR
                                                  NORMAL
..................................................................
TEMPERATURE (F)
 YESTERDAY
  MAXIMUM         77    251 PM  95    1911  78     -1       81
  MINIMUM         48    603 AM  35    1899  53     -5       66
  AVERAGE         63                        66     -3       74

PRECIPITATION (IN)
  YESTERDAY        0.00          2.20 1996   0.13  -0.13     0.00
  MONTH TO DATE    1.33                      3.53  -2.20     0.86
  SINCE SEP 1      1.33                      3.53  -2.20     0.86
  SINCE JAN 1     39.25                     37.09   2.16    35.90

SNOWFALL (IN)
  YESTERDAY        0.0           0.0    MM   0.0    0.0      0.0
  MONTH TO DATE    0.0                       0.0    0.0      0.0
  SINCE SEP 1      0.0                       0.0    0.0      0.0
  SINCE JUL 1      0.0                       0.0    0.0      0.0
  SNOW DEPTH       0

DEGREE DAYS
 HEATING
  YESTERDAY        2                         3     -1        0
  MONTH TO DATE    4                        23    -19        8
  SINCE SEP 1      4                        23    -19        8
  SINCE JUL 1      4                        24    -20        8

 COOLING
  YESTERDAY        0                         3     -3        9
  MONTH TO DATE  303                       177    126      225
  SINCE SEP 1    303                       177    126      225
  SINCE JAN 1   1862                      1446    416     1606
..................................................................


WIND (MPH)
  HIGHEST WIND SPEED    10   HIGHEST WIND DIRECTION     W (280)
  HIGHEST GUST SPEED    13   HIGHEST GUST DIRECTION     W (280)
  AVERAGE WIND SPEED     2.0


SKY COVER
  POSSIBLE SUNSHINE  MM
  AVERAGE SKY COVER 0.3


WEATHER CONDITIONS
 THE FOLLOWING WEATHER WAS RECORDED YESTERDAY.
  FOG
  FOG W/VISIBILITY <= 1/4 MILE


RELATIVE HUMIDITY (PERCENT)
 HIGHEST   100           700 AM
 LOWEST     27           300 PM
 AVERAGE    64

..........................................................


THE BOWLING GREEN KY CLIMATE NORMALS FOR TODAY
                         NORMAL    RECORD    YEAR
 MAXIMUM TEMPERATURE (F)   78        95      1939
                                             1911
 MINIMUM TEMPERATURE (F)   53        32      1889


SUNRISE AND SUNSET
SEPTEMBER 28 2016.....SUNRISE   639 AM CDT   SUNSET   633 PM CDT
SEPTEMBER 29 2016.....SUNRISE   640 AM CDT   SUNSET   631 PM CDT


-  INDICATES NEGATIVE NUMBERS.
R  INDICATES RECORD WAS SET OR TIED.
MM INDICATES DATA IS MISSING.
T  INDICATES TRACE AMOUNT.




$$
