217
CDUS43 KLMK 202131
CLIBWG


CLIMATE REPORT
NATIONAL WEATHER SERVICE LOUISVILLE KY
431 PM EST SAT JAN 20 2018


...................................

...THE BOWLING GREEN CLIMATE SUMMARY FOR JANUARY 20 2018...
VALID TODAY AS OF 0400 PM LOCAL TIME.

CLIMATE NORMAL PERIOD 1981 TO 2010
CLIMATE RECORD PERIOD 1870 TO 2018


WEATHER ITEM   OBSERVED TIME   RECORD YEAR NORMAL DEPARTURE LAST
                VALUE   (LST)  VALUE       VALUE  FROM      YEAR
                                                  NORMAL
..................................................................
TEMPERATURE (F)
 TODAY
  MAXIMUM         57    324 PM  72    1906  45     12       66
  MINIMUM         39    549 AM -14    1985  26     13       56
  AVERAGE         48                        36     12       61

PRECIPITATION (IN)
  TODAY            0.00          2.35 1927   0.12  -0.12     0.01
  MONTH TO DATE    1.18                      2.29  -1.11     4.15
  SINCE DEC 1      4.67                      7.09  -2.42     9.79
  SINCE JAN 1      1.18                      2.29  -1.11     4.15

SNOWFALL (IN)
  TODAY            0.0           3.0  1977   0.1   -0.1      0.0
                                      1918
  MONTH TO DATE    8.2                       1.9    6.3      0.7
  SINCE DEC 1      8.2                       3.1    5.1      0.7
  SINCE JUL 1      8.2                       3.1    5.1      0.7
  SNOW DEPTH       0

DEGREE DAYS
 HEATING
  TODAY           17                        29    -12        4
  MONTH TO DATE  761                       593    168      427
  SINCE DEC 1   1598                      1414    184     1222
  SINCE JUL 1   2299                      2177    122     1708

 COOLING
  TODAY            0                         0      0        0
  MONTH TO DATE    0                         0      0        0
  SINCE DEC 1      0                         1     -1        0
  SINCE JAN 1      0                         0      0        0
..................................................................


WIND (MPH)
  HIGHEST WIND SPEED    16   HIGHEST WIND DIRECTION    SW (230)
  HIGHEST GUST SPEED    22   HIGHEST GUST DIRECTION    SW (220)
  AVERAGE WIND SPEED     7.9


SKY COVER
  POSSIBLE SUNSHINE  MM
  AVERAGE SKY COVER 1.0


WEATHER CONDITIONS
 THE FOLLOWING WEATHER WAS RECORDED TODAY.
  NO SIGNIFICANT WEATHER WAS OBSERVED.


RELATIVE HUMIDITY (PERCENT)
 HIGHEST    64           500 AM
 LOWEST     45          1000 AM
 AVERAGE    55

..........................................................


THE BOWLING GREEN CLIMATE NORMALS FOR TOMORROW
                         NORMAL    RECORD    YEAR
 MAXIMUM TEMPERATURE (F)   45        71      1999
                                             1916
 MINIMUM TEMPERATURE (F)   26       -12      1985


SUNRISE AND SUNSET
JANUARY 20 2018.......SUNRISE   656 AM CST   SUNSET   458 PM CST
JANUARY 21 2018.......SUNRISE   655 AM CST   SUNSET   459 PM CST


-  INDICATES NEGATIVE NUMBERS.
R  INDICATES RECORD WAS SET OR TIED.
MM INDICATES DATA IS MISSING.
T  INDICATES TRACE AMOUNT.




$$
