000
CDUS43 KLMK 292139
CLIBWG


CLIMATE REPORT
NATIONAL WEATHER SERVICE LOUISVILLE KY
438 PM EST THU JAN 29 2015


...................................

...THE BOWLING GREEN CLIMATE SUMMARY FOR JANUARY 29 2015...
VALID TODAY AS OF 0400 PM LOCAL TIME.

CLIMATE NORMAL PERIOD 1981 TO 2010
CLIMATE RECORD PERIOD 1870 TO 2015


WEATHER ITEM   OBSERVED TIME   RECORD YEAR NORMAL DEPARTURE LAST
                VALUE   (LST)  VALUE       VALUE  FROM      YEAR
                                                  NORMAL
..................................................................
TEMPERATURE (F)
 TODAY
  MAXIMUM         61   1216 PM  74    1975  46     15       26
  MINIMUM         36   1204 AM  -4    1977  27      9        2
                                      1966
  AVERAGE         49                        36     13       14

PRECIPITATION (IN)
  TODAY            0.01          4.75 1956   0.12  -0.11     0.00
  MONTH TO DATE    1.85                      3.34  -1.49     1.75
  SINCE DEC 1      3.54                      8.14  -4.60     6.76
  SINCE JAN 1      1.85                      3.34  -1.49     1.75

SNOWFALL (IN)
  TODAY            0.0           4.0  1895   0.1   -0.1      0.0
  MONTH TO DATE    3.4                       3.0    0.4      2.1
  SINCE DEC 1      3.4                       4.2   -0.8      2.2
  SINCE JUL 1      3.7                       4.2   -0.5      3.3
  SNOW DEPTH       0

DEGREE DAYS
 HEATING
  TODAY           16                        29    -13       51
  MONTH TO DATE  870                       854     16     1025
  SINCE DEC 1   1586                      1675    -89     1832
  SINCE JUL 1   2483                      2438     45     2712

 COOLING
  TODAY            0                         0      0        0
  MONTH TO DATE    0                         0      0        0
  SINCE DEC 1      0                         1     -1        2
  SINCE JAN 1      0                         0      0        0
..................................................................


WIND (MPH)
  HIGHEST WIND SPEED    22   HIGHEST WIND DIRECTION     W (260)
  HIGHEST GUST SPEED    31   HIGHEST GUST DIRECTION    SW (220)
  AVERAGE WIND SPEED    15.3


SKY COVER
  POSSIBLE SUNSHINE   0 PERCENT
  AVERAGE SKY COVER 0.0


WEATHER CONDITIONS
 THE FOLLOWING WEATHER WAS RECORDED TODAY.
  NO SIGNIFICANT WEATHER WAS OBSERVED.


RELATIVE HUMIDITY (PERCENT)
 HIGHEST    MM
 LOWEST     MM
 AVERAGE    MM

..........................................................


THE BOWLING GREEN CLIMATE NORMALS FOR TOMORROW
                         NORMAL    RECORD    YEAR
 MAXIMUM TEMPERATURE (F)   46        72      2013
 MINIMUM TEMPERATURE (F)   27       -11      1966


SUNRISE AND SUNSET
JANUARY 29 2015.......SUNRISE   651 AM CST   SUNSET   507 PM CST
JANUARY 30 2015.......SUNRISE   650 AM CST   SUNSET   508 PM CST


-  INDICATES NEGATIVE NUMBERS.
R  INDICATES RECORD WAS SET OR TIED.
MM INDICATES DATA IS MISSING.
T  INDICATES TRACE AMOUNT.




$$
