000
CDUS43 KLMK 212033
CLIBWG


CLIMATE REPORT
NATIONAL WEATHER SERVICE LOUISVILLE KY
432 PM EDT THU MAY 21 2015


...................................

...THE BOWLING GREEN CLIMATE SUMMARY FOR MAY 21 2015...
VALID TODAY AS OF 0400 PM LOCAL TIME.

CLIMATE NORMAL PERIOD 1981 TO 2010
CLIMATE RECORD PERIOD 1870 TO 2015


WEATHER ITEM   OBSERVED TIME   RECORD YEAR NORMAL DEPARTURE LAST
                VALUE   (LST)  VALUE       VALUE  FROM      YEAR
                                                  NORMAL
..................................................................
TEMPERATURE (F)
 TODAY
  MAXIMUM         58    200 PM  96    1941  79    -21       84
  MINIMUM         51    719 AM  38    1954  57     -6       61
  AVERAGE         55                        68    -13       73

PRECIPITATION (IN)
  TODAY            0.00          1.99 1987   0.18  -0.18     0.00
  MONTH TO DATE    2.20                      3.88  -1.68     2.90
  SINCE MAR 1     17.55                     12.63   4.92    13.20
  SINCE JAN 1     23.43                     20.20   3.23    20.37

SNOWFALL (IN)
  TODAY            0.0           0.0    MM   0.0    0.0      0.0
  MONTH TO DATE    0.0                       0.0    0.0      0.0
  SINCE MAR 1      7.2                       1.3    5.9      5.1
  SINCE JUL 1     23.5                       9.1   14.4     10.4
  SNOW DEPTH       0

DEGREE DAYS
 HEATING
  TODAY           10                         2      8        0
  MONTH TO DATE   30                        63    -33       76
  SINCE MAR 1    742                       834    -92      924
  SINCE JUL 1   4277                      4032    245     4533

 COOLING
  TODAY            0                         5     -5        8
  MONTH TO DATE   99                        62     37       89
  SINCE MAR 1    134                        98     36      103
  SINCE JAN 1    134                        98     36      103
..................................................................


WIND (MPH)
  HIGHEST WIND SPEED    10   HIGHEST WIND DIRECTION    NW (320)
  HIGHEST GUST SPEED    18   HIGHEST GUST DIRECTION     W (290)
  AVERAGE WIND SPEED     7.7


SKY COVER
  POSSIBLE SUNSHINE  MM
  AVERAGE SKY COVER 1.0


WEATHER CONDITIONS
 THE FOLLOWING WEATHER WAS RECORDED TODAY.
  FOG
  HAZE


RELATIVE HUMIDITY (PERCENT)
 HIGHEST    93           200 AM
 LOWEST     67           200 PM
 AVERAGE    80

..........................................................


THE BOWLING GREEN CLIMATE NORMALS FOR TOMORROW
                         NORMAL    RECORD    YEAR
 MAXIMUM TEMPERATURE (F)   79        96      1925
 MINIMUM TEMPERATURE (F)   57        35      2002


SUNRISE AND SUNSET
MAY 21 2015...........SUNRISE   534 AM CDT   SUNSET   752 PM CDT
MAY 22 2015...........SUNRISE   533 AM CDT   SUNSET   752 PM CDT


-  INDICATES NEGATIVE NUMBERS.
R  INDICATES RECORD WAS SET OR TIED.
MM INDICATES DATA IS MISSING.
T  INDICATES TRACE AMOUNT.




$$
