000
CDUS43 KLMK 282031
CLIBWG


CLIMATE REPORT
NATIONAL WEATHER SERVICE LOUISVILLE KY
431 PM EDT THU APR 28 2016


...................................

...THE BOWLING GREEN CLIMATE SUMMARY FOR APRIL 28 2016...
VALID TODAY AS OF 0400 PM LOCAL TIME.

CLIMATE NORMAL PERIOD 1981 TO 2010
CLIMATE RECORD PERIOD 1870 TO 2016


WEATHER ITEM   OBSERVED TIME   RECORD YEAR NORMAL DEPARTURE LAST
                VALUE   (LST)  VALUE       VALUE  FROM      YEAR
                                                  NORMAL
..................................................................
TEMPERATURE (F)
 TODAY
  MAXIMUM         81    212 PM  91    1906  73      8       66
  MINIMUM         63    414 AM  33    1934  50     13       42
  AVERAGE         72                        61     11       54

PRECIPITATION (IN)
  TODAY            0.02          2.50 2014   0.15  -0.13     0.00
  MONTH TO DATE    1.24                      4.02  -2.78     9.08
  SINCE MAR 1      5.06                      8.43  -3.37    15.35
  SINCE JAN 1     11.64                     16.00  -4.36    21.23

SNOWFALL (IN)
  TODAY            0.0           0.0    MM   0.0    0.0      0.0
  MONTH TO DATE    0.0                       0.2   -0.2      0.0
  SINCE MAR 1      T                         1.3   -1.3      7.2
  SINCE JUL 1     24.0                       9.1   14.9     23.5
  SNOW DEPTH       0

DEGREE DAYS
 HEATING
  TODAY            0                         5     -5       11
  MONTH TO DATE  187                       241    -54      156
  SINCE MAR 1    536                       761   -225      696
  SINCE JUL 1   3136                      3959   -823     4231

 COOLING
  TODAY            7                         1      6        0
  MONTH TO DATE   44                        27     17       35
  SINCE MAR 1     45                        32     13       35
  SINCE JAN 1     45                        32     13       35
..................................................................


WIND (MPH)
  HIGHEST WIND SPEED    20   HIGHEST WIND DIRECTION    SW (240)
  HIGHEST GUST SPEED    25   HIGHEST GUST DIRECTION    SW (240)
  AVERAGE WIND SPEED     7.4


SKY COVER
  POSSIBLE SUNSHINE  MM
  AVERAGE SKY COVER 0.8


WEATHER CONDITIONS
 THE FOLLOWING WEATHER WAS RECORDED TODAY.
  THUNDERSTORM
  LIGHT RAIN
  FOG


RELATIVE HUMIDITY (PERCENT)
 HIGHEST   100           600 AM
 LOWEST     51           100 PM
 AVERAGE    76

..........................................................


THE BOWLING GREEN CLIMATE NORMALS FOR TOMORROW
                         NORMAL    RECORD    YEAR
 MAXIMUM TEMPERATURE (F)   73        91      1894
 MINIMUM TEMPERATURE (F)   50        31      1907


SUNRISE AND SUNSET
APRIL 28 2016.........SUNRISE   554 AM CDT   SUNSET   732 PM CDT
APRIL 29 2016.........SUNRISE   553 AM CDT   SUNSET   733 PM CDT


-  INDICATES NEGATIVE NUMBERS.
R  INDICATES RECORD WAS SET OR TIED.
MM INDICATES DATA IS MISSING.
T  INDICATES TRACE AMOUNT.




$$
